000
CXUS51 KPHI 011246
CLMMPO
CLIMATE REPORT
NATIONAL WEATHER SERVICE MOUNT HOLLY NJ
846 AM EDT FRI SEP 01 2023
...................................
...THE MOUNT POCONO PA CLIMATE SUMMARY FOR THE MONTH OF AUGUST 2023...
CLIMATE NORMAL PERIOD: 1991 TO 2020
CLIMATE RECORD PERIOD: 1901 TO 2023
WEATHER OBSERVED NORMAL DEPART LAST YEAR`S
VALUE DATE(S) VALUE FROM VALUE
NORMAL
..............................................................
TEMPERATURE (F)
RECORD
HIGH 95 08/14/1911
08/08/1909
LOW 31 08/30/1986
HIGHEST 80 MM MM 88
LOWEST 44 MM MM 46
AVG. MAXIMUM 73.8 75.7 -1.9 79.6
AVG. MINIMUM 56.7 56.3 0.4 58.8
MEAN 65.3 66.0 -0.7 69.2
DAYS MAX >= 90 0 0.3 -0.3 0
DAYS MAX <= 32 0 0.0 0.0 0
DAYS MIN <= 32 0 0.0 0.0 0
DAYS MIN <= 0 0 0.0 0.0 0
PRECIPITATION (INCHES)
RECORD
MAXIMUM 23.66 1955
MINIMUM 0.64 1914
TOTALS 5.97 4.64 1.33 4.18
DAILY AVG. 0.19 0.15 0.04 0.13
DAYS >= .01 13 15.1 -2.1 9
DAYS >= .10 10 7.7 2.3 6
DAYS >= .50 4 2.9 1.1 2
DAYS >= 1.00 1 1.3 -0.3 1
GREATEST
24 HR. TOTAL 1.53 08/06 TO 08/07 2.29
DEGREE DAYS
HEATING TOTAL 29 49 -20 11
SINCE 7/1 35 78 -43 MM
COOLING TOTAL 46 80 -34 149
SINCE 1/1 221 265 -44 MM
..............................................................
WIND (MPH)
AVERAGE WIND SPEED 7.7
HIGHEST WIND SPEED/DIRECTION 31/280 DATE 08/18
HIGHEST GUST SPEED/DIRECTION 43/300 DATE 08/18
SKY COVER
POSSIBLE SUNSHINE (PERCENT) MM
AVERAGE SKY COVER 0.52
NUMBER OF DAYS FAIR 10
NUMBER OF DAYS PC 12
NUMBER OF DAYS CLOUDY 9
AVERAGE RH (PERCENT) 78
WEATHER CONDITIONS. NUMBER OF DAYS WITH
THUNDERSTORM 6 MIXED PRECIP 0
HEAVY RAIN 9 RAIN 8
LIGHT RAIN 15 FREEZING RAIN 0
LT FREEZING RAIN 0 HEAVY SNOW 0
SNOW 0 LIGHT SNOW 0
SLEET 0 FOG 20
FOG W/VIS <= 1/4 MILE 6 HAZE 0
- INDICATES NEGATIVE NUMBERS.
R INDICATES RECORD WAS SET OR TIED.
MM INDICATES DATA IS MISSING.
T INDICATES TRACE AMOUNT.
$$