000
CXUS53 KMQT 010900
CF6MQT
PRELIMINARY LOCAL CLIMATOLOGICAL DATA (WS FORM: F-6)
STATION: MARQUETTE MI
MONTH: AUGUST
YEAR: 2022
LATITUDE: 46 31 N
LONGITUDE: 87 33 W
TEMPERATURE IN F: :PCPN: SNOW: WIND :SUNSHINE: SKY :PK WND
================================================================================
1 2 3 4 5 6A 6B 7 8 9 10 11 12 13 14 15 16 17 18
12Z AVG MX 2MIN
DY MAX MIN AVG DEP HDD CDD WTR SNW DPTH SPD SPD DIR MIN PSBL S-S WX SPD DR
================================================================================
1 70 56 63 -2 2 0 0.22 0.0 0 M M M M M M 3 23 315
2 79 48 64 -1 1 0 0.51 0.0 0 M M M M M M 3 25 270
3 87 63 75 10 0 10 0.10 0.0 0 M M M M M M 3 46 270
4 72 54 63 -2 2 0 0.00 0.0 0 M M M M M M 18 45
5 84 52 68 3 0 3 0.00 0.0 0 M M M M M M 24 225
6 87 63 75 10 0 10 0.65 0.0 0 M M M M M M 24 225
7 65 55 60 -5 5 0 0.03 0.0 0 M M M M M M 17 360
8 66 50 58 -7 7 0 0.24 0.0 0 M M M M M M 19 45
9 82 48 65 0 0 0 0.00 0.0 0 M M M M M M 19 225
10 77 59 68 4 0 3 0.00 0.0 0 M M M M M M 21 360
11 68 45 57 -7 8 0 0.00 0.0 0 M M M M M M 18 360
12 77 41 59 -5 6 0 0.04 0.0 0 M M M M M M 16 225
13 62 54 58 -6 7 0 0.26 0.0 0 M M M M M M 13 225
14 69 57 63 -1 2 0 0.02 0.0 0 M M M M M M 11 90
15 71 54 63 -1 2 0 0.00 0.0 0 M M M M M M 13 90
16 77 49 63 -1 2 0 0.00 0.0 0 M M M M M M 15 90
17 79 52 66 2 0 1 0.00 0.0 0 M M M M M M 13 45
18 85 59 72 8 0 7 0.26 0.0 0 M M M M M M 3 18 225
19 82 61 72 8 0 7 0.00 0.0 0 M M M M M M 18 225
20 71 61 66 3 0 1 0.00 0.0 0 M M M M M M 12 14 45
21 73 53 63 0 2 0 0.00 0.0 0 M M M M M M 12 18 360
22 79 50 65 2 0 0 0.00 0.0 0 M M M M M M 14 90
23 77 58 68 5 0 3 T 0.0 0 M M M M M M 3 16 270
24 66 59 63 0 2 0 0.93 0.0 0 M M M M M M 123 13 135
25 63 55 59 -4 6 0 0.57 0.0 0 M M M M M M 1 15 360
26 78 50 64 2 1 0 0.00 0.0 0 M M M M M M 16 270
27 74 56 65 3 0 0 T 0.0 0 M M M M M M 25 180
28 74 63 69 7 0 4 0.09 0.0 0 M M M M M M 24 180
29 82 63 73 11 0 8 T 0.0 0 M M M M M M 1 27 225
30 72 61 67 5 0 2 0.00 0.0 0 M M M M M M 37 270
31 73 55 64 3 1 0 0.00 0.0 0 M M M M M 0 26 315
================================================================================
SM 2321 1704 56 59 3.92 0.0 M M 0
================================================================================
AV 74.9 55.0 M FASTST M M 0 MAX(MPH)
MISC ----> M M 46 270
================================================================================
NOTES:
# LAST OF SEVERAL OCCURRENCES
COLUMN 17 PEAK WIND IN M.P.H.
PRELIMINARY LOCAL CLIMATOLOGICAL DATA (WS FORM: F-6) , PAGE 2
STATION: MARQUETTE MI
MONTH: AUGUST
YEAR: 2022
LATITUDE: 46 31 N
LONGITUDE: 87 33 W
[TEMPERATURE DATA] [PRECIPITATION DATA] SYMBOLS USED IN COLUMN 16
AVERAGE MONTHLY: 64.9 TOTAL FOR MONTH: 3.92 1 = FOG OR MIST
DPTR FM NORMAL: 1.3 DPTR FM NORMAL: 1.07 2 = FOG REDUCING VISIBILITY
HIGHEST: 87 ON 6, 3 GRTST 24HR 0.93 ON 24-24 TO 1/4 MILE OR LESS
LOWEST: 41 ON 12 3 = THUNDER
SNOW, ICE PELLETS, HAIL 4 = ICE PELLETS
TOTAL MONTH: 0.0 INCH 5 = HAIL
GRTST 24HR 0.0 6 = FREEZING RAIN OR DRIZZLE
GRTST DEPTH: 0 7 = DUSTSTORM OR SANDSTORM:
VSBY 1/2 MILE OR LESS
8 = SMOKE OR HAZE
[NO. OF DAYS WITH] [WEATHER - DAYS WITH] 9 = BLOWING SNOW
X = TORNADO
MAX 32 OR BELOW: 0 0.01 INCH OR MORE: 13
MAX 90 OR ABOVE: 0 0.10 INCH OR MORE: 9
MIN 32 OR BELOW: 0 0.50 INCH OR MORE: 4
MIN 0 OR BELOW: 0 1.00 INCH OR MORE: 0
[HDD (BASE 65) ]
TOTAL THIS MO. 56 CLEAR (SCALE 0-3) 1
DPTR FM NORMAL -49 PTCLDY (SCALE 4-7) 0
TOTAL FM JUL 1 102 CLOUDY (SCALE 8-10) 30
DPTR FM NORMAL -84
[CDD (BASE 65) ]
TOTAL THIS MO. 59
DPTR FM NORMAL -4 [PRESSURE DATA]
TOTAL FM JAN 1 275 HIGHEST SLP M ON M
DPTR FM NORMAL 63 LOWEST SLP M ON M
[REMARKS]
#FINAL-08-22#