000
CXUS53 KMQT 010900
CF6MQT
PRELIMINARY LOCAL CLIMATOLOGICAL DATA (WS FORM: F-6)
STATION: MARQUETTE MI
MONTH: APRIL
YEAR: 2020
LATITUDE: 46 31 N
LONGITUDE: 87 33 W
TEMPERATURE IN F: :PCPN: SNOW: WIND :SUNSHINE: SKY :PK WND
================================================================================
1 2 3 4 5 6A 6B 7 8 9 10 11 12 13 14 15 16 17 18
12Z AVG MX 2MIN
DY MAX MIN AVG DEP HDD CDD WTR SNW DPTH SPD SPD DIR MIN PSBL S-S WX SPD DR
================================================================================
1 44 26 35 4 30 0 T T 25 M M M M M M 11 45
2 53 20 37 6 28 0 0.00 0.0 23 M M M M M M 12 45
3 56 27 42 10 23 0 T 0.0 22 M M M M M M 20 180
4 38 19 29 -3 36 0 0.21 0.4 19 M M M M M M 21 315
5 50 15 33 0 32 0 0.00 0.0 19 M M M M M M 13 45
6 47 30 39 6 26 0 T 0.0 18 M M M M M M 12 270
7 46 34 40 6 25 0 0.06 0.0 17 M M M M M M 18 180
8 51 30 41 7 24 0 0.00 0.0 15 M M M M M M 12 29 270
9 33 27 30 -5 35 0 0.12 1.3 12 M M M M M M 28 360
10 33 22 28 -7 37 0 T T 13 M M M M M M 23 360
11 52 20 36 0 29 0 0.00 0.0 13 M M M M M M 23 225
12 38 27 33 -3 32 0 1.10 9.5 10 M M M M M M 9 27 45
13 29 17 23 -14 42 0 0.94 9.3 25 M M M M M M 9 36 360
14 26 7 17 -20 48 0 T T 26 M M M M M M 29 270
15 29 8 19 -19 46 0 T T 25 M M M M M M 21 315
16 34 12 23 -15 42 0 T T 25 M M M M M M 29 270
17 40 9 25 -14 40 0 0.00 0.0 24 M M M M M M 17 270
18 52 20 36 -3 29 0 T 0.0 22 M M M M M M 33 225
19 34 19 27 -13 38 0 0.08 0.8 17 M M M M M M 19 360
20 45 24 35 -5 30 0 0.02 0.2 17 M M M M M M 5 33 270
21 29 14 22 -19 43 0 T 0.1 15 M M M M M M 34 315
22 35 11 23 -18 42 0 0.00 0.0 15 M M M M M M 15 180
23 43 18 31 -11 34 0 0.00 0.0 14 M M M M M M 15 90
24 50 21 36 -6 29 0 0.00 0.0 12 M M M M M M 12 90
25 53 25 39 -4 26 0 0.00 0.0 10 M M M M M M 16 45
26 47 27 37 -6 28 0 0.00 0.0 7 M M M M M M 16 45
27 50 27 39 -5 26 0 0.27 0.0 5 M M M M M M 1 25 180
28 44 36 40 -4 25 0 0.15 0.0 3 M M M M M M 1 16 90
29 39 35 37 -7 28 0 0.97 0.0 2 M M M M M M 1 27 360
30 53 34 44 -1 21 0 0.00 0.0 1 M M M M M M 25 315
================================================================================
SM 1273 661 974 0 3.92 21.6 M M M
================================================================================
AV 42.4 22.0 M FASTST M M 0 MAX(MPH)
MISC ----> M M # 36 360
================================================================================
NOTES:
# LAST OF SEVERAL OCCURRENCES
COLUMN 17 PEAK WIND IN M.P.H.
PRELIMINARY LOCAL CLIMATOLOGICAL DATA (WS FORM: F-6) , PAGE 2
STATION: MARQUETTE MI
MONTH: APRIL
YEAR: 2020
LATITUDE: 46 31 N
LONGITUDE: 87 33 W
[TEMPERATURE DATA] [PRECIPITATION DATA] SYMBOLS USED IN COLUMN 16
AVERAGE MONTHLY: 32.2 TOTAL FOR MONTH: 3.92 1 = FOG OR MIST
DPTR FM NORMAL: -5.7 DPTR FM NORMAL: 0.91 2 = FOG REDUCING VISIBILITY
HIGHEST: 56 ON 3 GRTST 24HR 1.10 ON 12-12 TO 1/4 MILE OR LESS
LOWEST: 7 ON 14 3 = THUNDER
SNOW, ICE PELLETS, HAIL 4 = ICE PELLETS
TOTAL MONTH: 21.6 INCHES 5 = HAIL
GRTST 24HR 9.5 ON 12-12 6 = FREEZING RAIN OR DRIZZLE
GRTST DEPTH: 26 ON 14 7 = DUSTSTORM OR SANDSTORM:
VSBY 1/2 MILE OR LESS
8 = SMOKE OR HAZE
[NO. OF DAYS WITH] [WEATHER - DAYS WITH] 9 = BLOWING SNOW
X = TORNADO
MAX 32 OR BELOW: 4 0.01 INCH OR MORE: 10
MAX 90 OR ABOVE: 0 0.10 INCH OR MORE: 7
MIN 32 OR BELOW: 26 0.50 INCH OR MORE: 3
MIN 0 OR BELOW: 0 1.00 INCH OR MORE: 1
[HDD (BASE 65) ]
TOTAL THIS MO. 974 CLEAR (SCALE 0-3) 0
DPTR FM NORMAL 159 PTCLDY (SCALE 4-7) 0
TOTAL FM JUL 1 8577 CLOUDY (SCALE 8-10) 0
DPTR FM NORMAL -125
[CDD (BASE 65) ]
TOTAL THIS MO. 0
DPTR FM NORMAL -1 [PRESSURE DATA]
TOTAL FM JAN 1 0 HIGHEST SLP M ON M
DPTR FM NORMAL -1 LOWEST SLP M ON M
[REMARKS]
#FINAL-04-20#