000
CXUS51 KLWX 010700
CF6MRB
PRELIMINARY LOCAL CLIMATOLOGICAL DATA (WS FORM: F-6)
STATION: MARTINSBURG WV
MONTH: OCTOBER
YEAR: 2020
LATITUDE: 39 24 N
LONGITUDE: 77 58 W
TEMPERATURE IN F: :PCPN: SNOW: WIND :SUNSHINE: SKY :PK WND
================================================================================
1 2 3 4 5 6A 6B 7 8 9 10 11 12 13 14 15 16 17 18
12Z AVG MX 2MIN
DY MAX MIN AVG DEP HDD CDD WTR SNW DPTH SPD SPD DIR MIN PSBL S-S WX SPD DR
================================================================================
1 71 52 62 3 3 0 0.00 M M 4.0 17 270 M M 3 21 270
2 65 44 55 -4 10 0 0.01 M M 8.3 20 320 M M 3 25 250
3 66 38 52 -6 13 0 0.00 M M 1.6 13 310 M M 1 17 360
4 67 39 53 -5 12 0 0.00 M M 2.0 14 280 M M 2 17 280
5 66 44 55 -3 10 0 0.01 M M 5.2 15 340 M M 5 20 320
6 72 37 55 -2 10 0 0.00 M M 3.0 10 210 M M 0 1 15 260
7 82 45 64 7 1 0 0.00 M M 9.9 29 260 M M 1 36 240
8 69 42 56 0 9 0 0.00 M M 6.3 20 280 M M 1 26 280
9 72 37 55 -1 10 0 0.00 M M 3.7 12 180 M M 0 17 180
10 76 51 64 8 1 0 0.00 M M 5.6 14 180 M M 1 20 220
11 72 59 66 11 0 1 0.65 M M 3.9 10 50 M M 8 1 14 40
12 61 53 57 2 8 0 0.91 M M 7.9 13 20 M M 10 1 17 360
13 71 46 59 4 6 0 0.06 M M 6.2 21 320 M M 6 1 25 320
14 74 43 59 5 6 0 0.00 M M 4.7 14 240 M M 0 8 18 250
15 78 45 62 8 3 0 0.00 M M 7.1 18 330 M M 1 26 340
16 62 36 49 -5 16 0 0.00 M M 5.9 15 300 M M 6 19 300
17 61 30 46 -7 19 0 0.00 M M 1.4 12 340 M M 0 12 16 10
18 63 31 47 -6 18 0 0.00 M M 3.7 16 180 M M 1 1 21 200
19 69 42 56 3 9 0 0.00 M M 3.0 12 140 M M 6 15 150
20 77 49 63 11 2 0 0.00 M M 2.3 13 200 M M 0 1 17 200
21 82 48 65 13 0 0 0.00 M M 3.1 10 190 M M 0 128 15 200
22 81 52 67 15 0 2 0.00 M M 1.4 10 100 M M 4 12 14 100
23 78 51 65 13 0 0 0.00 M M 2.4 15 140 M M 3 128 19 140
24 69 49 59 8 6 0 0.01 M M 5.5 20 340 M M 5 1 24 340
25 49 44 47 -4 18 0 0.05 M M 5.9 14 30 M M 10 1 17 20
26 58 44 51 0 14 0 0.00 M M 1.4 7 40 M M 10 1 9 30
27 68 52 60 10 5 0 0.00 M M 3.8 16 350 M M 7 21 330
28 71 50 61 11 4 0 0.00 M M 2.5 16 290 M M 7 22 290
29 58 48 53 3 12 0 1.24 M M 8.0 20 10 M M 10 1 26 20
30 53 37 45 -5 20 0 0.06 M M 10.4 20 340 M M 8 1 26 340
31 50 28 39 -10 26 0 0.00 M M 2.7 12 160 M M 2 18 180
================================================================================
SM 2111 1366 271 3 3.00 M 142.8 M 121
================================================================================
AV 68.1 44.1 4.6 FASTST M M 4 MAX(MPH)
MISC ----> 29 260 36 240
================================================================================
NOTES:
# LAST OF SEVERAL OCCURRENCES
COLUMN 17 PEAK WIND IN M.P.H.
PRELIMINARY LOCAL CLIMATOLOGICAL DATA (WS FORM: F-6) , PAGE 2
STATION: MARTINSBURG WV
MONTH: OCTOBER
YEAR: 2020
LATITUDE: 39 24 N
LONGITUDE: 77 58 W
[TEMPERATURE DATA] [PRECIPITATION DATA] SYMBOLS USED IN COLUMN 16
AVERAGE MONTHLY: 56.1 TOTAL FOR MONTH: 3.00 1 = FOG OR MIST
DPTR FM NORMAL: 2.3 DPTR FM NORMAL: -0.05 2 = FOG REDUCING VISIBILITY
HIGHEST: 82 ON 21, 7 GRTST 24HR 1.53 ON 11-12 TO 1/4 MILE OR LESS
LOWEST: 28 ON 31 3 = THUNDER
SNOW, ICE PELLETS, HAIL 4 = ICE PELLETS
TOTAL MONTH: M 5 = HAIL
GRTST 24HR M ON M 6 = FREEZING RAIN OR DRIZZLE
GRTST DEPTH: M ON M 7 = DUSTSTORM OR SANDSTORM:
VSBY 1/2 MILE OR LESS
8 = SMOKE OR HAZE
[NO. OF DAYS WITH] [WEATHER - DAYS WITH] 9 = BLOWING SNOW
X = TORNADO
MAX 32 OR BELOW: 0 0.01 INCH OR MORE: 9
MAX 90 OR ABOVE: 0 0.10 INCH OR MORE: 3
MIN 32 OR BELOW: 3 0.50 INCH OR MORE: 3
MIN 0 OR BELOW: 0 1.00 INCH OR MORE: 1
[HDD (BASE 65) ]
TOTAL THIS MO. 271 CLEAR (SCALE 0-3) 16
DPTR FM NORMAL -84 PTCLDY (SCALE 4-7) 11
TOTAL FM JUL 1 352 CLOUDY (SCALE 8-10) 4
DPTR FM NORMAL -93
[CDD (BASE 65) ]
TOTAL THIS MO. 3
DPTR FM NORMAL -7 [PRESSURE DATA]
TOTAL FM JAN 1 1184 HIGHEST SLP M ON M
DPTR FM NORMAL 289 LOWEST SLP 29.47 ON 29
[REMARKS]
#FINAL-10-20#