000
CXUS54 KMAF 011110
CF6MRF
PRELIMINARY LOCAL CLIMATOLOGICAL DATA (WS FORM: F-6)
STATION: MARFA
MONTH: SEPTEMBER
YEAR: 2020
LATITUDE: 30 22 N
LONGITUDE: 104 1 W
TEMPERATURE IN F: :PCPN: SNOW: WIND :SUNSHINE: SKY :PK WND
================================================================================
1 2 3 4 5 6A 6B 7 8 9 10 11 12 13 14 15 16 17 18
12Z AVG MX 2MIN
DY MAX MIN AVG DEP HDD CDD WTR SNW DPTH SPD SPD DIR MIN PSBL S-S WX SPD DR
================================================================================
1 90 68 79 M 0 14 M M M 10.5 23 250 M M 2 30 250
2 91 57 74 M 0 9 M M M 5.7 14 20 M M 2 M M
3 94 55 75 M 0 10 M M M 7.7 17 30 M M 1 25 40
4 88 60 74 M 0 9 M M M 10.1 17 50 M M 0 28 50
5 80 58 69 M 0 4 0.01 M M 10.2 18 70 M M 4 24 90
6 86 54 70 M 0 5 M M M 5.4 12 140 M M 2 M M
7 91 55 73 M 0 8 M M M 7.2 14 180 M M 1 20 160
8 89 55 72 M 0 7 0.39 M M 10.8 28 20 M M 1 44 10
9 62 45 54 M 11 0 0.13 M M 17.7 26 20 M M 10 1 35 20
10 62 45 54 M 11 0 T M M 12.5 18 50 M M 6 18 60
11 75 49 62 M 3 0 T M M 4.8 12 170 M M 6 1 M M
12 86 50 68 M 0 3 M M M 4.7 17 50 M M 2 18 50
13 76 61 69 M 0 4 0.06 M M 8.1 15 40 M M 6 M M
14 63 58 61 M 4 0 0.60 M M 9.6 13 20 M M 10 M M
15 74 57 66 M 0 1 T M M 5.3 10 140 M M 8 M M
16 78 52 65 M 0 0 T M M 6.1 25 310 M M 1 3 43 340
17 77 53 65 M 0 0 T M M 9.6 17 40 M M 3 32 60
18 76 52 64 M 1 0 M M M 8.6 16 40 M M 3 24 40
19 78 48 63 M 2 0 M M M 5.7 13 40 M M 1 16 140
20 81 47 64 M 1 0 M M M 6.0 13 130 M M 0 17 140
21 80 45 63 M 2 0 M M M 6.8 14 90 M M 0 21 90
22 86 43 65 M 0 0 M M M 5.1 10 40 M M 0 16 40
23 90 49 70 M 0 5 T M M 5.5 14 300 M M 1 24 300
24 86 52 69 M 0 4 0.16 M M 5.4 16 180 M M 2 38 31 320
25 91 48 70 M 0 5 M M M 5.1 8 310 M M 1 M M
26 94 51 73 M 0 8 M M M 9.0 18 290 M M 0 24 300
27 93 52 73 M 0 8 M M M 10.1 20 290 M M 0 29 280
28 70 46 58 M 7 0 M M M 20.9 40 10 M M 2 8 51 10
29 76 37 57 M 8 0 M M M 5.2 10 50 M M 0 M M
30 83 37 60 M 5 0 M M M 4.7 8 100 M M 0 M M
================================================================================
SM 2446 1539 55 104 1.35 M 244.1 M 75
================================================================================
AV 81.5 51.3 8.1 FASTST M M 3 MAX(MPH)
MISC ----> 40 10 51 10
================================================================================
NOTES:
# LAST OF SEVERAL OCCURRENCES
COLUMN 17 PEAK WIND IN M.P.H.
PRELIMINARY LOCAL CLIMATOLOGICAL DATA (WS FORM: F-6) , PAGE 2
STATION: MARFA
MONTH: SEPTEMBER
YEAR: 2020
LATITUDE: 30 22 N
LONGITUDE: 104 1 W
[TEMPERATURE DATA] [PRECIPITATION DATA] SYMBOLS USED IN COLUMN 16
AVERAGE MONTHLY: 66.4 TOTAL FOR MONTH: 1.35 1 = FOG OR MIST
DPTR FM NORMAL: 0.0 DPTR FM NORMAL: M 2 = FOG REDUCING VISIBILITY
HIGHEST: 94 ON 26, 3 GRTST 24HR 0.60 ON 14-14 TO 1/4 MILE OR LESS
LOWEST: 37 ON 30,29 3 = THUNDER
SNOW, ICE PELLETS, HAIL 4 = ICE PELLETS
TOTAL MONTH: M 5 = HAIL
GRTST 24HR M ON M 6 = FREEZING RAIN OR DRIZZLE
GRTST DEPTH: M ON M 7 = DUSTSTORM OR SANDSTORM:
VSBY 1/2 MILE OR LESS
8 = SMOKE OR HAZE
[NO. OF DAYS WITH] [WEATHER - DAYS WITH] 9 = BLOWING SNOW
X = TORNADO
MAX 32 OR BELOW: 0 0.01 INCH OR MORE: 6
MAX 90 OR ABOVE: 8 0.10 INCH OR MORE: 4
MIN 32 OR BELOW: 0 0.50 INCH OR MORE: 1
MIN 0 OR BELOW: 0 1.00 INCH OR MORE: 0
[HDD (BASE 65) ]
TOTAL THIS MO. 55 CLEAR (SCALE 0-3) 21
DPTR FM NORMAL M PTCLDY (SCALE 4-7) 7
TOTAL FM JUL 1 55 CLOUDY (SCALE 8-10) 2
DPTR FM NORMAL M
[CDD (BASE 65) ]
TOTAL THIS MO. 104
DPTR FM NORMAL M [PRESSURE DATA]
TOTAL FM JAN 1 1294 HIGHEST SLP M ON M
DPTR FM NORMAL M LOWEST SLP M ON M
[REMARKS]
#FINAL-09-20#