000
CXUS56 KMTR 022154
CLMMRY
CLIMATE REPORT
NATIONAL WEATHER SERVICE SAN FRANCISCO BAY AREA
154 PM PST FRI FEB 02 2024
...................................
...THE MONTEREY AIRPORT CLIMATE SUMMARY FOR THE MONTH OF JANUARY 2024...
CLIMATE NORMAL PERIOD: 1991 TO 2020
CLIMATE RECORD PERIOD: 1968 TO 2024
WEATHER OBSERVED LAST YEAR`S
VALUE DATE(S) VALUE DATE(S)
.........................................................
TEMPERATURE (F)
RECORD
HIGH 84 MM
LOW 29 01/18/2012
HIGHEST 75 01/28 67 01/25
LOWEST 37 01/11 33 01/21
01/12
AVG. MAXIMUM 59.9 59.4
AVG. MINIMUM 45.2 43.0
MEAN 52.5 51.2
DAYS MAX >= 90 0 0
DAYS MAX <= 32 0 0
DAYS MIN <= 32 0 0
DAYS MIN <= 0 0 0
PRECIPITATION (INCHES)
TOTALS 3.58 4.88
DAILY AVG. 0.12 0.16
DAYS >= .01 16 14
DAYS >= .10 10 12
DAYS >= .50 1 2
DAYS >= 1.00 1 1
GREATEST
24 HR. TOTAL 1.09 01/31 TO 01/31 1.33 01/09 TO 01/10
DEGREE DAYS
HEATING TOTAL 380 423
SINCE 7/1 1326 MM
COOLING TOTAL 0 0
SINCE 1/1 0 MM
.........................................................
WIND (MPH)
AVERAGE WIND SPEED 4.8
RESULTANT WIND SPEED/DIRECTION 1/180
HIGHEST WIND SPEED/DIRECTION 25/310 DATE 01/10
HIGHEST GUST SPEED/DIRECTION 40/300 DATE 01/10
SKY COVER
POSSIBLE SUNSHINE (PERCENT) MM
AVERAGE SKY COVER 0.37
NUMBER OF DAYS FAIR 15
NUMBER OF DAYS PC 11
NUMBER OF DAYS CLOUDY 5
AVERAGE RH (PERCENT) 79
WEATHER CONDITIONS. NUMBER OF DAYS WITH
THUNDERSTORM 0 MIXED PRECIP 0
HEAVY RAIN 6 RAIN 10
LIGHT RAIN 17 FREEZING RAIN 0
LT FREEZING RAIN 0 HAIL 0
HEAVY SNOW 0 SNOW 0
LIGHT SNOW 0 SLEET 0
FOG 18 FOG W/VIS <= 1/4 MILE 2
HAZE 3
- INDICATES NEGATIVE NUMBERS.
R INDICATES RECORD WAS SET OR TIED.
MM INDICATES DATA IS MISSING.
T INDICATES TRACE AMOUNT.
$$