000
CXUS54 KHUN 051515
CF6MSL
PRELIMINARY LOCAL CLIMATOLOGICAL DATA (WS FORM: F-6)
STATION: MUSCLE SHOALS
MONTH: JULY
YEAR: 2020
LATITUDE: 34 45 N
LONGITUDE: 87 37 W
TEMPERATURE IN F: :PCPN: SNOW: WIND :SUNSHINE: SKY :PK WND
================================================================================
1 2 3 4 5 6A 6B 7 8 9 10 11 12 13 14 15 16 17 18
12Z AVG MX 2MIN
DY MAX MIN AVG DEP HDD CDD WTR SNW DPTH SPD SPD DIR MIN PSBL S-S WX SPD DR
================================================================================
1 86 70 78 -2 0 13 0.88 0.0 0 5.2 20 340 M M 5 138 27 330
2 92 69 81 1 0 16 0.00 0.0 0 1.8 9 310 M M 3 11 290
3 94 74 84 4 0 19 0.00 0.0 0 3.1 9 30 M M 2 1 12 60
4 95 72 84 4 0 19 0.00 0.0 0 3.8 12 80 M M 2 3 15 90
5 93 73 83 3 0 18 0.37 0.0 0 2.4 18 120 M M 2 13 27 130
6 89 72 81 1 0 16 0.00 0.0 0 3.3 9 70 M M 1 12 100
7 91 73 82 2 0 17 0.00 0.0 0 2.8 12 340 M M 2 13 15 320
8 92 74 83 3 0 18 0.96 0.0 0 3.6 21 140 M M 3 13 25 40
9 92 73 83 3 0 18 0.00 0.0 0 3.1 8 240 M M 3 1 11 190
10 93 76 85 5 0 20 0.00 0.0 0 5.8 15 290 M M 1 20 310
11 94 69 82 2 0 17 0.00 0.0 0 3.4 15 300 M M 0 18 290
12 86 71 79 -1 0 14 2.06 0.0 0 M 24 350 M M 4 3 36 330
13 92 72 82 2 0 17 0.00 0.0 0 2.0 9 10 M M 2 1 13 20
14 93 72 83 3 0 18 0.00 0.0 0 1.8 8 90 M M 0 10 100
15 95 71 83 3 0 18 0.00 0.0 0 3.0 12 200 M M 1 1 16 200
16 94 74 84 4 0 19 0.00 0.0 0 3.9 10 150 M M 1 13 150
17 95 73 84 3 0 19 0.00 0.0 0 2.7 10 200 M M 1 1 15 180
18 96 76 86 5 0 21 0.00 0.0 0 2.2 9 290 M M 2 3 14 250
19 98 76 87 6 0 22 0.00 0.0 0 2.7 12 250 M M 0 1 16 260
20 95 76 86 5 0 21 0.00 0.0 0 2.9 13 180 M M 2 138 16 190
21 96 75 86 5 0 21 0.25 0.0 0 3.4 26 170 M M 1 13 36 160
22 92 73 83 2 0 18 0.15 0.0 0 2.6 17 250 M M 2 13 22 260
23 95 73 84 3 0 19 0.00 0.0 0 4.0 10 40 M M 1 14 140
24 93 74 84 3 0 19 0.00 0.0 0 4.5 14 140 M M 1 17 140
25 95 72 84 3 0 19 T 0.0 0 3.0 20 110 M M 2 3 26 100
26 95 73 84 3 0 19 0.00 0.0 0 2.5 7 240 M M 1 9 160
27 93 74 84 3 0 19 T 0.0 0 4.2 14 220 M M 2 17 210
28 93 74 84 3 0 19 0.00 0.0 0 3.3 12 70 M M 1 1 18 50
29 93 75 84 3 0 19 0.05 0.0 0 2.5 15 230 M M 6 13 19 240
30 92 76 84 3 0 19 0.00 0.0 0 9.2 20 260 M M 4 26 220
31 95 75 85 4 0 20 T 0.0 0 M 20 240 M M 6 27 250
================================================================================
SM 2887 2270 0 571 4.72 0.0 98.7 M 64
================================================================================
AV 93.1 73.2 3.4 FASTST M M 2 MAX(MPH)
MISC ----> 26 170 # 36 330
================================================================================
NOTES:
# LAST OF SEVERAL OCCURRENCES
COLUMN 17 PEAK WIND IN M.P.H.
PRELIMINARY LOCAL CLIMATOLOGICAL DATA (WS FORM: F-6) , PAGE 2
STATION: MUSCLE SHOALS
MONTH: JULY
YEAR: 2020
LATITUDE: 34 45 N
LONGITUDE: 87 37 W
[TEMPERATURE DATA] [PRECIPITATION DATA] SYMBOLS USED IN COLUMN 16
AVERAGE MONTHLY: 83.2 TOTAL FOR MONTH: 4.72 1 = FOG OR MIST
DPTR FM NORMAL: 2.8 DPTR FM NORMAL: 0.42 2 = FOG REDUCING VISIBILITY
HIGHEST: 98 ON 19 GRTST 24HR 2.06 ON 12-12 TO 1/4 MILE OR LESS
LOWEST: 69 ON 11, 2 3 = THUNDER
SNOW, ICE PELLETS, HAIL 4 = ICE PELLETS
TOTAL MONTH: 0.0 INCH 5 = HAIL
GRTST 24HR 0.0 6 = FREEZING RAIN OR DRIZZLE
GRTST DEPTH: 0 7 = DUSTSTORM OR SANDSTORM:
VSBY 1/2 MILE OR LESS
8 = SMOKE OR HAZE
[NO. OF DAYS WITH] [WEATHER - DAYS WITH] 9 = BLOWING SNOW
X = TORNADO
MAX 32 OR BELOW: 0 0.01 INCH OR MORE: 7
MAX 90 OR ABOVE: 28 0.10 INCH OR MORE: 6
MIN 32 OR BELOW: 0 0.50 INCH OR MORE: 3
MIN 0 OR BELOW: 0 1.00 INCH OR MORE: 1
[HDD (BASE 65) ]
TOTAL THIS MO. 0 CLEAR (SCALE 0-3) 25
DPTR FM NORMAL 0 PTCLDY (SCALE 4-7) 6
TOTAL FM JUL 1 0 CLOUDY (SCALE 8-10) 0
DPTR FM NORMAL 0
[CDD (BASE 65) ]
TOTAL THIS MO. 571
DPTR FM NORMAL 94 [PRESSURE DATA]
TOTAL FM JAN 1 1240 HIGHEST SLP M ON M
DPTR FM NORMAL 157 LOWEST SLP 29.80 ON 1
[REMARKS]
#FINAL-07-20#