000
CXUS54 KHUN 010910
CF6MSL
PRELIMINARY LOCAL CLIMATOLOGICAL DATA (WS FORM: F-6)
STATION: MUSCLE SHOALS
MONTH: NOVEMBER
YEAR: 2023
LATITUDE: 34 45 N
LONGITUDE: 87 37 W
TEMPERATURE IN F: :PCPN: SNOW: WIND :SUNSHINE: SKY :PK WND
================================================================================
1 2 3 4 5 6A 6B 7 8 9 10 11 12 13 14 15 16 17 18
12Z AVG MX 2MIN
DY MAX MIN AVG DEP HDD CDD WTR SNW DPTH SPD SPD DIR MIN PSBL S-S WX SPD DR
================================================================================
1 54 27 41 -16 24 0 0.00 0.0 0 5.6 16 30 M M 0 24 360
2 63 22 43 -14 22 0 0.00 0.0 0 2.4 9 140 M M 0 14 150
3 70 28 49 -7 16 0 0.00 0.0 0 4.3 10 190 M M 0 M M
4 76 35 56 0 9 0 0.00 0.0 0 1.8 13 280 M M 0 17 280
5 77 42 60 4 5 0 0.00 0.0 0 0.4 12 310 M M 0 15 310
6 82 42 62 7 3 0 0.00 0.0 0 3.9 15 270 M M 0 18 20 270
7 83 48 66 11 0 1 0.00 0.0 0 5.3 14 260 M M 0 21 260
8 83 53 68 13 0 3 0.00 0.0 0 8.7 21 200 M M 1 29 230
9 75 57 66 12 0 1 0.02 0.0 0 6.4 14 30 M M 8 21 10
10 63 54 59 5 6 0 0.20 0.0 0 8.0 15 20 M M 10 1 23 20
11 66 51 59 5 6 0 0.00 0.0 0 7.5 17 60 M M 3 24 50
12 65 50 58 5 7 0 0.00 0.0 0 4.2 10 110 M M 8 8 14 80
13 72 43 58 5 7 0 0.00 0.0 0 1.5 9 40 M M 2 12 15 30
14 69 46 58 5 7 0 0.00 0.0 0 4.7 12 100 M M 0 21 260
15 67 51 59 7 6 0 0.00 0.0 0 7.3 21 140 M M 10 32 110
16 78 54 66 14 0 1 0.00 0.0 0 5.5 15 160 M M 6 20 160
17 72 58 65 13 0 0 T 0.0 0 5.4 13 270 M M 8 1 17 210
18 66 39 53 1 12 0 0.00 0.0 0 6.3 14 20 M M 2 21 260
19 69 31 50 -1 15 0 0.00 0.0 0 2.8 9 50 M M 0 14 80
20 74 42 58 7 7 0 0.98 0.0 0 8.8 21 160 M M 7 13 31 130
21 63 48 56 5 9 0 1.16 0.0 0 8.9 16 310 M M 10 1 25 110
22 52 35 44 -6 21 0 0.00 0.0 0 5.5 13 310 M M 7 19 300
23 54 32 43 -7 22 0 0.00 0.0 0 1.1 7 210 M M 3 12 10 230
24 64 43 54 4 11 0 0.00 0.0 0 4.9 12 30 M M 0 18 40
25 62 38 50 0 15 0 0.00 0.0 0 2.5 10 40 M M 0 14 50
26 56 39 48 -1 17 0 T 0.0 0 9.0 21 300 M M 7 1 32 330
27 50 30 40 -9 25 0 0.00 0.0 0 6.3 17 310 M M 0 24 350
28 49 25 37 -12 28 0 0.00 0.0 0 4.1 17 310 M M 0 24 300
29 62 22 42 -7 23 0 0.00 0.0 0 5.1 16 270 M M 0 22 260
30 63 31 47 -1 18 0 T 0.0 0 7.2 20 190 M M 2 26 170
================================================================================
SM 1999 1216 341 6 2.36 0.0 155.4 M 94
================================================================================
AV 66.6 40.5 5.2 FASTST M M 3 MAX(MPH)
MISC ----> # 21 200 # 32 110
================================================================================
NOTES:
# LAST OF SEVERAL OCCURRENCES
COLUMN 17 PEAK WIND IN M.P.H.
PRELIMINARY LOCAL CLIMATOLOGICAL DATA (WS FORM: F-6) , PAGE 2
STATION: MUSCLE SHOALS
MONTH: NOVEMBER
YEAR: 2023
LATITUDE: 34 45 N
LONGITUDE: 87 37 W
[TEMPERATURE DATA] [PRECIPITATION DATA] SYMBOLS USED IN COLUMN 16
AVERAGE MONTHLY: 53.6 TOTAL FOR MONTH: 2.36 1 = FOG OR MIST
DPTR FM NORMAL: 1.1 DPTR FM NORMAL: -1.79 2 = FOG REDUCING VISIBILITY
HIGHEST: 83 ON 8, 7 GRTST 24HR 2.14 ON 20-21 TO 1/4 MILE OR LESS
LOWEST: 22 ON 29, 2 3 = THUNDER
SNOW, ICE PELLETS, HAIL 4 = ICE PELLETS
TOTAL MONTH: 0.0 INCH 5 = HAIL
GRTST 24HR 0.0 6 = FREEZING RAIN OR DRIZZLE
GRTST DEPTH: 0 7 = DUSTSTORM OR SANDSTORM:
VSBY 1/2 MILE OR LESS
8 = SMOKE OR HAZE
[NO. OF DAYS WITH] [WEATHER - DAYS WITH] 9 = BLOWING SNOW
X = TORNADO
MAX 32 OR BELOW: 0 0.01 INCH OR MORE: 4
MAX 90 OR ABOVE: 0 0.10 INCH OR MORE: 3
MIN 32 OR BELOW: 9 0.50 INCH OR MORE: 2
MIN 0 OR BELOW: 0 1.00 INCH OR MORE: 1
[HDD (BASE 65) ]
TOTAL THIS MO. 341 CLEAR (SCALE 0-3) 19
DPTR FM NORMAL -43 PTCLDY (SCALE 4-7) 7
TOTAL FM JUL 1 430 CLOUDY (SCALE 8-10) 4
DPTR FM NORMAL -88
[CDD (BASE 65) ]
TOTAL THIS MO. 6
DPTR FM NORMAL -3 [PRESSURE DATA]
TOTAL FM JAN 1 2130 HIGHEST SLP 30.50 ON 2
DPTR FM NORMAL 37 LOWEST SLP 29.77 ON 21
[REMARKS]
#FINAL-11-23#