000
CXUS53 KMKX 011504
CLSMSN
CLIMATE REPORT
NATIONAL WEATHER SERVICE MILWAUKEE/SULLIVAN WI
1004 AM CDT THU SEP 01 2022
...................................
...THE MADISON WI CLIMATE SUMMARY FOR THE SEASON, FROM
6/1/2022 TO 8/31/2022...
CLIMATE NORMAL PERIOD 1991 TO 2020
CLIMATE RECORD PERIOD 1871 TO 2022
WEATHER OBSERVED NORMAL DEPART LAST YEAR`S
VALUE DATE(S) VALUE FROM VALUE DATE(S)
NORMAL
................................................................
TEMPERATURE (F)
RECORD
HIGH 107 07/14/1936
LOW 31 06/10/1972
HIGHEST 96 06/14 94 2 94 06/11
LOWEST 46 06/04 43 3 46 06/22
AVG. MAXIMUM 81.0 80.2 0.8 83.2
AVG. MINIMUM 60.3 59.5 0.8 61.6
MEAN 70.7 69.9 0.8 72.4
DAYS MAX >= 90 8 7.6 0.4 12
DAYS MAX <= 32 0 0.0 0.0 0
DAYS MIN <= 32 0 0.0 0.0 0
DAYS MIN <= 0 0 0.0 0.0 0
PRECIPITATION (INCHES)
RECORD
MAXIMUM 22.69 2007
MINIMUM 3.88 1895
TOTALS 15.20 13.95 1.25 9.41
DAILY AVG. 0.17 0.15 0.02 0.10
DAYS >= .01 33 31.3 1.7 30
DAYS >= .10 22 20.5 1.5 18
DAYS >= .50 10 9.0 1.0 6
DAYS >= 1.00 5 4.3 0.7 2
GREATEST
24 HR. TOTAL 2.02 08/24 TO 08/25 1.70
DEGREE DAYS
HEATING TOTAL 38 76 -38 13
SINCE 7/1 5 26 -21 2
COOLING TOTAL 584 524 60 718
SINCE 1/1 703 563 140 779
FREEZE DATES
RECORD
EARLIEST 09/12/1955
LATEST 05/31/1966
EARLIEST 10/22
LATEST 05/04
................................................................
WIND (MPH)
AVERAGE WIND SPEED 5.9
RESULTANT WIND SPEED/DIRECTION 1/190
HIGHEST WIND SPEED/DIRECTION 31/180 DATE 06/15
HIGHEST GUST SPEED/DIRECTION 50/180 DATE 06/15
SKY COVER
AVERAGE SKY COVER 0.45
NUMBER OF DAYS FAIR 26
NUMBER OF DAYS PC 53
NUMBER OF DAYS CLOUDY 13
AVERAGE RH (PERCENT) 68
WEATHER CONDITIONS. NUMBER OF DAYS WITH
THUNDERSTORM 20 MIXED PRECIP 0
HEAVY RAIN 14 RAIN 19
LIGHT RAIN 39 FREEZING RAIN 0
LT FREEZING RAIN 0 HAIL 2
HEAVY SNOW 0 SNOW 0
LIGHT SNOW 0 SLEET 0
FOG 45 FOG W/VIS <= 1/4 MILE 10
HAZE 2
- INDICATES NEGATIVE NUMBERS.
R INDICATES RECORD WAS SET OR TIED.
MM INDICATES DATA IS MISSING.
T INDICATES TRACE AMOUNT.
$$