672
CXUS54 KLIX 010810
CF6MSY
PRELIMINARY LOCAL CLIMATOLOGICAL DATA (WS FORM: F-6)
STATION: NEW ORLEANS
MONTH: MARCH
YEAR: 2021
LATITUDE: 29 58 N
LONGITUDE: 90 15 W
TEMPERATURE IN F: :PCPN: SNOW: WIND :SUNSHINE: SKY :PK WND
================================================================================
1 2 3 4 5 6A 6B 7 8 9 10 11 12 13 14 15 16 17 18
12Z AVG MX 2MIN
DY MAX MIN AVG DEP HDD CDD WTR SNW DPTH SPD SPD DIR MIN PSBL S-S WX SPD DR
================================================================================
1 78 60 69 9 0 4 T 0.0 M 8.0 21 80 M M 9 1 30 10
2 63 47 55 -5 10 0 1.09 M M 11.6 22 50 M M 10 138 30 60
3 63 44 54 -6 11 0 0.00 0.0 M 6.7 15 20 M M 4 1 19 350
4 71 46 59 -1 6 0 T M M 2.7 9 50 M M 2 18 12 70
5 71 49 60 0 5 0 0.03 M M 4.1 14 130 M M 8 1 18 150
6 69 55 62 1 3 0 T 0.0 M 10.3 17 30 M M 3 24 30
7 67 46 57 -4 8 0 0.00 0.0 M 7.8 17 50 M M 2 23 40
8 71 43 57 -4 8 0 0.00 0.0 M 6.9 17 120 M M 0 1 20 140
9 75 46 61 0 4 0 0.00 0.0 M 10.3 20 120 M M 3 24 110
10 79 61 70 8 0 5 0.00 0.0 M 13.7 24 140 M M 5 29 140
11 79 63 71 9 0 6 0.00 0.0 M 10.8 17 130 M M 7 22 130
12 80 64 72 10 0 7 0.00 0.0 M 8.6 16 130 M M 6 19 140
13 78 64 71 9 0 6 0.00 0.0 M 6.3 14 140 M M 8 12 17 140
14 81 63 72 10 0 7 T 0.0 M 9.6 20 150 M M 6 1 26 150
15 83 70 77 15 0 12 0.65 0.0 M 9.0 21 190 M M 8 13 28 210
16 83 70 77 14 0 12 0.00 0.0 M 9.2 21 200 M M 7 1 26 210
17 81 66 74 11 0 9 1.21 0.0 M 13.6 32 250 M M 9 13 42 270
18 68 56 62 -1 3 0 0.00 0.0 M 13.6 21 290 M M 1 27 290
19 59 54 57 -6 8 0 0.00 0.0 M 10.8 17 350 M M 10 22 350
20 65 53 59 -4 6 0 0.00 0.0 M 7.7 14 10 M M 8 19 10
21 72 51 62 -2 3 0 0.00 0.0 M 6.8 13 40 M M 4 17 40
22 76 51 64 0 1 0 0.00 0.0 M 10.9 21 140 M M 6 26 140
23 74 62 68 4 0 3 5.54 0.0 M 14.8 29 150 M M 10 13 37 150
24 76 61 69 5 0 4 1.20 0.0 M 11.9 25 120 M M 9 138 31 120
25 79 73 76 12 0 11 T 0.0 M 12.5 22 190 M M 10 18 33 210
26 82 71 77 12 0 12 T 0.0 M 8.3 15 160 M M 8 18 15 160
27 85 73 79 14 0 14 0.00 0.0 M 10.3 22 200 M M 7 33 190
28 79 62 71 6 0 6 0.06 0.0 M 10.7 21 320 M M 8 13 29 340
29 73 58 66 1 0 1 M 0.0 M 10.3 16 30 M M 5 23 30
30 82 64 73 8 0 8 T 0.0 M 9.6 20 180 M M 7 26 190
31 85 59 72 6 0 7 T 0.0 M 11.7 23 10 M M 9 12 33 20
================================================================================
SM 2327 1805 76 134 9.78 0.0 299.1 M 199
================================================================================
AV 75.1 58.2 9.6 FASTST M M 6 MAX(MPH)
MISC ----> 32 250 42 270
================================================================================
NOTES:
# LAST OF SEVERAL OCCURRENCES
COLUMN 17 PEAK WIND IN M.P.H.
PRELIMINARY LOCAL CLIMATOLOGICAL DATA (WS FORM: F-6) , PAGE 2
STATION: NEW ORLEANS
MONTH: MARCH
YEAR: 2021
LATITUDE: 29 58 N
LONGITUDE: 90 15 W
[TEMPERATURE DATA] [PRECIPITATION DATA] SYMBOLS USED IN COLUMN 16
AVERAGE MONTHLY: 66.6 TOTAL FOR MONTH: 9.78 1 = FOG OR MIST
DPTR FM NORMAL: 4.0 DPTR FM NORMAL: 5.23 2 = FOG REDUCING VISIBILITY
HIGHEST: 85 ON 31,27 GRTST 24HR 6.47 ON 23-24 TO 1/4 MILE OR LESS
LOWEST: 43 ON 8 3 = THUNDER
SNOW, ICE PELLETS, HAIL 4 = ICE PELLETS
TOTAL MONTH: 0.0 INCH 5 = HAIL
GRTST 24HR 0.0 6 = FREEZING RAIN OR DRIZZLE
GRTST DEPTH: M ON M 7 = DUSTSTORM OR SANDSTORM:
VSBY 1/2 MILE OR LESS
8 = SMOKE OR HAZE
[NO. OF DAYS WITH] [WEATHER - DAYS WITH] 9 = BLOWING SNOW
X = TORNADO
MAX 32 OR BELOW: 0 0.01 INCH OR MORE: 7
MAX 90 OR ABOVE: 0 0.10 INCH OR MORE: 5
MIN 32 OR BELOW: 0 0.50 INCH OR MORE: 5
MIN 0 OR BELOW: 0 1.00 INCH OR MORE: 4
[HDD (BASE 65) ]
TOTAL THIS MO. 76 CLEAR (SCALE 0-3) 5
DPTR FM NORMAL -60 PTCLDY (SCALE 4-7) 16
TOTAL FM JUL 1 1024 CLOUDY (SCALE 8-10) 10
DPTR FM NORMAL -222
[CDD (BASE 65) ]
TOTAL THIS MO. 134
DPTR FM NORMAL 71 [PRESSURE DATA]
TOTAL FM JAN 1 187 HIGHEST SLP M ON M
DPTR FM NORMAL 87 LOWEST SLP 29.71 ON 25
[REMARKS]
#FINAL-03-21#