000
CXUS55 KGJT 011707
CF6MTJ
PRELIMINARY LOCAL CLIMATOLOGICAL DATA (WS FORM: F-6)
STATION: MONTROSE CO
MONTH: FEBRUARY
YEAR: 2024
LATITUDE: 38 30 N
LONGITUDE: 107 53 W
TEMPERATURE IN F: :PCPN: SNOW: WIND :SUNSHINE: SKY :PK WND
================================================================================
1 2 3 4 5 6A 6B 7 8 9 10 11 12 13 14 15 16 17 18
12Z AVG MX 2MIN
DY MAX MIN AVG DEP HDD CDD WTR SNW DPTH SPD SPD DIR MIN PSBL S-S WX SPD DR
================================================================================
1 54 28 41 11 24 0 0.00 M M 5.8 15 100 M M 5 19 110
2 45 36 41 11 24 0 0.07 M M 5.8 16 90 M M 10 1 23 90
3 41 34 38 7 27 0 T M M 4.9 13 240 M M 10 17 300
4 44 22 33 2 32 0 0.00 M M 6.0 13 140 M M 2 15 130
5 47 22 35 4 30 0 0.00 M M 8.0 23 80 M M 0 29 80
6 56 28 42 11 23 0 0.02 M M 8.1 25 200 M M 5 8 40 210
7 45 32 39 7 26 0 T M M 9.4 29 240 M M 6 18 41 300
8 42 29 36 4 29 0 0.00 M M 5.7 14 280 M M 8 21 240
9 39 18 29 -3 36 0 0.03 M M 4.9 18 230 M M 7 1 26 240
10 39 24 32 0 33 0 0.00 M M 6.0 22 300 M M 8 27 300
11 37 18 28 -5 37 0 0.00 M M 3.5 13 140 M M 3 14 140
12 45 18 32 -1 33 0 0.00 M M 5.6 12 130 M M 0 13 130
13 50 16 33 0 32 0 0.00 M M 5.9 12 150 M M 0 13 150
14 51 27 39 5 26 0 0.00 M M 5.8 17 260 M M 5 26 250
15 54 27 41 7 24 0 T M M 9.0 29 240 M M 7 38 250
16 48 30 39 5 26 0 T M M 5.3 16 310 M M 8 23 330
17 42 23 33 -1 32 0 T M M 7.1 23 310 M M 3 1 33 310
18 45 20 33 -2 32 0 0.00 M M 5.2 16 110 M M 5 19 90
19 57 19 38 3 27 0 0.00 M M 5.1 13 150 M M 1 15 140
20 58 37 48 13 17 0 0.00 M M 6.1 20 240 M M 5 27 240
21 56 35 46 10 19 0 0.00 M M 9.3 22 270 M M 2 35 230
22 50 26 38 2 27 0 0.00 M M 5.9 15 320 M M 4 20 340
23 49 20 35 -1 30 0 0.00 M M 6.3 14 140 M M 0 16 140
24 53 20 37 1 28 0 0.00 M M 6.7 14 120 M M 0 17 330
25 62 26 44 7 21 0 0.00 M M 6.1 23 240 M M 1 32 220
26 59 37 48 11 17 0 0.00 M M 15.8 35 220 M M 0 49 230
27 49 16 33 -4 32 0 0.05 M M 16.4 33 300 M M 6 1 46 310
28 45 12 29 -9 36 0 0.00 M M 5.5 13 150 M M 0 14 130
29 58 18 38 0 27 0 0.00 M M 6.7 17 240 M M 0 22 240
================================================================================
SM 1420 718 807 0 0.17 M 201.9 M 111
================================================================================
AV 49.0 24.8 7.0 FASTST M M 4 MAX(MPH)
MISC ----> 35 220 49 230
================================================================================
NOTES:
# LAST OF SEVERAL OCCURRENCES
COLUMN 17 PEAK WIND IN M.P.H.
PRELIMINARY LOCAL CLIMATOLOGICAL DATA (WS FORM: F-6) , PAGE 2
STATION: MONTROSE CO
MONTH: FEBRUARY
YEAR: 2024
LATITUDE: 38 30 N
LONGITUDE: 107 53 W
[TEMPERATURE DATA] [PRECIPITATION DATA] SYMBOLS USED IN COLUMN 16
AVERAGE MONTHLY: 36.9 TOTAL FOR MONTH: 0.17 1 = FOG OR MIST
DPTR FM NORMAL: 3.2 DPTR FM NORMAL: -0.25 2 = FOG REDUCING VISIBILITY
HIGHEST: 62 ON 25 GRTST 24HR 0.07 ON 2- 2 TO 1/4 MILE OR LESS
LOWEST: 12 ON 28 3 = THUNDER
SNOW, ICE PELLETS, HAIL 4 = ICE PELLETS
TOTAL MONTH: M 5 = HAIL
GRTST 24HR M ON M 6 = FREEZING RAIN OR DRIZZLE
GRTST DEPTH: M ON M 7 = DUSTSTORM OR SANDSTORM:
VSBY 1/2 MILE OR LESS
8 = SMOKE OR HAZE
[NO. OF DAYS WITH] [WEATHER - DAYS WITH] 9 = BLOWING SNOW
X = TORNADO
MAX 32 OR BELOW: 0 0.01 INCH OR MORE: 4
MAX 90 OR ABOVE: 0 0.10 INCH OR MORE: 0
MIN 32 OR BELOW: 24 0.50 INCH OR MORE: 0
MIN 0 OR BELOW: 0 1.00 INCH OR MORE: 0
[HDD (BASE 65) ]
TOTAL THIS MO. 807 CLEAR (SCALE 0-3) 13
DPTR FM NORMAL -68 PTCLDY (SCALE 4-7) 14
TOTAL FM JUL 1 4103 CLOUDY (SCALE 8-10) 2
DPTR FM NORMAL -525
[CDD (BASE 65) ]
TOTAL THIS MO. 0
DPTR FM NORMAL 0 [PRESSURE DATA]
TOTAL FM JAN 1 0 HIGHEST SLP 30.38 ON 28
DPTR FM NORMAL 0 LOWEST SLP 29.44 ON 27
[REMARKS]
#FINAL-02-24#