000
CXUS55 KGJT 010911
CF6MTJ
PRELIMINARY LOCAL CLIMATOLOGICAL DATA (WS FORM: F-6)
STATION: MONTROSE CO
MONTH: OCTOBER
YEAR: 2023
LATITUDE: 38 30 N
LONGITUDE: 107 53 W
TEMPERATURE IN F: :PCPN: SNOW: WIND :SUNSHINE: SKY :PK WND
================================================================================
1 2 3 4 5 6A 6B 7 8 9 10 11 12 13 14 15 16 17 18
12Z AVG MX 2MIN
DY MAX MIN AVG DEP HDD CDD WTR SNW DPTH SPD SPD DIR MIN PSBL S-S WX SPD DR
================================================================================
1 79 50 65 8 0 0 0.00 M M 11.6 30 190 M M 1 42 200
2 60 44 52 -5 13 0 0.23 M M 6.9 18 200 M M 5 1 25 180
3 62 42 52 -4 13 0 0.00 M M 6.0 13 360 M M 2 17 330
4 65 39 52 -4 13 0 0.00 M M 6.4 14 310 M M 2 17 340
5 68 37 53 -2 12 0 0.00 M M 6.3 12 140 M M 0 17 320
6 71 38 55 0 10 0 0.00 M M 6.5 12 140 M M 0 16 350
7 75 38 57 3 8 0 0.00 M M 7.4 13 130 M M 0 19 320
8 75 40 58 4 7 0 0.00 M M 7.1 13 330 M M 0 17 340
9 76 39 58 4 7 0 0.00 M M 7.4 14 130 M M 0 18 340
10 73 42 58 5 7 0 T M M 8.1 21 120 M M 2 27 170
11 71 44 58 5 7 0 0.10 M M 9.4 33 320 M M 5 18 42 320
12 55 39 47 -5 18 0 T M M 4.1 16 310 M M 8 21 320
13 56 37 47 -5 18 0 0.00 M M 5.6 13 150 M M 3 18 330
14 62 32 47 -5 18 0 0.00 M M 6.5 13 150 M M 0 8 17 350
15 67 33 50 -1 15 0 0.00 M M 6.8 14 130 M M 0 18 340
16 72 35 54 3 11 0 0.00 M M 6.6 12 140 M M 0 13 310
17 75 38 57 7 8 0 0.00 M M 6.1 14 170 M M 0 15 170
18 73 38 56 6 9 0 0.00 M M 6.0 13 140 M M 0 16 150
19 74 39 57 8 8 0 0.00 M M 7.0 16 140 M M 0 18 150
20 76 37 57 8 8 0 0.00 M M 7.1 15 150 M M 0 8 17 150
21 78 36 57 9 8 0 T M M 7.3 13 160 M M 0 15 330
22 75 40 58 10 7 0 0.00 M M 6.6 12 120 M M 0 15 350
23 76 45 61 13 4 0 0.00 M M 9.3 23 250 M M 0 33 230
24 68 44 56 9 9 0 0.00 M M 5.8 13 330 M M 4 18 350
25 70 36 53 6 12 0 0.00 M M 6.9 16 270 M M 0 20 270
26 65 38 52 6 13 0 0.00 M M 8.7 23 230 M M 3 32 270
27 64 32 48 2 17 0 T M M 6.9 22 270 M M 3 29 270
28 50 34 42 -4 23 0 0.71 M M 6.0 22 270 M M 10 13 31 260
29 39 25 32 -13 33 0 0.08 M M 6.1 14 310 M M 7 1 17 290
30 41 20 31 -14 34 0 0.00 M M 4.9 12 140 M M 0 14 140
31 49 22 36 -8 29 0 0.00 M M 5.2 12 150 M M 0 14 160
================================================================================
SM 2060 1153 399 0 1.12 M 212.6 M 55
================================================================================
AV 66.5 37.2 6.9 FASTST M M 2 MAX(MPH)
MISC ----> 33 320 # 42 200
================================================================================
NOTES:
# LAST OF SEVERAL OCCURRENCES
COLUMN 17 PEAK WIND IN M.P.H.
PRELIMINARY LOCAL CLIMATOLOGICAL DATA (WS FORM: F-6) , PAGE 2
STATION: MONTROSE CO
MONTH: OCTOBER
YEAR: 2023
LATITUDE: 38 30 N
LONGITUDE: 107 53 W
[TEMPERATURE DATA] [PRECIPITATION DATA] SYMBOLS USED IN COLUMN 16
AVERAGE MONTHLY: 51.8 TOTAL FOR MONTH: 1.12 1 = FOG OR MIST
DPTR FM NORMAL: 1.1 DPTR FM NORMAL: 0.14 2 = FOG REDUCING VISIBILITY
HIGHEST: 79 ON 1 GRTST 24HR 0.73 ON 28-29 TO 1/4 MILE OR LESS
LOWEST: 20 ON 30 3 = THUNDER
SNOW, ICE PELLETS, HAIL 4 = ICE PELLETS
TOTAL MONTH: M 5 = HAIL
GRTST 24HR M ON M 6 = FREEZING RAIN OR DRIZZLE
GRTST DEPTH: M ON M 7 = DUSTSTORM OR SANDSTORM:
VSBY 1/2 MILE OR LESS
8 = SMOKE OR HAZE
[NO. OF DAYS WITH] [WEATHER - DAYS WITH] 9 = BLOWING SNOW
X = TORNADO
MAX 32 OR BELOW: 0 0.01 INCH OR MORE: 4
MAX 90 OR ABOVE: 0 0.10 INCH OR MORE: 3
MIN 32 OR BELOW: 5 0.50 INCH OR MORE: 1
MIN 0 OR BELOW: 0 1.00 INCH OR MORE: 0
[HDD (BASE 65) ]
TOTAL THIS MO. 399 CLEAR (SCALE 0-3) 24
DPTR FM NORMAL -45 PTCLDY (SCALE 4-7) 6
TOTAL FM JUL 1 455 CLOUDY (SCALE 8-10) 1
DPTR FM NORMAL -93
[CDD (BASE 65) ]
TOTAL THIS MO. 0
DPTR FM NORMAL -1 [PRESSURE DATA]
TOTAL FM JAN 1 788 HIGHEST SLP M ON M
DPTR FM NORMAL 89 LOWEST SLP 29.30 ON 11
[REMARKS]
#FINAL-10-23#