000
CXUS53 KGRB 010659
CF6MTW
PRELIMINARY LOCAL CLIMATOLOGICAL DATA (WS FORM: F-6)
STATION: MANITOWOC AWOS
MONTH: AUGUST
YEAR: 2020
LATITUDE: 44 7 N
LONGITUDE: 87 40 W
TEMPERATURE IN F: :PCPN: SNOW: WIND :SUNSHINE: SKY :PK WND
================================================================================
1 2 3 4 5 6A 6B 7 8 9 10 11 12 13 14 15 16 17 18
12Z AVG MX 2MIN
DY MAX MIN AVG DEP HDD CDD WTR SNW DPTH SPD SPD DIR MIN PSBL S-S WX SPD DR
================================================================================
1 78 57 68 M 0 3 0.00 0.0 0 3.8 12 130 M M 2 M M
2 78 57 68 M 0 3 0.33 0.0 0 5.5 16 350 M M 5 13 21 350
3 67 55 61 M 4 0 0.02 0.0 0 8.2 13 350 M M 9 17 350
4 67 51 59 M 6 0 0.00 0.0 0 6.5 14 350 M M 3 20 350
5 71 49 60 M 5 0 0.00 0.0 0 5.5 12 190 M M 1 M M
6 75 56 66 M 0 1 0.00 0.0 0 4.5 14 160 M M 1 M M
7 75 53 64 M 1 0 0.00 0.0 0 7.4 15 160 M M 0 1 M M
8 77 65 71 M 0 6 0.16 0.0 0 7.3 12 180 M M 3 13 M M
9 85 69 77 M 0 12 T 0.0 0 10.5 20 170 M M 2 3 24 170
10 82 66 74 M 0 9 0.84 0.0 0 6.1 17 180 M M 6 13 44 180
11 81 59 70 M 0 5 0.00 0.0 0 5.2 9 250 M M 1 M M
12 82 58 70 M 0 5 0.00 0.0 0 3.2 10 110 M M 0 M M
13 78 59 69 M 0 4 0.00 0.0 0 2.8 8 130 M M 0 1 M M
14 81 60 71 M 0 6 0.00 0.0 0 3.5 10 120 M M 0 1 M M
15 77 65 71 M 0 6 0.07 0.0 0 4.4 9 340 M M 5 13 M M
16 75 64 70 M 0 5 0.00 0.0 0 5.5 14 170 M M 1 M M
17 79 59 69 M 0 4 0.00 0.0 0 5.0 10 100 M M 2 M M
18 74 56 65 M 0 0 0.00 0.0 0 5.1 13 360 M M 2 18 310
19 75 53 64 M 1 0 0.00 0.0 0 7.7 15 170 M M 3 M M
20 83 66 75 M 0 10 T 0.0 0 8.5 16 250 M M 2 25 250
21 83 66 75 M 0 10 0.00 0.0 0 6.4 13 170 M M 3 M M
22 79 65 72 M 0 7 0.09 0.0 0 5.1 14 160 M M 2 13 M M
23 81 67 74 M 0 9 0.02 0.0 0 5.2 15 170 M M 2 128 M M
24 88 66 77 M 0 12 0.00 0.0 0 5.3 8 250 M M 0 1 M M
25 77 66 72 M 0 7 0.01 0.0 0 5.3 8 140 M M 5 3 M M
26 89 67 78 M 0 13 0.00 0.0 0 8.7 15 230 M M 3 23 240
27 80 69 75 M 0 10 0.16 0.0 0 6.4 12 240 M M 3 13 16 260
28 76 65 71 M 0 6 0.44 0.0 0 6.8 14 180 M M 6 13 M M
29 75 57 66 M 0 1 0.08 0.0 0 11.6 20 300 M M 4 28 300
30 66 53 60 M 5 0 0.00 0.0 0 4.4 10 100 M M 1 M M
31 74 53 64 M 1 0 T 0.0 0 6.6 17 190 M M 3 18 270
================================================================================
SM 2408 1871 23 154 2.22 0.0 188.0 M 80
================================================================================
AV 77.7 60.4 6.1 FASTST M M 3 MAX(MPH)
MISC ----> # 20 170 # 44 180
================================================================================
NOTES:
# LAST OF SEVERAL OCCURRENCES
COLUMN 17 PEAK WIND IN M.P.H.
PRELIMINARY LOCAL CLIMATOLOGICAL DATA (WS FORM: F-6) , PAGE 2
STATION: MANITOWOC AWOS
MONTH: AUGUST
YEAR: 2020
LATITUDE: 44 7 N
LONGITUDE: 87 40 W
[TEMPERATURE DATA] [PRECIPITATION DATA] SYMBOLS USED IN COLUMN 16
AVERAGE MONTHLY: 69.0 TOTAL FOR MONTH: 2.22 1 = FOG OR MIST
DPTR FM NORMAL: M DPTR FM NORMAL: M 2 = FOG REDUCING VISIBILITY
HIGHEST: 89 ON 26 GRTST 24HR 0.84 ON 10-10 TO 1/4 MILE OR LESS
LOWEST: 49 ON 5 3 = THUNDER
SNOW, ICE PELLETS, HAIL 4 = ICE PELLETS
TOTAL MONTH: 0.0 INCH 5 = HAIL
GRTST 24HR 0.0 6 = FREEZING RAIN OR DRIZZLE
GRTST DEPTH: 0 7 = DUSTSTORM OR SANDSTORM:
VSBY 1/2 MILE OR LESS
8 = SMOKE OR HAZE
[NO. OF DAYS WITH] [WEATHER - DAYS WITH] 9 = BLOWING SNOW
X = TORNADO
MAX 32 OR BELOW: 0 0.01 INCH OR MORE: 11
MAX 90 OR ABOVE: 0 0.10 INCH OR MORE: 5
MIN 32 OR BELOW: 0 0.50 INCH OR MORE: 1
MIN 0 OR BELOW: 0 1.00 INCH OR MORE: 0
[HDD (BASE 65) ]
TOTAL THIS MO. 23 CLEAR (SCALE 0-3) 20
DPTR FM NORMAL M PTCLDY (SCALE 4-7) 10
TOTAL FM JUL 1 24 CLOUDY (SCALE 8-10) 1
DPTR FM NORMAL M
[CDD (BASE 65) ]
TOTAL THIS MO. 154
DPTR FM NORMAL M [PRESSURE DATA]
TOTAL FM JAN 1 455 HIGHEST SLP M ON M
DPTR FM NORMAL 455 LOWEST SLP M ON M
[REMARKS]
#FINAL-08-20#