054
CXUS56 KOTX 010900
CF6MWH
PRELIMINARY LOCAL CLIMATOLOGICAL DATA (WS FORM: F-6)
STATION: MOSES LAKE WA AIRPORT
MONTH: JUNE
YEAR: 2020
LATITUDE: 47 12 N
LONGITUDE: 119 19 W
TEMPERATURE IN F: :PCPN: SNOW: WIND :SUNSHINE: SKY :PK WND
================================================================================
1 2 3 4 5 6A 6B 7 8 9 10 11 12 13 14 15 16 17 18
12Z AVG MX 2MIN
DY MAX MIN AVG DEP HDD CDD WTR SNW DPTH SPD SPD DIR MIN PSBL S-S WX SPD DR
================================================================================
1 80 46 63 0 2 0 0.00 M M 6.4 17 220 M M 1 24 210
2 80 48 64 1 1 0 0.00 M M 7.9 23 330 M M 1 27 340
3 81 50 66 2 0 1 0.00 M M 6.5 14 350 M M 0 17 350
4 79 55 67 3 0 2 0.00 M M 6.6 18 310 M M 0 22 300
5 76 56 66 2 0 1 0.00 M M 9.0 21 180 M M 3 25 180
6 76 52 64 0 1 0 0.00 M M 8.3 20 270 M M 2 24 270
7 74 47 61 -3 4 0 0.03 M M 7.6 25 330 M M 6 30 330
8 74 51 63 -1 2 0 0.00 M M 11.2 22 260 M M 1 29 210
9 70 53 62 -3 3 0 0.12 M M 6.9 15 160 M M 7 17 160
10 82 51 67 2 0 2 0.00 M M 4.6 13 160 M M 2 128 19 180
11 85 55 70 5 0 5 0.02 M M 6.2 15 260 M M 2 18 250
12 85 59 72 7 0 7 0.12 M M 8.5 25 170 M M 1 3 32 160
13 70 54 62 -3 3 0 0.33 M M 8.1 17 210 M M 8 1 25 220
14 73 50 62 -4 3 0 0.00 M M 7.5 16 210 M M 2 21 200
15 67 53 60 -6 5 0 0.24 M M 6.2 16 150 M M 7 1 20 140
16 71 52 62 -4 3 0 0.76 M M 5.3 16 320 M M 6 3 19 330
17 82 52 67 1 0 2 0.00 M M 6.0 16 260 M M 3 20 250
18 85 53 69 3 0 4 0.00 M M 3.6 10 170 M M 0 16 210
19 90 54 72 5 0 7 0.00 M M 5.3 15 200 M M 0 19 140
20 86 66 76 9 0 11 T M M 6.9 20 180 M M 7 24 180
21 85 62 74 7 0 9 0.00 M M 8.4 15 180 M M 0 23 170
22 89 54 72 5 0 7 0.00 M M 3.2 10 150 M M 0 13 150
23 97 58 78 10 0 13 0.00 M M 6.1 13 330 M M 0 17 170
24 97 68 83 15 0 18 0.00 M M 10.4 22 320 M M 0 27 320
25 93 65 79 11 0 14 0.00 M M 6.6 17 10 M M 0 20 10
26 99 63 81 13 0 16 0.00 M M 10.4 26 320 M M 1 33 320
27 84 60 72 4 0 7 0.00 M M 13.2 29 290 M M 0 36 290
28 73 57 65 -4 0 0 0.11 M M 9.8 22 360 M M 5 3 27 360
29 90 58 74 5 0 9 T M M 10.0 24 10 M M 2 29 360
30 83 56 70 1 0 5 0.00 M M 11.3 26 290 M M 2 34 270
================================================================================
SM 2456 1658 27 140 1.73 M 228.0 M 69
================================================================================
AV 81.9 55.3 7.6 FASTST M M 2 MAX(MPH)
MISC ----> # 29 290 # 36 290
================================================================================
NOTES:
# LAST OF SEVERAL OCCURRENCES
COLUMN 17 PEAK WIND IN M.P.H.
PRELIMINARY LOCAL CLIMATOLOGICAL DATA (WS FORM: F-6) , PAGE 2
STATION: MOSES LAKE WA AIRPORT
MONTH: JUNE
YEAR: 2020
LATITUDE: 47 12 N
LONGITUDE: 119 19 W
[TEMPERATURE DATA] [PRECIPITATION DATA] SYMBOLS USED IN COLUMN 16
AVERAGE MONTHLY: 68.6 TOTAL FOR MONTH: 1.73 1 = FOG OR MIST
DPTR FM NORMAL: 2.6 DPTR FM NORMAL: 0.98 2 = FOG REDUCING VISIBILITY
HIGHEST: 99 ON 26 GRTST 24HR 0.76 ON 16-16 TO 1/4 MILE OR LESS
LOWEST: 46 ON 1 3 = THUNDER
SNOW, ICE PELLETS, HAIL 4 = ICE PELLETS
TOTAL MONTH: M 5 = HAIL
GRTST 24HR M ON M 6 = FREEZING RAIN OR DRIZZLE
GRTST DEPTH: M ON M 7 = DUSTSTORM OR SANDSTORM:
VSBY 1/2 MILE OR LESS
8 = SMOKE OR HAZE
[NO. OF DAYS WITH] [WEATHER - DAYS WITH] 9 = BLOWING SNOW
X = TORNADO
MAX 32 OR BELOW: 0 0.01 INCH OR MORE: 8
MAX 90 OR ABOVE: 6 0.10 INCH OR MORE: 6
MIN 32 OR BELOW: 0 0.50 INCH OR MORE: 1
MIN 0 OR BELOW: 0 1.00 INCH OR MORE: 0
[HDD (BASE 65) ]
TOTAL THIS MO. 27 CLEAR (SCALE 0-3) 23
DPTR FM NORMAL -28 PTCLDY (SCALE 4-7) 7
TOTAL FM JUL 1 5191 CLOUDY (SCALE 8-10) 0
DPTR FM NORMAL -691
[CDD (BASE 65) ]
TOTAL THIS MO. 140
DPTR FM NORMAL 55 [PRESSURE DATA]
TOTAL FM JAN 1 184 HIGHEST SLP M ON M
DPTR FM NORMAL 74 LOWEST SLP 29.54 ON 5
[REMARKS]
#FINAL-06-20#