000
CXUS54 KFWD 010730
CF6MWL
PRELIMINARY LOCAL CLIMATOLOGICAL DATA (WS FORM: F-6)
STATION: MINERAL WELLS
MONTH: OCTOBER
YEAR: 2022
LATITUDE: 32 46 N
LONGITUDE: 98 4 W
TEMPERATURE IN F: :PCPN: SNOW: WIND :SUNSHINE: SKY :PK WND
================================================================================
1 2 3 4 5 6A 6B 7 8 9 10 11 12 13 14 15 16 17 18
12Z AVG MX 2MIN
DY MAX MIN AVG DEP HDD CDD WTR SNW DPTH SPD SPD DIR MIN PSBL S-S WX SPD DR
================================================================================
1 86 50 68 -3 0 3 0.00 M M 6.0 14 80 M M 0 19 40
2 85 49 67 -4 0 2 0.00 M M 4.0 15 130 M M 0 25 130
3 86 48 67 -4 0 2 0.00 M M 3.5 13 120 M M 0 18 130
4 87 52 70 0 0 5 0.00 M M 5.2 14 140 M M 0 20 140
5 90 55 73 3 0 8 0.00 M M 4.7 12 100 M M 0 17 130
6 91 55 73 3 0 8 0.00 M M 3.1 12 140 M M 0 16 140
7 91 57 74 5 0 9 0.00 M M 4.6 16 30 M M 1 24 20
8 78 56 67 -2 0 2 0.00 M M 7.5 14 340 M M 5 18 10
9 83 54 69 0 0 4 0.00 M M 5.3 12 120 M M 3 15 120
10 89 63 76 8 0 11 0.00 M M 7.1 18 210 M M 5 25 190
11 84 61 73 5 0 8 0.08 M M 8.0 20 220 M M 5 26 190
12 93 63 78 10 0 13 0.00 M M 9.8 20 220 M M 0 28 220
13 84 51 68 1 0 3 0.00 M M 5.3 13 40 M M 0 17 30
14 89 45 67 0 0 2 0.00 M M 5.9 17 210 M M 0 28 190
15 94 63 79 13 0 14 0.00 M M 9.3 20 200 M M 1 31 190
16 79 60 70 4 0 5 T M M 10.3 29 40 M M 6 40 40
17 74 49 62 -4 3 0 0.00 M M 9.2 21 340 M M 4 29 340
18 69 42 56 -9 9 0 0.00 M M 6.2 16 340 M M 0 24 10
19 74 37 56 -9 9 0 0.00 M M 5.7 14 150 M M 0 19 160
20 88 46 67 2 0 2 0.00 M M 7.1 18 280 M M 0 28 280
21 94 44 69 5 0 4 0.00 M M 7.8 21 190 M M 0 29 200
22 93 60 77 13 0 12 0.00 M M 13.6 24 200 M M 0 37 190
23 88 67 78 15 0 13 0.00 M M 17.5 30 160 M M 1 45 150
24 77 55 66 3 0 1 0.94 M M 10.4 35 260 M M 9 13 55 270
25 73 46 60 -3 5 0 0.00 M M 10.5 30 290 M M 2 8 42 280
26 75 41 58 -4 7 0 0.00 M M 5.8 17 130 M M 0 18 25 110
27 77 50 64 2 1 0 0.00 0.0 M 12.2 22 140 M M 1 29 140
28 65 52 59 -3 6 0 1.47 M M 12.2 31 340 M M 9 13 40 350
29 64 52 58 -3 7 0 0.05 M M 9.1 16 330 M M 8 1 22 330
30 76 50 63 2 2 0 0.00 M M 5.4 13 300 M M 2 19 300
31 78 47 63 3 2 0 0.00 M M 2.7 8 90 M M 0 13 130
================================================================================
SM 2554 1620 51 131 2.54 0.0 235.0 M 62
================================================================================
AV 82.4 52.3 7.6 FASTST M M 2 MAX(MPH)
MISC ----> 35 260 55 270
================================================================================
NOTES:
# LAST OF SEVERAL OCCURRENCES
COLUMN 17 PEAK WIND IN M.P.H.
PRELIMINARY LOCAL CLIMATOLOGICAL DATA (WS FORM: F-6) , PAGE 2
STATION: MINERAL WELLS
MONTH: OCTOBER
YEAR: 2022
LATITUDE: 32 46 N
LONGITUDE: 98 4 W
[TEMPERATURE DATA] [PRECIPITATION DATA] SYMBOLS USED IN COLUMN 16
AVERAGE MONTHLY: 67.3 TOTAL FOR MONTH: 2.54 1 = FOG OR MIST
DPTR FM NORMAL: 1.3 DPTR FM NORMAL: -0.74 2 = FOG REDUCING VISIBILITY
HIGHEST: 94 ON 21,15 GRTST 24HR 1.49 ON 28-29 TO 1/4 MILE OR LESS
LOWEST: 37 ON 19 3 = THUNDER
SNOW, ICE PELLETS, HAIL 4 = ICE PELLETS
TOTAL MONTH: 0.0 INCH 5 = HAIL
GRTST 24HR 0.0 6 = FREEZING RAIN OR DRIZZLE
GRTST DEPTH: M ON M 7 = DUSTSTORM OR SANDSTORM:
VSBY 1/2 MILE OR LESS
8 = SMOKE OR HAZE
[NO. OF DAYS WITH] [WEATHER - DAYS WITH] 9 = BLOWING SNOW
X = TORNADO
MAX 32 OR BELOW: 0 0.01 INCH OR MORE: 4
MAX 90 OR ABOVE: 7 0.10 INCH OR MORE: 2
MIN 32 OR BELOW: 0 0.50 INCH OR MORE: 2
MIN 0 OR BELOW: 0 1.00 INCH OR MORE: 1
[HDD (BASE 65) ]
TOTAL THIS MO. 51 CLEAR (SCALE 0-3) 22
DPTR FM NORMAL -40 PTCLDY (SCALE 4-7) 6
TOTAL FM JUL 1 51 CLOUDY (SCALE 8-10) 3
DPTR FM NORMAL -46
[CDD (BASE 65) ]
TOTAL THIS MO. 131
DPTR FM NORMAL 9 [PRESSURE DATA]
TOTAL FM JAN 1 3236 HIGHEST SLP M ON M
DPTR FM NORMAL 769 LOWEST SLP 29.59 ON 24
[REMARKS]
#FINAL-10-22#