000
CXUS54 KFWD 010731
CF6MWL
PRELIMINARY LOCAL CLIMATOLOGICAL DATA (WS FORM: F-6)
STATION: MINERAL WELLS
MONTH: OCTOBER
YEAR: 2023
LATITUDE: 32 46 N
LONGITUDE: 98 4 W
TEMPERATURE IN F: :PCPN: SNOW: WIND :SUNSHINE: SKY :PK WND
================================================================================
1 2 3 4 5 6A 6B 7 8 9 10 11 12 13 14 15 16 17 18
12Z AVG MX 2MIN
DY MAX MIN AVG DEP HDD CDD WTR SNW DPTH SPD SPD DIR MIN PSBL S-S WX SPD DR
================================================================================
1 94 67 81 10 0 16 0.00 M M 7.1 20 130 M M 0 27 130
2 93 65 79 8 0 14 0.00 M M 6.8 17 120 M M 1 24 140
3 94 68 81 10 0 16 0.00 M M 10.6 20 150 M M 2 27 160
4 97 67 82 12 0 17 1.80 M M 10.2 41 310 M M 6 138 59 330
5 86 67 77 7 0 12 0.04 M M 6.4 16 10 M M 6 1 21 10
6 88 60 74 4 0 9 0.00 M M 6.9 20 40 M M 0 1 31 50
7 73 51 62 -7 3 0 0.00 M M 6.2 17 20 M M 1 24 10
8 83 48 66 -3 0 1 0.00 M M 5.8 14 150 M M 0 21 170
9 90 57 74 5 0 9 0.00 M M 7.6 15 200 M M 0 21 180
10 85 58 72 4 0 7 0.00 M M 9.2 18 160 M M 1 25 140
11 80 64 72 4 0 7 0.00 M M 12.8 22 150 M M 7 32 140
12 92 67 80 12 0 15 0.00 M M 13.5 22 190 M M 4 30 160
13 78 58 68 1 0 3 0.00 M M 10.4 28 340 M M 0 37 320
14 73 49 61 -6 4 0 0.00 M M 9.1 18 330 M M 0 26 350
15 69 45 57 -9 8 0 0.00 M M 11.1 24 350 M M 0 33 330
16 69 42 56 -10 9 0 0.00 M M 7.3 21 340 M M 0 29 360
17 78 38 58 -8 7 0 0.00 M M 5.1 13 140 M M 0 16 140
18 85 49 67 2 0 2 0.00 M M 11.3 22 180 M M 0 31 180
19 88 52 70 5 0 5 0.00 M M 5.7 17 360 M M 0 24 340
20 94 48 71 6 0 6 0.00 M M 3.6 13 280 M M 0 16 290
21 94 53 74 10 0 9 0.00 M M 4.2 13 190 M M 0 17 200
22 84 63 74 10 0 9 0.00 M M 8.2 17 140 M M 0 24 140
23 82 62 72 9 0 7 1.06 M M 10.1 22 170 M M 7 1 33 170
24 74 65 70 7 0 5 0.74 M M 13.1 21 150 M M 10 1 29 160
25 77 67 72 9 0 7 2.61 M M 9.6 17 160 M M 10 13 24 150
26 86 66 76 14 0 11 0.09 M M 8.2 16 150 M M 3 12 23 210
27 84 62 73 11 0 8 T M M 9.9 21 330 M M 6 1 26 340
28 62 53 58 -4 7 0 1.82 M M 7.4 12 10 M M 10 1 M M
29 M M M M M M M M M M M M M M M M M
30 50 35 43 -18 22 0 0.12 M M 13.0 22 340 M M 0 1 31 360
31 62 31 47 -13 18 0 0.00 M M 7.3 17 350 M M 0 8 22 360
================================================================================
SM 2444 1677 78 195 8.28 M 257.7 M 74
================================================================================
AV 81.5 55.9 8.6 FASTST M M 2 MAX(MPH)
MISC ----> 41 310 59 330
================================================================================
NOTES:
# LAST OF SEVERAL OCCURRENCES
COLUMN 17 PEAK WIND IN M.P.H.
PRELIMINARY LOCAL CLIMATOLOGICAL DATA (WS FORM: F-6) , PAGE 2
STATION: MINERAL WELLS
MONTH: OCTOBER
YEAR: 2023
LATITUDE: 32 46 N
LONGITUDE: 98 4 W
[TEMPERATURE DATA] [PRECIPITATION DATA] SYMBOLS USED IN COLUMN 16
AVERAGE MONTHLY: 68.7 TOTAL FOR MONTH: 8.28 1 = FOG OR MIST
DPTR FM NORMAL: 2.7 DPTR FM NORMAL: 5.00 2 = FOG REDUCING VISIBILITY
HIGHEST: 97 ON 4 GRTST 24HR 2.70 ON 25-26 TO 1/4 MILE OR LESS
LOWEST: 31 ON 31 3 = THUNDER
SNOW, ICE PELLETS, HAIL 4 = ICE PELLETS
TOTAL MONTH: M 5 = HAIL
GRTST 24HR M ON M 6 = FREEZING RAIN OR DRIZZLE
GRTST DEPTH: M ON M 7 = DUSTSTORM OR SANDSTORM:
VSBY 1/2 MILE OR LESS
8 = SMOKE OR HAZE
[NO. OF DAYS WITH] [WEATHER - DAYS WITH] 9 = BLOWING SNOW
X = TORNADO
MAX 32 OR BELOW: 0 0.01 INCH OR MORE: 8
MAX 90 OR ABOVE: 8 0.10 INCH OR MORE: 6
MIN 32 OR BELOW: 1 0.50 INCH OR MORE: 5
MIN 0 OR BELOW: 0 1.00 INCH OR MORE: 4
[HDD (BASE 65) ]
TOTAL THIS MO. 78 CLEAR (SCALE 0-3) 20
DPTR FM NORMAL -13 PTCLDY (SCALE 4-7) 7
TOTAL FM JUL 1 78 CLOUDY (SCALE 8-10) 4
DPTR FM NORMAL -19
[CDD (BASE 65) ]
TOTAL THIS MO. 195
DPTR FM NORMAL 73 [PRESSURE DATA]
TOTAL FM JAN 1 3311 HIGHEST SLP M ON M
DPTR FM NORMAL 844 LOWEST SLP 29.47 ON 12
[REMARKS]
#FINAL-10-23#