000
CXUS56 KSTO 011300
CF6MYV
PRELIMINARY LOCAL CLIMATOLOGICAL DATA (WS FORM: F-6)
STATION: MARYSVILLE
MONTH: MARCH
YEAR: 2023
LATITUDE: 39 6 N
LONGITUDE: 121-34 E
TEMPERATURE IN F: :PCPN: SNOW: WIND :SUNSHINE: SKY :PK WND
================================================================================
1 2 3 4 5 6A 6B 7 8 9 10 11 12 13 14 15 16 17 18
12Z AVG MX 2MIN
DY MAX MIN AVG DEP HDD CDD WTR SNW DPTH SPD SPD DIR MIN PSBL S-S WX SPD DR
================================================================================
1 55 32 44 -9 21 0 0.00 M M 14.1 25 330 M M 0 8 34 310
2 57 31 44 -9 21 0 0.00 M M 6.6 14 340 M M 1 18 340
3 61 34 48 -6 17 0 0.00 M M 6.0 14 170 M M 1 17 180
4 54 43 49 -5 16 0 0.17 M M 14.6 23 170 M M 3 1 28 140
5 56 39 48 -6 17 0 0.22 M M 13.7 36 180 M M 4 1 41 180
6 52 38 45 -9 20 0 0.27 M M 8.1 16 220 M M 7 1 21 230
7 54 40 47 -7 18 0 T M M 10.0 20 180 M M 6 23 180
8 56 40 48 -6 17 0 0.06 M M 10.6 18 190 M M 5 23 170
9 52 39 46 -8 19 0 0.62 0.0 M 13.9 33 160 M M 8 1 48 160
10 61 50 56 2 9 0 0.19 M M 15.2 29 170 M M 6 1 43 160
11 55 48 52 -2 13 0 0.05 M M M M M M M M M M
12 58 52 55 1 10 0 0.47 M M M M M M M M M M
13 67 53 60 5 5 0 0.02 M M 12.5 21 200 M M M 25 190
14 63 47 55 0 10 0 0.60 M M M M M M M M M M
15 M M M M M M 0.00 M M M M M M M M M M
16 66 40 53 -2 12 0 0.00 M M 2.5 8 350 M M 0 11 260
17 68 40 54 -1 11 0 0.00 M M 3.8 14 330 M M 0 18 320
18 67 42 55 0 10 0 0.00 M M 2.7 10 70 M M 0 13 70
19 57 51 54 -1 11 0 0.57 M M 10.4 25 170 M M 9 1 30 170
20 60 47 54 -1 11 0 0.00 M M 10.0 18 180 M M 3 22 180
21 61 47 54 -1 11 0 0.45 M M 9.0 36 160 M M 8 1 45 170
22 58 47 53 -2 12 0 0.04 0.0 M 7.3 22 160 M M 8 25 160
23 61 47 54 -1 11 0 0.02 0.0 M 9.6 20 270 M M 6 3 25 270
24 60 41 51 -5 14 0 0.00 M M 9.7 18 340 M M 1 23 330
25 60 42 51 -5 14 0 0.00 M M 12.7 23 330 M M 0 29 310
26 60 39 50 -6 15 0 0.00 M M 8.8 17 340 M M 0 24 330
27 64 32 48 -8 17 0 T M M 6.3 17 210 M M 3 25 170
28 51 43 47 -9 18 0 0.58 M M 12.4 29 180 M M 9 1 38 160
29 53 43 48 -8 17 0 0.90 M M 7.9 20 200 M M 9 1 25 200
30 60 39 50 -6 15 0 0.00 M M 6.4 14 180 M M 6 12 16 150
31 61 44 53 -3 12 0 0.00 M M 8.6 15 140 M M 5 18 190
================================================================================
SM 1768 1270 424 0 5.23 0.0 253.4 M 108
================================================================================
AV 58.9 42.3 9.4 FASTST M M 4 MAX(MPH)
MISC ----> # 36 180 48 160
================================================================================
NOTES:
# LAST OF SEVERAL OCCURRENCES
COLUMN 17 PEAK WIND IN M.P.H.
PRELIMINARY LOCAL CLIMATOLOGICAL DATA (WS FORM: F-6) , PAGE 2
STATION: MARYSVILLE
MONTH: MARCH
YEAR: 2023
LATITUDE: 39 6 N
LONGITUDE: 121-34 E
[TEMPERATURE DATA] [PRECIPITATION DATA] SYMBOLS USED IN COLUMN 16
AVERAGE MONTHLY: 50.6 TOTAL FOR MONTH: 5.23 1 = FOG OR MIST
DPTR FM NORMAL: -4.2 DPTR FM NORMAL: 2.31 2 = FOG REDUCING VISIBILITY
HIGHEST: 68 ON 17 GRTST 24HR 1.00 ON 28-29 TO 1/4 MILE OR LESS
LOWEST: 31 ON 2 3 = THUNDER
SNOW, ICE PELLETS, HAIL 4 = ICE PELLETS
TOTAL MONTH: 0.0 INCH 5 = HAIL
GRTST 24HR 0.0 6 = FREEZING RAIN OR DRIZZLE
GRTST DEPTH: M ON M 7 = DUSTSTORM OR SANDSTORM:
VSBY 1/2 MILE OR LESS
8 = SMOKE OR HAZE
[NO. OF DAYS WITH] [WEATHER - DAYS WITH] 9 = BLOWING SNOW
X = TORNADO
MAX 32 OR BELOW: 0 0.01 INCH OR MORE: 16
MAX 90 OR ABOVE: 0 0.10 INCH OR MORE: 11
MIN 32 OR BELOW: 3 0.50 INCH OR MORE: 5
MIN 0 OR BELOW: 0 1.00 INCH OR MORE: 0
[HDD (BASE 65) ]
TOTAL THIS MO. 424 CLEAR (SCALE 0-3) 11
DPTR FM NORMAL 107 PTCLDY (SCALE 4-7) 10
TOTAL FM JUL 1 2227 CLOUDY (SCALE 8-10) 10
DPTR FM NORMAL -85
[CDD (BASE 65) ]
TOTAL THIS MO. 0
DPTR FM NORMAL -1 [PRESSURE DATA]
TOTAL FM JAN 1 0 HIGHEST SLP 30.45 ON 24
DPTR FM NORMAL -1 LOWEST SLP 29.36 ON 21
[REMARKS]
#FINAL-03-23#