000
CXHW50 PHFO 011250
CF6NGF
PRELIMINARY LOCAL CLIMATOLOGICAL DATA (WS FORM: F-6)
STATION: KANEOHE BAY MCAS HI
MONTH: APRIL
YEAR: 2021
LATITUDE: 21 25 N
LONGITUDE: 157 46 W
TEMPERATURE IN F: :PCPN: SNOW: WIND :SUNSHINE: SKY :PK WND
================================================================================
1 2 3 4 5 6A 6B 7 8 9 10 11 12 13 14 15 16 17 18
12Z AVG MX 2MIN
DY MAX MIN AVG DEP HDD CDD WTR SNW DPTH SPD SPD DIR MIN PSBL S-S WX SPD DR
================================================================================
1 75 72 74 0 0 9 0.02 M M 9.8 12 50 M M 4 20 80
2 72 71 72 -2 0 7 0.02 M M 12.6 14 50 M M 4 M M
3 74 74 74 0 0 9 0.00 M M 13.0 13 60 M M 6 25 60
4 69 66 68 -6 0 3 0.14 M M 12.4 16 50 M M 10 23 50
5 75 71 73 -1 0 8 T M M 13.6 14 70 M M 8 21 70
6 70 68 69 -5 0 4 0.03 M M 16.1 18 50 M M 7 24 60
7 70 69 70 -4 0 5 0.04 M M 15.6 16 50 M M 5 19 70
8 78 70 74 0 0 9 0.00 M M 14.0 17 60 M M 3 22 70
9 74 70 72 -2 0 7 0.03 M M 9.0 11 60 M M 4 16 100
10 77 70 74 0 0 9 T M M 8.8 13 20 M M 4 M M
11 73 68 71 -3 0 6 T M M 4.3 7 290 M M 4 M M
12 69 69 69 -5 0 4 0.00 M M 7.8 8 40 M M 4 M M
13 72 72 72 -2 0 7 0.02 M M 7.8 8 60 M M 4 22 50
14 79 71 75 1 0 10 T M M 11.2 16 50 M M 4 M M
15 74 72 73 -1 0 8 T M M 7.8 13 60 M M 4 M M
16 72 72 72 -2 0 7 0.17 M M 5.6 7 60 M M 5 M M
17 76 68 72 -2 0 7 0.61 M M 4.1 12 40 M M 7 1 M M
18 74 74 74 0 0 9 0.00 M M 6.1 6 90 M M 4 M M
19 75 75 75 1 0 10 T M M 2.6 3 60 M M 5 M M
20 79 78 79 5 0 14 0.02 M M 3.5 7 30 M M 6 3 M M
21 77 75 76 2 0 11 0.00 M M 3.0 7 50 M M 4 M M
22 79 75 77 3 0 12 0.00 M M 7.1 10 70 M M 4 17 90
23 78 74 76 2 0 11 T M M 11.1 13 70 M M 5 22 70
24 75 73 74 0 0 9 T M M 10.0 11 70 M M 6 25 70
25 78 73 76 2 0 11 T M M 9.7 12 70 M M 7 19 70
26 81 70 76 2 0 11 0.01 M M 6.2 12 80 M M 6 22 80
27 78 77 78 4 0 13 0.02 M M 4.1 7 50 M M 6 M M
28 77 71 74 0 0 9 0.24 M M 11.0 13 40 M M 7 1 21 10
29 73 72 73 -1 0 8 0.09 M M 11.3 14 50 M M 8 M M
30 78 73 76 2 0 11 T M M 9.5 14 50 M M 9 17 80
================================================================================
SM 2251 2153 0 258 1.46 M 268.8 M 164
================================================================================
AV 75.0 71.8 9.0 FASTST M M 5 MAX(MPH)
MISC ----> 18 50 # 25 60
================================================================================
NOTES:
# LAST OF SEVERAL OCCURRENCES
COLUMN 17 PEAK WIND IN M.P.H.
PRELIMINARY LOCAL CLIMATOLOGICAL DATA (WS FORM: F-6) , PAGE 2
STATION: KANEOHE BAY MCAS HI
MONTH: APRIL
YEAR: 2021
LATITUDE: 21 25 N
LONGITUDE: 157 46 W
[TEMPERATURE DATA] [PRECIPITATION DATA] SYMBOLS USED IN COLUMN 16
AVERAGE MONTHLY: 73.4 TOTAL FOR MONTH: 1.46 1 = FOG OR MIST
DPTR FM NORMAL: -0.7 DPTR FM NORMAL: -0.71 2 = FOG REDUCING VISIBILITY
HIGHEST: 81 ON 26 GRTST 24HR 0.61 ON 17-17 TO 1/4 MILE OR LESS
LOWEST: 66 ON 4 3 = THUNDER
SNOW, ICE PELLETS, HAIL 4 = ICE PELLETS
TOTAL MONTH: M 5 = HAIL
GRTST 24HR M ON M 6 = FREEZING RAIN OR DRIZZLE
GRTST DEPTH: M ON M 7 = DUSTSTORM OR SANDSTORM:
VSBY 1/2 MILE OR LESS
8 = SMOKE OR HAZE
[NO. OF DAYS WITH] [WEATHER - DAYS WITH] 9 = BLOWING SNOW
X = TORNADO
MAX 32 OR BELOW: 0 0.01 INCH OR MORE: 14
MAX 90 OR ABOVE: 0 0.10 INCH OR MORE: 4
MIN 32 OR BELOW: 0 0.50 INCH OR MORE: 1
MIN 0 OR BELOW: 0 1.00 INCH OR MORE: 0
[HDD (BASE 65) ]
TOTAL THIS MO. 0 CLEAR (SCALE 0-3) 0
DPTR FM NORMAL 0 PTCLDY (SCALE 4-7) 27
TOTAL FM JUL 1 0 CLOUDY (SCALE 8-10) 3
DPTR FM NORMAL 0
[CDD (BASE 65) ]
TOTAL THIS MO. 258
DPTR FM NORMAL -14 [PRESSURE DATA]
TOTAL FM JAN 1 1080 HIGHEST SLP M ON M
DPTR FM NORMAL 93 LOWEST SLP 29.88 ON 12
[REMARKS]
#FINAL-04-21#