000
CXUS51 KOKX 020035
CF6NYC
PRELIMINARY LOCAL CLIMATOLOGICAL DATA (WS FORM: F-6)
STATION: CENTRAL PARK NY
MONTH: JULY
YEAR: 2020
LATITUDE: 40 46 N
LONGITUDE: 73 58 W
TEMPERATURE IN F: :PCPN: SNOW: WIND :SUNSHINE: SKY :PK WND
================================================================================
1 2 3 4 5 6A 6B 7 8 9 10 11 12 13 14 15 16 17 18
12Z AVG MX 2MIN
DY MAX MIN AVG DEP HDD CDD WTR SNW DPTH SPD SPD DIR MIN PSBL S-S WX SPD DR
================================================================================
1 80 67 74 -1 0 9 0.03 0.0 0 2.3 12 70 M M 3 3 16 80
2 92 68 80 4 0 15 0.00 0.0 0 3.3 12 30 M M 2 19 10
3 90 71 81 5 0 16 0.13 0.0 0 3.6 15 50 M M 5 138 21 50
4 87 68 78 2 0 13 0.00 0.0 0 4.5 10 60 M M 5 18 15 40
5 92 72 82 6 0 17 0.00 0.0 0 2.4 10 250 M M 2 8 43 210
6 96 70 83 7 0 18 0.54 0.0 0 2.8 17 240 M M 2 13 31 230
7 82 72 77 1 0 12 0.00 0.0 0 4.3 10 130 M M 9 15 120
8 83 75 79 3 0 14 0.02 0.0 0 2.5 21 210 M M 5 1 22 210
9 89 75 82 6 0 17 0.00 0.0 0 2.6 9 150 M M 1 8 17 210
10 77 73 75 -1 0 10 2.54 0.0 0 7.1 17 130 M M 9 12 31 140
11 83 72 78 2 0 13 0.76 0.0 0 3.3 12 230 M M 4 18 22 200
12 87 71 79 2 0 14 0.04 0.0 0 4.8 12 250 M M 2 1 21 230
13 86 70 78 1 0 13 0.02 0.0 0 4.1 13 270 M M 2 1 19 280
14 85 70 78 1 0 13 0.00 0.0 0 4.7 12 20 M M 2 18 300
15 82 70 76 -1 0 11 0.00 0.0 0 5.8 13 50 M M 5 17 60
16 78 69 74 -3 0 9 0.00 0.0 0 3.7 12 140 M M 5 20 140
17 84 69 77 0 0 12 0.03 0.0 0 2.0 8 50 M M 7 23 170
18 91 72 82 5 0 17 0.00 0.0 0 1.4 7 240 M M 0 1 20 130
19 94 77 86 9 0 21 0.00 0.0 0 4.2 8 240 M M 0 27 260
20 93 81 87 10 0 22 0.00 0.0 0 3.9 13 280 M M 1 22 270
21 91 77 84 7 0 19 0.00 0.0 0 1.8 9 250 M M 0 14 150
22 92 72 82 5 0 17 1.42 0.0 0 2.9 23 280 M M 4 123 35 300
23 86 73 80 3 0 15 T 0.0 0 4.4 12 250 M M 2 18 230
24 80 72 76 -1 0 11 0.19 0.0 0 3.1 13 60 M M 5 138 20 230
25 88 72 80 3 0 15 0.00 0.0 0 3.7 9 230 M M 1 18 15 220
26 92 77 85 8 0 20 0.00 0.0 0 5.4 14 280 M M 1 21 290
27 93 76 85 8 0 20 0.00 0.0 0 5.2 14 230 M M 0 22 230
28 93 80 87 10 0 22 0.00 0.0 0 4.6 14 240 M M 2 23 240
29 90 77 84 7 0 19 0.00 0.0 0 1.6 9 230 M M 2 25 210
30 92 74 83 6 0 18 0.08 0.0 0 3.0 12 240 M M 0 1 19 230
31 82 70 76 -1 0 11 0.78 0.0 0 1.5 14 50 M M 7 13 22 50
================================================================================
SM 2710 2252 0 473 6.58 0.0 110.5 M 95
================================================================================
AV 87.4 72.7 3.6 FASTST M M 3 MAX(MPH)
MISC ----> # 23 280 # 43 210
================================================================================
NOTES:
# LAST OF SEVERAL OCCURRENCES
COLUMN 17 PEAK WIND IN M.P.H.
PRELIMINARY LOCAL CLIMATOLOGICAL DATA (WS FORM: F-6) , PAGE 2
STATION: CENTRAL PARK NY
MONTH: JULY
YEAR: 2020
LATITUDE: 40 46 N
LONGITUDE: 73 58 W
[TEMPERATURE DATA] [PRECIPITATION DATA] SYMBOLS USED IN COLUMN 16
AVERAGE MONTHLY: 80.0 TOTAL FOR MONTH: 6.58 1 = FOG OR MIST
DPTR FM NORMAL: 3.5 DPTR FM NORMAL: 1.98 2 = FOG REDUCING VISIBILITY
HIGHEST: 96 ON 6 GRTST 24HR 2.54 ON 10-10 TO 1/4 MILE OR LESS
LOWEST: 67 ON 1 3 = THUNDER
SNOW, ICE PELLETS, HAIL 4 = ICE PELLETS
TOTAL MONTH: 0.0 INCH 5 = HAIL
GRTST 24HR 0.0 6 = FREEZING RAIN OR DRIZZLE
GRTST DEPTH: 0 7 = DUSTSTORM OR SANDSTORM:
VSBY 1/2 MILE OR LESS
8 = SMOKE OR HAZE
[NO. OF DAYS WITH] [WEATHER - DAYS WITH] 9 = BLOWING SNOW
X = TORNADO
MAX 32 OR BELOW: 0 0.01 INCH OR MORE: 13
MAX 90 OR ABOVE: 14 0.10 INCH OR MORE: 7
MIN 32 OR BELOW: 0 0.50 INCH OR MORE: 5
MIN 0 OR BELOW: 0 1.00 INCH OR MORE: 2
[HDD (BASE 65) ]
TOTAL THIS MO. 0 CLEAR (SCALE 0-3) 18
DPTR FM NORMAL 0 PTCLDY (SCALE 4-7) 11
TOTAL FM JUL 1 0 CLOUDY (SCALE 8-10) 2
DPTR FM NORMAL 0
[CDD (BASE 65) ]
TOTAL THIS MO. 473
DPTR FM NORMAL 118 [PRESSURE DATA]
TOTAL FM JAN 1 787 HIGHEST SLP 30.31 ON 16
DPTR FM NORMAL 151 LOWEST SLP 29.61 ON 11
[REMARKS]
#FINAL-07-20#