000
CXUS56 KMTR 010843
CLMOAK
CLIMATE REPORT
NATIONAL WEATHER SERVICE SAN FRANCISCO BAY AREA
143 AM PDT FRI SEP 01 2023
...................................
...THE OAKLAND AIRPORT CLIMATE SUMMARY FOR THE MONTH OF AUGUST 2023...
CLIMATE NORMAL PERIOD: 1991 TO 2020
CLIMATE RECORD PERIOD: 1948 TO 2023
WEATHER OBSERVED NORMAL DEPART LAST YEAR`S
VALUE DATE(S) VALUE FROM VALUE DATE(S)
NORMAL
................................................................
TEMPERATURE (F)
RECORD
HIGH 101 08/14/2020
LOW 48 08/30/1955
08/22/1955
HIGHEST 91 08/30 84 08/16
LOWEST 54 08/28 51 08/04
AVG. MAXIMUM 75.6 72.4 3.2 74.6
AVG. MINIMUM 58.7 56.9 1.8 58.1
MEAN 67.2 66.4
DAYS MAX >= 90 1 0
DAYS MAX <= 32 0 0
DAYS MIN <= 32 0 0
DAYS MIN <= 0 0 0
PRECIPITATION (INCHES)
RECORD
MAXIMUM 0.74 1976
MINIMUM 0.00 1948
TOTALS 0.02 0.04 -0.02 0.01
DAILY AVG. 0.00 0.00 -0.00 0.00
DAYS >= .01 1 1
DAYS >= .10 0 0
DAYS >= .50 0 0
DAYS >= 1.00 0 0
GREATEST
24 HR. TOTAL 0.02 08/21 TO 08/21 0.01 08/17 TO 08/17
DEGREE DAYS
HEATING TOTAL 12 50 -38 6
SINCE 7/1 72 121 -49 MM
COOLING TOTAL 86 39 47 53
SINCE 1/1 110 105 5 MM
................................................................
WIND (MPH)
AVERAGE WIND SPEED 8.8
RESULTANT WIND SPEED/DIRECTION 7/290
HIGHEST WIND SPEED/DIRECTION 32/300 DATE 08/13
HIGHEST GUST SPEED/DIRECTION 40/310 DATE 08/13
SKY COVER
POSSIBLE SUNSHINE (PERCENT) MM
AVERAGE SKY COVER 0.45
NUMBER OF DAYS FAIR 7
NUMBER OF DAYS PC 22
NUMBER OF DAYS CLOUDY 2
AVERAGE RH (PERCENT) 76
WEATHER CONDITIONS. NUMBER OF DAYS WITH
THUNDERSTORM 0 MIXED PRECIP 0
HEAVY RAIN 0 RAIN 0
LIGHT RAIN 2 FREEZING RAIN 0
LT FREEZING RAIN 0 HAIL 0
HEAVY SNOW 0 SNOW 0
LIGHT SNOW 0 SLEET 0
FOG 0 FOG W/VIS <= 1/4 MILE 0
HAZE 0
- INDICATES NEGATIVE NUMBERS.
R INDICATES RECORD WAS SET OR TIED.
MM INDICATES DATA IS MISSING.
T INDICATES TRACE AMOUNT.
$$