000
CXUS53 KOAX 011446 CCA
CLMOAX
CLIMATE REPORT
NATIONAL WEATHER SERVICE OMAHA/VALLEY NE
845 AM CST FRI DEC 01 2023
EDITED TO FIX SNOW TOTALS
...................................
...THE VALLEY NWS NE CLIMATE SUMMARY FOR THE MONTH OF NOVEMBER 2023...
CLIMATE NORMAL PERIOD 1991 TO 2020
CLIMATE RECORD PERIOD 1997 TO 2023
WEATHER OBSERVED NORMAL DEPART
VALUE DATE(S) VALUE FROM
NORMAL
................................................
TEMPERATURE (F)
HIGHEST 70 11/14
LOWEST 17 11/27
AVG. MAXIMUM 55.4 49.9 5.5
AVG. MINIMUM 31.4 30.6 0.8
MEAN 43.4 40.2 3.2
DAYS MAX >= 90 0
DAYS MAX <= 32 2
DAYS MIN <= 32 18
DAYS MIN <= 0 0
PRECIPITATION (INCHES)
TOTALS 0.29 1.37 -1.08
DAYS >= .01 4
DAYS >= .10 2
DAYS >= .50 0
DAYS >= 1.00 0
GREATEST
24 HR. TOTAL 0.24 11/19 TO 11/20
SNOWFALL (INCHES)
TOTALS 0.2 1.2 -1.0
SINCE 7/1 0.2
DAYS >= 1.0 0
GREATEST
SNOW DEPTH T
24 HR TOTAL 0.2 11/24 TO 11/25
DEGREE DAYS
HEATING TOTAL 642 743 -101
SINCE 7/1 976 1179 -203
COOLING TOTAL 0 0 0
SINCE 1/1 1403 1203 200
................................................
WIND (MPH)
HIGHEST GUST SPEED/DIRECTION 44/MM
WEATHER CONDITIONS. NUMBER OF DAYS WITH
THUNDERSTORM 0 MIXED PRECIP 0
HEAVY RAIN 0 RAIN 0
LIGHT RAIN 4 FREEZING RAIN 0
LT FREEZING RAIN 0 HAIL 0
HEAVY SNOW 0 SNOW 0
LIGHT SNOW 2 SLEET 0
FOG 0 FOG W/VIS <= 1/4 MILE 0
HAZE 0
- INDICATES NEGATIVE NUMBERS.
R INDICATES RECORD WAS SET OR TIED.
MM INDICATES DATA IS MISSING.
T INDICATES TRACE AMOUNT.
&&
NOVEMBER IN VALLEY WARMER AND DRIER THAN NORMAL. THE MONTH ENDED UP
3.2 DEGREES ABOVE NORMAL FOR AVERAGE TEMPERATURE AND 1.08 INCHES
BELOW NORMAL FOR PRECIPITATION.
$$