000
CXUS53 KGID 010830
CF6ODX
PRELIMINARY LOCAL CLIMATOLOGICAL DATA (WS FORM: F-6)
STATION: ORD NE
MONTH: OCTOBER
YEAR: 2022
LATITUDE: 41 37 N
LONGITUDE: 98 57 W
TEMPERATURE IN F: :PCPN: SNOW: WIND :SUNSHINE: SKY :PK WND
================================================================================
1 2 3 4 5 6A 6B 7 8 9 10 11 12 13 14 15 16 17 18
12Z AVG MX 2MIN
DY MAX MIN AVG DEP HDD CDD WTR SNW DPTH SPD SPD DIR MIN PSBL S-S WX SPD DR
================================================================================
1 87 53 70 13 0 5 0.00 M M 11.0 23 170 M M 0 32 170
2 84 47 66 10 0 1 0.00 M M 10.8 23 170 M M 1 34 140
3 82 49 66 10 0 1 0.10 M M 7.6 23 170 M M 3 1 34 170
4 72 51 62 7 3 0 0.56 M M 4.1 14 270 M M 6 13 17 270
5 75 44 60 5 5 0 0.00 M M 6.7 20 330 M M 1 1 27 330
6 63 43 53 -1 12 0 T M M 10.2 21 360 M M 4 28 10
7 54 30 42 -12 23 0 T M M 5.9 15 350 M M 6 23 340
8 69 27 48 -5 17 0 0.00 M M 4.0 16 260 M M 1 1 22 270
9 77 30 54 1 11 0 0.00 M M 3.1 13 320 M M 0 17 310
10 79 33 56 4 9 0 0.00 M M 6.4 21 170 M M 0 29 190
11 86 47 67 15 0 2 T M M 13.3 31 330 M M 1 45 320
12 62 31 47 -4 18 0 0.00 M M 13.5 35 320 M M 2 51 310
13 62 38 50 -1 15 0 0.00 M M 17.2 39 300 M M 1 53 320
14 65 29 47 -3 18 0 0.00 M M 12.7 35 310 M M 4 50 310
15 74 30 52 2 13 0 0.00 M M 9.6 29 300 M M 1 39 290
16 55 29 42 -8 23 0 0.00 M M 10.8 25 300 M M 3 40 320
17 52 23 38 -11 27 0 0.00 M M 7.6 16 10 M M 4 23 340
18 51 18 35 -13 30 0 0.00 M M 4.0 12 340 M M 0 16 10
19 70 19 45 -3 20 0 0.00 M M 1.0 9 290 M M 0 13 320
20 79 32 56 8 9 0 0.00 M M 6.1 14 270 M M 0 22 270
21 76 31 54 7 11 0 0.00 M M 3.7 15 20 M M 0 21 360
22 88 29 59 12 6 0 0.00 M M 4.0 16 130 M M 0 23 120
23 89 41 65 19 0 0 T M M 14.4 36 200 M M 2 50 190
24 56 34 45 -1 20 0 0.00 M M 12.1 24 290 M M 2 35 280
25 65 21 43 -2 22 0 0.00 M M 7.4 20 330 M M 0 26 340
26 58 25 42 -3 23 0 T M M 6.8 20 180 M M 6 27 170
27 49 44 47 3 18 0 0.12 M M 8.4 18 110 M M 9 28 120
28 63 37 50 6 15 0 0.00 M M 5.3 14 180 M M 4 12 18 180
29 70 35 53 9 12 0 0.00 M M 8.1 23 200 M M 0 1 29 200
30 66 30 48 5 17 0 0.00 M M 5.6 16 320 M M 0 20 20
31 75 24 50 7 15 0 0.00 M M 4.6 20 200 M M 0 26 250
================================================================================
SM 2153 1054 412 9 0.78 M 246.0 M 61
================================================================================
AV 69.5 34.0 7.9 FASTST M M 2 MAX(MPH)
MISC ----> 39 300 53 320
================================================================================
NOTES:
# LAST OF SEVERAL OCCURRENCES
COLUMN 17 PEAK WIND IN M.P.H.
PRELIMINARY LOCAL CLIMATOLOGICAL DATA (WS FORM: F-6) , PAGE 2
STATION: ORD NE
MONTH: OCTOBER
YEAR: 2022
LATITUDE: 41 37 N
LONGITUDE: 98 57 W
[TEMPERATURE DATA] [PRECIPITATION DATA] SYMBOLS USED IN COLUMN 16
AVERAGE MONTHLY: 51.7 TOTAL FOR MONTH: 0.78 1 = FOG OR MIST
DPTR FM NORMAL: 2.1 DPTR FM NORMAL: -1.13 2 = FOG REDUCING VISIBILITY
HIGHEST: 89 ON 23 GRTST 24HR 0.66 ON 3- 4 TO 1/4 MILE OR LESS
LOWEST: 18 ON 18 3 = THUNDER
SNOW, ICE PELLETS, HAIL 4 = ICE PELLETS
TOTAL MONTH: M 5 = HAIL
GRTST 24HR M ON M 6 = FREEZING RAIN OR DRIZZLE
GRTST DEPTH: M ON M 7 = DUSTSTORM OR SANDSTORM:
VSBY 1/2 MILE OR LESS
8 = SMOKE OR HAZE
[NO. OF DAYS WITH] [WEATHER - DAYS WITH] 9 = BLOWING SNOW
X = TORNADO
MAX 32 OR BELOW: 0 0.01 INCH OR MORE: 3
MAX 90 OR ABOVE: 0 0.10 INCH OR MORE: 3
MIN 32 OR BELOW: 17 0.50 INCH OR MORE: 1
MIN 0 OR BELOW: 0 1.00 INCH OR MORE: 0
[HDD (BASE 65) ]
TOTAL THIS MO. 412 CLEAR (SCALE 0-3) 22
DPTR FM NORMAL -73 PTCLDY (SCALE 4-7) 8
TOTAL FM JUL 1 470 CLOUDY (SCALE 8-10) 1
DPTR FM NORMAL -157
[CDD (BASE 65) ]
TOTAL THIS MO. 9
DPTR FM NORMAL 3 [PRESSURE DATA]
TOTAL FM JAN 1 1115 HIGHEST SLP 30.61 ON 7
DPTR FM NORMAL 276 LOWEST SLP 29.13 ON 23
[REMARKS]
#FINAL-10-22#