000
CXUS53 KGID 011601
CF6ODX
PRELIMINARY LOCAL CLIMATOLOGICAL DATA (WS FORM: F-6)
STATION: ORD NE
MONTH: JUNE
YEAR: 2021
LATITUDE: 41 37 N
LONGITUDE: 98 57 W
TEMPERATURE IN F: :PCPN: SNOW: WIND :SUNSHINE: SKY :PK WND
================================================================================
1 2 3 4 5 6A 6B 7 8 9 10 11 12 13 14 15 16 17 18
12Z AVG MX 2MIN
DY MAX MIN AVG DEP HDD CDD WTR SNW DPTH SPD SPD DIR MIN PSBL S-S WX SPD DR
================================================================================
1 77 44 61 -4 4 0 0.00 M M 4.3 18 180 M M 1 1 23 180
2 78 44 61 -5 4 0 0.00 M M 5.3 14 180 M M 0 19 180
3 89 53 71 5 0 6 0.00 M M 5.4 18 220 M M 0 25 220
4 91 58 75 9 0 10 0.00 M M 11.1 23 210 M M 0 29 200
5 91 62 77 10 0 12 0.00 M M 12.1 24 190 M M 0 39 190
6 89 66 78 11 0 13 0.00 M M 14.7 26 200 M M 1 35 190
7 91 66 79 12 0 14 0.00 M M 9.7 21 190 M M 1 33 190
8 88 64 76 8 0 11 0.00 M M 9.4 20 170 M M 1 28 180
9 91 59 75 7 0 10 0.00 M M 6.4 18 170 M M 1 26 160
10 96 69 83 15 0 18 0.00 M M 10.7 22 170 M M 1 8 35 180
11 83 51 67 -1 0 2 0.02 M M 12.8 33 340 M M 1 3 44 340
12 86 49 68 -1 0 3 0.00 M M 5.1 15 140 M M 0 22 140
13 92 53 73 4 0 8 0.00 M M 6.0 15 200 M M 0 20 200
14 98 66 82 13 0 17 0.00 M M 5.4 16 280 M M 1 8 23 270
15 95 64 80 10 0 15 0.00 M M 8.2 16 140 M M 0 27 150
16 102 68 85 15 0 20 0.00 M M 9.4 23 200 M M 0 33 230
17 96 64 80 10 0 15 0.00 M M 5.9 16 20 M M 0 21 290
18 90 63 77 7 0 12 0.35 M M 6.1 28 240 M M 0 13 40 260
19 85 59 72 2 0 7 0.00 M M 6.7 16 80 M M 0 21 90
20 84 60 72 1 0 7 0.00 M M 12.3 28 340 M M 1 38 360
21 78 51 65 -6 0 0 T M M 5.6 15 350 M M 2 19 360
22 90 50 70 -1 0 5 0.00 M M 8.9 24 230 M M 0 34 220
23 95 58 77 6 0 12 0.07 M M 9.6 45 10 M M 0 13 68 10
24 84 64 74 2 0 9 0.07 M M 6.2 22 70 M M 2 13 31 70
25 77 61 69 -3 0 4 0.48 M M 6.5 28 320 M M 5 13 42 330
26 77 58 68 -4 0 3 0.01 M M 9.8 20 360 M M 7 29 340
27 81 53 67 -5 0 2 0.01 M M 3.2 23 280 M M 2 13 33 290
28 83 57 70 -2 0 5 T M M 4.5 17 360 M M 4 23 350
29 84 55 70 -3 0 5 0.00 M M 4.0 12 110 M M 2 16 30
30 84 59 72 -1 0 7 0.00 M M 3.5 13 60 M M 1 1 17 60
================================================================================
SM 2625 1748 8 252 1.01 M 228.8 M 34
================================================================================
AV 87.5 58.3 7.6 FASTST M M 1 MAX(MPH)
MISC ----> 45 10 68 10
================================================================================
NOTES:
# LAST OF SEVERAL OCCURRENCES
COLUMN 17 PEAK WIND IN M.P.H.
PRELIMINARY LOCAL CLIMATOLOGICAL DATA (WS FORM: F-6) , PAGE 2
STATION: ORD NE
MONTH: JUNE
YEAR: 2021
LATITUDE: 41 37 N
LONGITUDE: 98 57 W
[TEMPERATURE DATA] [PRECIPITATION DATA] SYMBOLS USED IN COLUMN 16
AVERAGE MONTHLY: 72.9 TOTAL FOR MONTH: 1.01 1 = FOG OR MIST
DPTR FM NORMAL: 3.5 DPTR FM NORMAL: -2.64 2 = FOG REDUCING VISIBILITY
HIGHEST: 102 ON 16 GRTST 24HR 0.49 ON 25-26 TO 1/4 MILE OR LESS
LOWEST: 44 ON 2, 1 3 = THUNDER
SNOW, ICE PELLETS, HAIL 4 = ICE PELLETS
TOTAL MONTH: M 5 = HAIL
GRTST 24HR M ON M 6 = FREEZING RAIN OR DRIZZLE
GRTST DEPTH: M ON M 7 = DUSTSTORM OR SANDSTORM:
VSBY 1/2 MILE OR LESS
8 = SMOKE OR HAZE
[NO. OF DAYS WITH] [WEATHER - DAYS WITH] 9 = BLOWING SNOW
X = TORNADO
MAX 32 OR BELOW: 0 0.01 INCH OR MORE: 7
MAX 90 OR ABOVE: 13 0.10 INCH OR MORE: 2
MIN 32 OR BELOW: 0 0.50 INCH OR MORE: 0
MIN 0 OR BELOW: 0 1.00 INCH OR MORE: 0
[HDD (BASE 65) ]
TOTAL THIS MO. 8 CLEAR (SCALE 0-3) 27
DPTR FM NORMAL -27 PTCLDY (SCALE 4-7) 3
TOTAL FM JUL 1 6504 CLOUDY (SCALE 8-10) 0
DPTR FM NORMAL -134
[CDD (BASE 65) ]
TOTAL THIS MO. 252
DPTR FM NORMAL 85 [PRESSURE DATA]
TOTAL FM JAN 1 287 HIGHEST SLP 30.19 ON 01
DPTR FM NORMAL 78 LOWEST SLP 29.56 ON 20
[REMARKS]
#FINAL-06-21#