000
CXUS53 KGID 012158
CLMODX
CLIMATE REPORT
NATIONAL WEATHER SERVICE HASTINGS NE
458 PM CDT TUE AUG 01 2023
...................................
...THE ORD NE CLIMATE SUMMARY FOR THE MONTH OF JULY 2023...
CLIMATE NORMAL PERIOD 1991 TO 2020
CLIMATE RECORD PERIOD 1895 TO 2023
WEATHER OBSERVED NORMAL DEPART LAST YEAR`S
VALUE DATE(S) VALUE FROM VALUE DATE(S)
NORMAL
................................................................
TEMPERATURE (F)
HIGHEST 102 07/27 MM MM 99 07/10
07/23
LOWEST 50 07/06 MM MM 54 07/29
AVG. MAXIMUM 86.9 87.1 -0.2 88.5
AVG. MINIMUM 61.5 62.1 -0.6 63.4
MEAN 74.2 74.6 -0.4 76.0
DAYS MAX >= 90 9 13.2 -4.2 14
DAYS MAX <= 32 0 0.0 0.0 0
DAYS MIN <= 32 0 0.0 0.0 0
DAYS MIN <= 0 0 0.0 0.0 0
PRECIPITATION (INCHES)
TOTALS 5.63 2.65 2.98 5.27
DAILY AVG. 0.18 0.09 0.09 0.17
DAYS >= .01 11 9.8 1.2 12
DAYS >= .10 8 5.0 3.0 9
DAYS >= .50 4 1.6 2.4 4
DAYS >= 1.00 1 0.6 0.4 1
GREATEST
24 HR. TOTAL 1.95 07/29 TO 07/29
DEGREE DAYS
HEATING TOTAL 4 5 -1 0
SINCE 7/1 4 0 4 MM
COOLING TOTAL 300 302 -2 347
SINCE 1/1 579 511 68 MM
................................................................
WIND (MPH)
AVERAGE WIND SPEED MM
HIGHEST WIND SPEED/DIRECTION 55/290 DATE 07/29
HIGHEST GUST SPEED/DIRECTION 80/290 DATE 07/29
SKY COVER
POSSIBLE SUNSHINE (PERCENT) MM
AVERAGE SKY COVER 0.21
NUMBER OF DAYS FAIR 24
NUMBER OF DAYS PC 4
NUMBER OF DAYS CLOUDY 2
AVERAGE RH (PERCENT) 70
WEATHER CONDITIONS. NUMBER OF DAYS WITH
THUNDERSTORM 13 MIXED PRECIP 0
HEAVY RAIN 6 RAIN 9
LIGHT RAIN 14 FREEZING RAIN 0
LT FREEZING RAIN 0 HAIL 0
HEAVY SNOW 0 SNOW 0
LIGHT SNOW 0 SLEET 0
FOG 16 FOG W/VIS <= 1/4 MILE 2
HAZE 3
- INDICATES NEGATIVE NUMBERS.
R INDICATES RECORD WAS SET OR TIED.
MM INDICATES DATA IS MISSING.
T INDICATES TRACE AMOUNT.
$$