000
CXUS52 KCAE 011400
CF6OGB
PRELIMINARY LOCAL CLIMATOLOGICAL DATA (WS FORM: F-6)
STATION: ORANGEBURG AIRPORT SC
MONTH: JULY
YEAR: 2021
LATITUDE: 33 27 N
LONGITUDE: 80 51 W
TEMPERATURE IN F: :PCPN: SNOW: WIND :SUNSHINE: SKY :PK WND
================================================================================
1 2 3 4 5 6A 6B 7 8 9 10 11 12 13 14 15 16 17 18
12Z AVG MX 2MIN
DY MAX MIN AVG DEP HDD CDD WTR SNW DPTH SPD SPD DIR MIN PSBL S-S WX SPD DR
================================================================================
1 91 71 81 0 0 16 T M M 6.7 23 210 M M 3 12 32 210
2 79 69 74 -7 0 9 0.91 M M 6.5 13 230 M M 6 13 16 220
3 84 65 75 -6 0 10 0.08 M M 3.3 12 50 M M 3 1 17 40
4 88 62 75 -6 0 10 0.00 M M 2.0 10 320 M M 1 1 16 290
5 90 64 77 -5 0 12 0.00 M M 2.7 9 140 M M 1 1 13 150
6 90 66 78 -4 0 13 0.00 M M 3.1 12 140 M M 1 3 16 130
7 86 71 79 -3 0 14 0.13 M M 6.0 15 140 M M 2 1 20 150
8 86 72 79 -3 0 14 2.35 M M 11.2 22 280 M M 5 13 30 120
9 92 73 83 1 0 18 M M M 7.6 23 320 M M 3 13 33 320
10 90 69 80 -2 0 15 0.00 M M 4.5 10 250 M M 1 13 200
11 90 71 81 -1 0 16 0.01 M M 7.4 20 220 M M 2 25 220
12 91 72 82 0 0 17 0.15 M M 6.7 22 120 M M 4 13 30 110
13 89 71 80 -2 0 15 0.54 M M 2.8 22 170 M M 3 123 29 170
14 90 72 81 -1 0 16 0.00 M M 3.7 10 160 M M 4 12 13 150
15 90 72 81 -1 0 16 0.21 M M 3.7 17 10 M M 2 13 22 70
16 92 72 82 0 0 17 0.01 M M 5.0 18 340 M M 1 13 24 330
17 90 73 82 0 0 17 0.05 M M 5.1 15 70 M M 2 3 23 70
18 90 72 81 -1 0 16 0.56 M M 2.6 35 230 M M 2 138 43 240
19 87 71 79 -3 0 14 0.22 M M 6.1 18 220 M M 5 13 20 190
20 82 73 78 -4 0 13 1.39 M M 3.9 13 40 M M 8 13 17 40
21 87 72 80 -2 0 15 0.00 M M 6.0 14 230 M M 5 17 240
22 90 73 82 0 0 17 0.83 M M 2.9 14 290 M M 3 123 17 150
23 89 71 80 -2 0 15 0.00 M M 3.5 12 40 M M 2 128 16 30
24 88 70 79 -3 0 14 0.00 M M 3.8 12 40 M M 0 1 14 40
25 89 68 79 -3 0 14 0.00 M M 2.5 9 140 M M 0 12 60
26 93 71 82 0 0 17 0.00 M M 3.2 14 170 M M 2 19 170
27 91 76 84 2 0 19 T M M 4.1 13 150 M M 3 3 16 150
28 87 76 82 0 0 17 0.11 M M 3.4 12 190 M M 3 13 15 160
29 93 74 84 2 0 19 0.00 M M 3.6 10 180 M M 3 12 14 180
30 95 76 86 4 0 21 0.00 M M 7.4 20 210 M M 1 24 210
31 94 75 85 3 0 20 0.03 M M 4.5 16 250 M M 1 13 20 220
================================================================================
SM 2763 2203 0 476 7.58 M 145.5 M 82
================================================================================
AV 89.1 71.1 4.7 FASTST M M 3 MAX(MPH)
MISC ----> 35 230 43 240
================================================================================
NOTES:
# LAST OF SEVERAL OCCURRENCES
COLUMN 17 PEAK WIND IN M.P.H.
PRELIMINARY LOCAL CLIMATOLOGICAL DATA (WS FORM: F-6) , PAGE 2
STATION: ORANGEBURG AIRPORT SC
MONTH: JULY
YEAR: 2021
LATITUDE: 33 27 N
LONGITUDE: 80 51 W
[TEMPERATURE DATA] [PRECIPITATION DATA] SYMBOLS USED IN COLUMN 16
AVERAGE MONTHLY: 80.1 TOTAL FOR MONTH: 7.58 1 = FOG OR MIST
DPTR FM NORMAL: -1.8 DPTR FM NORMAL: 2.63 2 = FOG REDUCING VISIBILITY
HIGHEST: 95 ON 30 GRTST 24HR 2.46 ON 7- 8 TO 1/4 MILE OR LESS
LOWEST: 62 ON 4 3 = THUNDER
SNOW, ICE PELLETS, HAIL 4 = ICE PELLETS
TOTAL MONTH: M 5 = HAIL
GRTST 24HR M ON M 6 = FREEZING RAIN OR DRIZZLE
GRTST DEPTH: M ON M 7 = DUSTSTORM OR SANDSTORM:
VSBY 1/2 MILE OR LESS
8 = SMOKE OR HAZE
[NO. OF DAYS WITH] [WEATHER - DAYS WITH] 9 = BLOWING SNOW
X = TORNADO
MAX 32 OR BELOW: 0 0.01 INCH OR MORE: 16
MAX 90 OR ABOVE: 18 0.10 INCH OR MORE: 11
MIN 32 OR BELOW: 0 0.50 INCH OR MORE: 6
MIN 0 OR BELOW: 0 1.00 INCH OR MORE: 2
[HDD (BASE 65) ]
TOTAL THIS MO. 0 CLEAR (SCALE 0-3) 21
DPTR FM NORMAL 0 PTCLDY (SCALE 4-7) 10
TOTAL FM JUL 1 0 CLOUDY (SCALE 8-10) 0
DPTR FM NORMAL 0
[CDD (BASE 65) ]
TOTAL THIS MO. 476
DPTR FM NORMAL -49 [PRESSURE DATA]
TOTAL FM JAN 1 1234 HIGHEST SLP 30.31 ON 13
DPTR FM NORMAL -53 LOWEST SLP 29.73 ON 8
[REMARKS]
#FINAL-07-21#