000
CXUS53 KEAX 010736
CF6OJC
PRELIMINARY LOCAL CLIMATOLOGICAL DATA (WS FORM: F-6)
STATION: JOHNSON COUNTY EXECUTIVE KS
MONTH: JULY
YEAR: 2023
LATITUDE: 38 50 N
LONGITUDE: 94 44 W
TEMPERATURE IN F: :PCPN: SNOW: WIND :SUNSHINE: SKY :PK WND
================================================================================
1 2 3 4 5 6A 6B 7 8 9 10 11 12 13 14 15 16 17 18
12Z AVG MX 2MIN
DY MAX MIN AVG DEP HDD CDD WTR SNW DPTH SPD SPD DIR MIN PSBL S-S WX SPD DR
================================================================================
1 88 69 79 2 0 14 0.39 M M 6.9 22 350 M M 4 13 30 360
2 89 66 78 1 0 13 0.00 M M 6.6 14 360 M M 3 20 330
3 93 62 78 1 0 13 0.00 M M 2.9 10 160 M M 0 16 120
4 95 68 82 5 0 17 0.04 M M 7.3 29 260 M M 0 13 45 270
5 83 67 75 -2 0 10 0.55 M M 6.3 29 320 M M 4 13 41 330
6 81 67 74 -4 0 9 0.00 M M 6.5 13 20 M M 0 18 20
7 84 64 74 -4 0 9 0.00 M M 6.0 15 150 M M 2 22 140
8 76 64 70 -8 0 5 0.57 M M 6.4 15 360 M M 7 13 20 340
9 84 63 74 -4 0 9 0.00 M M 3.8 12 70 M M 2 18 10
10 87 60 74 -4 0 9 0.00 M M 4.2 13 260 M M 0 18 260
11 93 69 81 3 0 16 0.00 M M 6.5 15 230 M M 1 23 230
12 94 72 83 5 0 18 0.09 M M 7.2 20 350 M M 3 3 28 340
13 95 74 85 7 0 20 0.00 M M 3.3 13 340 M M 1 19 350
14 94 69 82 4 0 17 1.04 M M 6.7 40 310 M M 2 138 40 310
15 88 67 78 0 0 13 0.00 M M 4.7 13 270 M M 3 1 17 270
16 85 68 77 -1 0 12 0.07 M M 5.1 22 350 M M 1 13 35 360
17 92 69 81 3 0 16 0.00 M M 4.5 14 10 M M 3 3 18 10
18 80 70 75 -3 0 10 0.13 M M 9.2 23 10 M M 4 13 30 360
19 89 72 81 3 0 16 T M M 6.6 13 60 M M 4 17 60
20 91 75 83 4 0 18 0.01 M M 7.7 16 10 M M 2 22 360
21 83 66 75 -4 0 10 0.00 M M 6.6 16 360 M M 2 28 10
22 87 63 75 -4 0 10 0.00 M M 4.2 14 270 M M 1 20 300
23 94 65 80 1 0 15 0.00 M M 5.9 15 230 M M 0 21 230
24 91 70 81 2 0 16 0.40 M M 8.0 23 100 M M 1 13 32 70
25 93 73 83 4 0 18 0.00 M M 8.8 16 200 M M 0 24 210
26 100 82 91 12 0 26 0.00 M M 10.5 21 240 M M 0 3 31 240
27 96 73 85 6 0 20 0.00 M M 8.3 17 220 M M 0 28 220
28 100 77 89 10 0 24 0.00 M M 10.3 20 200 M M 0 29 200
29 95 74 85 6 0 20 0.01 M M 7.2 28 350 M M 1 3 39 340
30 94 69 82 3 0 17 0.63 M M 6.5 45 20 M M 1 13 73 10
31 83 69 76 -3 0 11 0.23 M M 8.7 22 350 M M 3 13 32 250
================================================================================
SM 2777 2136 0 451 4.16 M 203.4 M 55
================================================================================
AV 89.6 68.9 6.6 FASTST M M 2 MAX(MPH)
MISC ----> 45 20 73 10
================================================================================
NOTES:
# LAST OF SEVERAL OCCURRENCES
COLUMN 17 PEAK WIND IN M.P.H.
PRELIMINARY LOCAL CLIMATOLOGICAL DATA (WS FORM: F-6) , PAGE 2
STATION: JOHNSON COUNTY EXECUTIVE KS
MONTH: JULY
YEAR: 2023
LATITUDE: 38 50 N
LONGITUDE: 94 44 W
[TEMPERATURE DATA] [PRECIPITATION DATA] SYMBOLS USED IN COLUMN 16
AVERAGE MONTHLY: 79.2 TOTAL FOR MONTH: 4.16 1 = FOG OR MIST
DPTR FM NORMAL: 1.0 DPTR FM NORMAL: -0.06 2 = FOG REDUCING VISIBILITY
HIGHEST: 100 ON 28,26 GRTST 24HR 1.04 ON 14-14 TO 1/4 MILE OR LESS
LOWEST: 60 ON 10 3 = THUNDER
SNOW, ICE PELLETS, HAIL 4 = ICE PELLETS
TOTAL MONTH: M 5 = HAIL
GRTST 24HR M ON M 6 = FREEZING RAIN OR DRIZZLE
GRTST DEPTH: M ON M 7 = DUSTSTORM OR SANDSTORM:
VSBY 1/2 MILE OR LESS
8 = SMOKE OR HAZE
[NO. OF DAYS WITH] [WEATHER - DAYS WITH] 9 = BLOWING SNOW
X = TORNADO
MAX 32 OR BELOW: 0 0.01 INCH OR MORE: 13
MAX 90 OR ABOVE: 16 0.10 INCH OR MORE: 8
MIN 32 OR BELOW: 0 0.50 INCH OR MORE: 4
MIN 0 OR BELOW: 0 1.00 INCH OR MORE: 1
[HDD (BASE 65) ]
TOTAL THIS MO. 0 CLEAR (SCALE 0-3) 25
DPTR FM NORMAL 0 PTCLDY (SCALE 4-7) 6
TOTAL FM JUL 1 0 CLOUDY (SCALE 8-10) 0
DPTR FM NORMAL 0
[CDD (BASE 65) ]
TOTAL THIS MO. 451
DPTR FM NORMAL 42 [PRESSURE DATA]
TOTAL FM JAN 1 974 HIGHEST SLP M ON M
DPTR FM NORMAL 176 LOWEST SLP 29.69 ON 14
[REMARKS]
#FINAL-07-23#