000
CXUS55 KTWC 010855
CF6OLS
PRELIMINARY LOCAL CLIMATOLOGICAL DATA (WS FORM: F-6)
STATION: NOGALES AZ AIRPORT
MONTH: APRIL
YEAR: 2023
LATITUDE: 31 25 N
LONGITUDE: 110 51 W
TEMPERATURE IN F: :PCPN: SNOW: WIND :SUNSHINE: SKY :PK WND
================================================================================
1 2 3 4 5 6A 6B 7 8 9 10 11 12 13 14 15 16 17 18
12Z AVG MX 2MIN
DY MAX MIN AVG DEP HDD CDD WTR SNW DPTH SPD SPD DIR MIN PSBL S-S WX SPD DR
================================================================================
1 80 34 57 -3 8 0 0.00 M M 6.5 22 230 M M 0 29 230
2 81 37 59 -1 6 0 0.00 M M 5.3 17 260 M M 0 24 260
3 80 38 59 -1 6 0 0.00 M M 11.7 30 250 M M M 43 250
4 58 35 47 -13 18 0 0.00 M M 6.7 17 300 M M M 8 27 300
5 67 27 47 -13 18 0 0.00 M M 5.0 14 270 M M M 21 20
6 78 32 55 -5 10 0 0.00 M M 4.9 22 210 M M M 29 210
7 80 36 58 -2 7 0 0.00 M M 5.8 21 220 M M M 30 210
8 82 39 61 0 4 0 0.00 M M 3.9 15 240 M M M 22 290
9 84 41 63 2 2 0 0.00 M M 3.8 10 40 M M M 19 290
10 91 45 68 7 0 3 0.00 M M 4.9 16 150 M M 0 21 140
11 92 51 72 11 0 7 0.00 M M 6.9 21 190 M M M 29 190
12 88 50 69 8 0 4 0.00 M M 9.5 28 210 M M 0 38 260
13 80 56 68 7 0 3 0.00 M M 14.3 30 230 M M 0 41 240
14 75 48 62 0 3 0 0.00 M M 12.1 24 220 M M 0 36 200
15 81 39 60 -2 5 0 0.00 M M 3.9 14 260 M M 0 22 250
16 86 43 65 3 0 0 0.00 M M 3.8 16 220 M M 0 24 230
17 84 45 65 3 0 0 0.00 M M 2.5 8 180 M M 0 11 200
18 82 44 63 1 2 0 0.00 M M 7.0 21 210 M M 0 32 260
19 79 44 62 0 3 0 0.00 M M 7.7 21 220 M M 0 30 220
20 81 39 60 -2 5 0 0.00 M M 4.3 16 350 M M 0 28 330
21 86 40 63 0 2 0 0.00 M M 4.9 13 330 M M 0 21 320
22 86 43 65 2 0 0 0.00 M M 5.1 18 310 M M 0 28 360
23 88 48 68 5 0 3 0.00 M M 6.4 20 250 M M 0 27 260
24 83 47 65 2 0 0 0.00 M M 7.0 18 240 M M 0 29 250
25 83 46 65 1 0 0 0.00 M M 6.5 22 220 M M 0 29 230
26 83 47 65 1 0 0 0.00 M M 4.9 15 320 M M 0 23 260
27 87 44 66 2 0 1 0.00 M M 4.3 15 280 M M 0 25 290
28 88 47 68 4 0 3 0.00 M M 5.5 15 320 M M 0 25 300
29 93 47 70 6 0 5 0.00 M M 3.2 15 160 M M 0 20 160
30 95 50 73 8 0 8 0.00 M M 5.3 21 210 M M 0 28 170
================================================================================
SM 2481 1282 99 37 0.00 M 183.6 M 0
================================================================================
AV 82.7 42.7 6.1 FASTST M M 0 MAX(MPH)
MISC ----> # 30 250 43 250
================================================================================
NOTES:
# LAST OF SEVERAL OCCURRENCES
COLUMN 17 PEAK WIND IN M.P.H.
PRELIMINARY LOCAL CLIMATOLOGICAL DATA (WS FORM: F-6) , PAGE 2
STATION: NOGALES AZ AIRPORT
MONTH: APRIL
YEAR: 2023
LATITUDE: 31 25 N
LONGITUDE: 110 51 W
[TEMPERATURE DATA] [PRECIPITATION DATA] SYMBOLS USED IN COLUMN 16
AVERAGE MONTHLY: 62.7 TOTAL FOR MONTH: 0.00 1 = FOG OR MIST
DPTR FM NORMAL: 0.8 DPTR FM NORMAL: -0.28 2 = FOG REDUCING VISIBILITY
HIGHEST: 95 ON 30 GRTST 24HR 0.00 ON 1- 1 TO 1/4 MILE OR LESS
LOWEST: 27 ON 5 3 = THUNDER
SNOW, ICE PELLETS, HAIL 4 = ICE PELLETS
TOTAL MONTH: M 5 = HAIL
GRTST 24HR M ON M 6 = FREEZING RAIN OR DRIZZLE
GRTST DEPTH: M ON M 7 = DUSTSTORM OR SANDSTORM:
VSBY 1/2 MILE OR LESS
8 = SMOKE OR HAZE
[NO. OF DAYS WITH] [WEATHER - DAYS WITH] 9 = BLOWING SNOW
X = TORNADO
MAX 32 OR BELOW: 0 0.01 INCH OR MORE: 0
MAX 90 OR ABOVE: 4 0.10 INCH OR MORE: 0
MIN 32 OR BELOW: 2 0.50 INCH OR MORE: 0
MIN 0 OR BELOW: 0 1.00 INCH OR MORE: 0
[HDD (BASE 65) ]
TOTAL THIS MO. 99 CLEAR (SCALE 0-3) 22
DPTR FM NORMAL -21 PTCLDY (SCALE 4-7) 0
TOTAL FM JUL 1 2305 CLOUDY (SCALE 8-10) 8
DPTR FM NORMAL 289
[CDD (BASE 65) ]
TOTAL THIS MO. 37
DPTR FM NORMAL 10 [PRESSURE DATA]
TOTAL FM JAN 1 37 HIGHEST SLP M ON M
DPTR FM NORMAL 4 LOWEST SLP 29.55 ON 13
[REMARKS]
#FINAL-04-23#