330
CXAK56 PAFG 010940
CF6OME
PRELIMINARY LOCAL CLIMATOLOGICAL DATA (WS FORM: F-6)
STATION: NOME AK
MONTH: JULY
YEAR: 2020
LATITUDE: 64 30 N
LONGITUDE: 165 26 W
TEMPERATURE IN F: :PCPN: SNOW: WIND :SUNSHINE: SKY :PK WND
================================================================================
1 2 3 4 5 6A 6B 7 8 9 10 11 12 13 14 15 16 17 18
12Z AVG MX 2MIN
DY MAX MIN AVG DEP HDD CDD WTR SNW DPTH SPD SPD DIR MIN PSBL S-S WX SPD DR
================================================================================
1 51 47 49 -3 16 0 0.18 M M 12.9 18 120 M M 10 1 22 130
2 51 45 48 -4 17 0 0.43 M M 13.2 23 120 M M 9 1 32 110
3 46 41 44 -8 21 0 0.00 M M 5.1 9 230 M M 10 12 13 190
4 54 44 49 -3 16 0 0.00 M M 7.7 15 150 M M 6 12 18 150
5 59 48 54 2 11 0 T M M 10.5 24 270 M M 8 12 28 270
6 49 46 48 -4 17 0 T M M 14.6 24 270 M M 10 1 29 270
7 49 47 48 -4 17 0 0.19 M M 6.9 12 210 M M 10 1 14 200
8 52 47 50 -2 15 0 0.01 M M 9.8 21 260 M M 9 1 24 260
9 68 46 57 4 8 0 0.00 M M 7.9 21 250 M M 3 26 260
10 72 47 60 7 5 0 0.00 M M 11.0 22 260 M M 1 26 260
11 71 45 58 5 7 0 T M M 6.7 16 40 M M 2 20 40
12 65 52 59 6 6 0 0.00 M M 10.9 23 260 M M 0 26 250
13 58 41 50 -3 15 0 0.00 M M 10.0 23 260 M M 0 27 260
14 54 46 50 -3 15 0 0.08 M M 4.9 13 260 M M 8 15 260
15 52 50 51 -2 14 0 0.01 M M 6.9 10 220 M M 10 1 15 210
16 62 49 56 3 9 0 0.01 M M 5.4 14 240 M M 10 1 16 240
17 66 50 58 5 7 0 0.00 M M 8.4 21 250 M M 4 24 260
18 58 42 50 -3 15 0 0.00 M M 11.6 28 260 M M 0 31 270
19 60 41 51 -1 14 0 0.00 M M 5.9 13 200 M M 8 1 17 80
20 54 47 51 -1 14 0 0.00 M M 9.7 22 260 M M 8 12 24 250
21 55 46 51 -1 14 0 0.00 M M 12.2 22 260 M M 6 25 250
22 54 40 47 -5 18 0 0.00 M M 10.2 23 240 M M 3 1 27 260
23 50 42 46 -6 19 0 0.00 M M 8.6 15 230 M M 10 17 230
24 56 48 52 0 13 0 0.00 M M 5.9 12 280 M M 10 17 170
25 59 43 51 -1 14 0 0.00 M M 5.9 15 260 M M 6 17 260
26 58 45 52 0 13 0 0.00 M M 7.2 18 250 M M 7 1 21 250
27 52 49 51 -1 14 0 0.02 M M 14.3 21 210 M M 10 1 25 210
28 51 49 50 -2 15 0 0.02 M M 16.6 20 220 M M 10 1 24 220
29 52 47 50 -2 15 0 0.02 M M 11.0 18 220 M M 10 1 21 220
30 56 50 53 1 12 0 0.16 M M 8.6 14 120 M M 9 1 18 130
31 59 53 56 4 9 0 0.07 M M 4.9 15 40 M M 9 1 18 40
================================================================================
SM 1753 1433 415 0 1.20 M 285.4 M 216
================================================================================
AV 56.6 46.2 9.2 FASTST M M 7 MAX(MPH)
MISC ----> # 28 260 # 32 110
================================================================================
NOTES:
# LAST OF SEVERAL OCCURRENCES
COLUMN 17 PEAK WIND IN M.P.H.
PRELIMINARY LOCAL CLIMATOLOGICAL DATA (WS FORM: F-6) , PAGE 2
STATION: NOME AK
MONTH: JULY
YEAR: 2020
LATITUDE: 64 30 N
LONGITUDE: 165 26 W
[TEMPERATURE DATA] [PRECIPITATION DATA] SYMBOLS USED IN COLUMN 16
AVERAGE MONTHLY: 51.4 TOTAL FOR MONTH: 1.20 1 = FOG OR MIST
DPTR FM NORMAL: -0.8 DPTR FM NORMAL: -0.91 2 = FOG REDUCING VISIBILITY
HIGHEST: 72 ON 10 GRTST 24HR 0.43 ON 2- 2 TO 1/4 MILE OR LESS
LOWEST: 40 ON 22 3 = THUNDER
SNOW, ICE PELLETS, HAIL 4 = ICE PELLETS
TOTAL MONTH: M 5 = HAIL
GRTST 24HR M ON M 6 = FREEZING RAIN OR DRIZZLE
GRTST DEPTH: M ON M 7 = DUSTSTORM OR SANDSTORM:
VSBY 1/2 MILE OR LESS
8 = SMOKE OR HAZE
[NO. OF DAYS WITH] [WEATHER - DAYS WITH] 9 = BLOWING SNOW
X = TORNADO
MAX 32 OR BELOW: 0 0.01 INCH OR MORE: 12
MAX 90 OR ABOVE: 0 0.10 INCH OR MORE: 4
MIN 32 OR BELOW: 0 0.50 INCH OR MORE: 0
MIN 0 OR BELOW: 0 1.00 INCH OR MORE: 0
[HDD (BASE 65) ]
TOTAL THIS MO. 415 CLEAR (SCALE 0-3) 6
DPTR FM NORMAL 17 PTCLDY (SCALE 4-7) 8
TOTAL FM JUL 1 415 CLOUDY (SCALE 8-10) 17
DPTR FM NORMAL 17
[CDD (BASE 65) ]
TOTAL THIS MO. 0
DPTR FM NORMAL -2 [PRESSURE DATA]
TOTAL FM JAN 1 0 HIGHEST SLP M ON M
DPTR FM NORMAL -3 LOWEST SLP 29.13 ON 26
[REMARKS]
#FINAL-07-20#