000
CXUS56 KOTX 010910
CF6OMK
PRELIMINARY LOCAL CLIMATOLOGICAL DATA (WS FORM: F-6)
STATION: OMAK WA AIRPORT
MONTH: SEPTEMBER
YEAR: 2021
LATITUDE: 48 27 N
LONGITUDE: 119 31 W
TEMPERATURE IN F: :PCPN: SNOW: WIND :SUNSHINE: SKY :PK WND
================================================================================
1 2 3 4 5 6A 6B 7 8 9 10 11 12 13 14 15 16 17 18
12Z AVG MX 2MIN
DY MAX MIN AVG DEP HDD CDD WTR SNW DPTH SPD SPD DIR MIN PSBL S-S WX SPD DR
================================================================================
1 77 40 59 -9 6 0 0.00 M M 8.8 21 10 M M 0 26 10
2 83 48 66 -2 0 1 0.00 M M 10.6 20 10 M M 0 26 20
3 83 50 67 -1 0 2 0.00 M M 7.5 15 10 M M 0 16 10
4 84 49 67 -1 0 2 0.00 M M 5.4 13 170 M M 0 16 170
5 81 57 69 2 0 4 0.00 M M 10.2 21 10 M M 0 25 20
6 86 52 69 2 0 4 0.00 M M 6.5 14 300 M M 0 16 340
7 90 56 73 7 0 8 0.00 M M 7.2 14 10 M M 0 17 10
8 91 57 74 8 0 9 T M M 7.5 14 190 M M 1 8 18 200
9 86 58 72 6 0 7 0.00 M M 7.1 14 310 M M 0 17 310
10 73 59 66 0 0 1 0.24 M M 4.7 15 340 M M 6 1 17 350
11 78 58 68 3 0 3 0.00 M M 5.6 16 150 M M 6 12 21 330
12 81 54 68 3 0 3 0.00 M M 8.1 26 10 M M 2 30 10
13 81 54 68 4 0 3 0.00 M M 7.7 17 360 M M 0 21 10
14 78 46 62 -2 3 0 0.00 M M 6.1 18 150 M M 2 8 25 150
15 74 47 61 -3 4 0 0.00 M M 13.2 28 20 M M 0 36 360
16 70 39 55 -8 10 0 0.00 M M 6.6 16 360 M M 0 22 10
17 63 47 55 -8 10 0 0.00 M M 11.0 25 150 M M 4 33 150
18 67 49 58 -5 7 0 T M M 7.8 21 170 M M 4 26 140
19 70 45 58 -4 7 0 0.00 M M 2.6 14 360 M M 3 18 360
20 74 38 56 -6 9 0 0.00 M M 5.5 16 160 M M 0 20 160
21 77 41 59 -2 6 0 0.00 M M 5.9 16 150 M M 0 21 150
22 73 43 58 -3 7 0 0.00 M M 3.5 13 330 M M 1 17 320
23 79 46 63 3 2 0 0.00 M M 4.5 13 300 M M 0 15 300
24 81 48 65 5 0 0 0.00 M M 7.0 14 190 M M 0 16 200
25 85 45 65 5 0 0 0.00 M M 5.9 15 170 M M 0 19 180
26 79 49 64 5 1 0 0.01 M M 5.4 18 150 M M 2 29 320
27 70 55 63 4 2 0 T M M 13.0 23 180 M M 7 30 170
28 68 41 55 -3 10 0 T M M 7.2 17 150 M M 3 22 160
29 63 37 50 -8 15 0 0.00 M M 7.5 17 160 M M 4 23 140
30 68 49 59 2 6 0 0.04 M M 9.5 17 220 M M 7 22 210
================================================================================
SM 2313 1457 105 47 0.29 M 219.1 M 52
================================================================================
AV 77.1 48.6 7.3 FASTST M M 2 MAX(MPH)
MISC ----> 28 20 36 360
================================================================================
NOTES:
# LAST OF SEVERAL OCCURRENCES
COLUMN 17 PEAK WIND IN M.P.H.
PRELIMINARY LOCAL CLIMATOLOGICAL DATA (WS FORM: F-6) , PAGE 2
STATION: OMAK WA AIRPORT
MONTH: SEPTEMBER
YEAR: 2021
LATITUDE: 48 27 N
LONGITUDE: 119 31 W
[TEMPERATURE DATA] [PRECIPITATION DATA] SYMBOLS USED IN COLUMN 16
AVERAGE MONTHLY: 62.8 TOTAL FOR MONTH: 0.29 1 = FOG OR MIST
DPTR FM NORMAL: -0.5 DPTR FM NORMAL: -0.11 2 = FOG REDUCING VISIBILITY
HIGHEST: 91 ON 8 GRTST 24HR 0.24 ON 10-10 TO 1/4 MILE OR LESS
LOWEST: 37 ON 29 3 = THUNDER
SNOW, ICE PELLETS, HAIL 4 = ICE PELLETS
TOTAL MONTH: M 5 = HAIL
GRTST 24HR M ON M 6 = FREEZING RAIN OR DRIZZLE
GRTST DEPTH: M ON M 7 = DUSTSTORM OR SANDSTORM:
VSBY 1/2 MILE OR LESS
8 = SMOKE OR HAZE
[NO. OF DAYS WITH] [WEATHER - DAYS WITH] 9 = BLOWING SNOW
X = TORNADO
MAX 32 OR BELOW: 0 0.01 INCH OR MORE: 3
MAX 90 OR ABOVE: 2 0.10 INCH OR MORE: 1
MIN 32 OR BELOW: 0 0.50 INCH OR MORE: 0
MIN 0 OR BELOW: 0 1.00 INCH OR MORE: 0
[HDD (BASE 65) ]
TOTAL THIS MO. 105 CLEAR (SCALE 0-3) 22
DPTR FM NORMAL -12 PTCLDY (SCALE 4-7) 8
TOTAL FM JUL 1 112 CLOUDY (SCALE 8-10) 0
DPTR FM NORMAL -25
[CDD (BASE 65) ]
TOTAL THIS MO. 47
DPTR FM NORMAL -19 [PRESSURE DATA]
TOTAL FM JAN 1 1173 HIGHEST SLP M ON M
DPTR FM NORMAL 471 LOWEST SLP 29.51 ON 18
[REMARKS]
#FINAL-09-21#