000
CXUS56 KSGX 011045
CF6ONT
PRELIMINARY LOCAL CLIMATOLOGICAL DATA (WS FORM: F-6)
STATION: ONTARIO INTL AIRPORT CA
MONTH: JUNE
YEAR: 2022
LATITUDE: 34 2 N
LONGITUDE: 117 37 W
TEMPERATURE IN F: :PCPN: SNOW: WIND :SUNSHINE: SKY :PK WND
================================================================================
1 2 3 4 5 6A 6B 7 8 9 10 11 12 13 14 15 16 17 18
12Z AVG MX 2MIN
DY MAX MIN AVG DEP HDD CDD WTR SNW DPTH SPD SPD DIR MIN PSBL S-S WX SPD DR
================================================================================
1 93 58 76 6 0 11 0.00 M M 5.5 17 260 M M 0 24 260
2 89 58 74 4 0 9 0.00 M M 7.1 20 270 M M 3 18 24 270
3 82 59 71 1 0 6 0.00 M M 7.4 17 250 M M 7 18 22 250
4 78 60 69 -1 0 4 0.00 M M 7.2 15 260 M M 8 18 20 270
5 83 61 72 2 0 7 0.00 M M 5.9 17 230 M M 6 1 21 230
6 87 60 74 3 0 9 0.00 M M 5.9 16 230 M M 1 21 220
7 89 62 76 5 0 11 0.00 M M 6.9 17 270 M M 1 18 23 240
8 90 61 76 5 0 11 0.00 M M 7.1 17 270 M M 2 18 24 280
9 96 60 78 7 0 13 0.00 M M 7.2 17 260 M M 4 18 22 240
10 97 66 82 10 0 17 0.00 M M 6.7 17 240 M M 3 8 22 280
11 94 64 79 7 0 14 0.00 M M 5.8 18 250 M M 1 24 240
12 89 62 76 4 0 11 0.00 M M 7.8 18 260 M M 0 24 280
13 82 61 72 0 0 7 0.00 M M 8.1 17 220 M M 5 22 260
14 88 62 75 2 0 10 0.00 M M 8.3 18 240 M M 3 26 230
15 95 62 79 6 0 14 0.00 M M 7.1 18 240 M M 0 18 25 270
16 93 62 78 5 0 13 0.00 M M 8.0 18 230 M M 1 18 23 230
17 83 60 72 -2 0 7 0.00 M M 8.5 20 260 M M 5 18 26 230
18 80 59 70 -4 0 5 0.00 M M 6.9 18 230 M M 3 25 240
19 85 56 71 -3 0 6 0.00 M M 6.6 17 280 M M 0 22 230
20 100 59 80 6 0 15 0.00 M M 6.0 17 220 M M 0 23 230
21 96 65 81 6 0 16 0.00 M M 5.8 18 270 M M 2 23 260
22 96 69 83 8 0 18 T M M 5.5 15 270 M M 7 3 19 360
23 97 70 84 9 0 19 0.00 M M 6.7 20 280 M M 2 8 26 280
24 99 67 83 7 0 18 0.00 M M 5.9 21 280 M M 0 27 240
25 99 63 81 5 0 16 0.00 M M 4.7 17 270 M M 0 24 230
26 100 63 82 6 0 17 0.00 M M 6.1 18 260 M M 1 30 270
27 103 69 86 10 0 21 0.00 M M 6.1 21 270 M M 2 26 260
28 99 70 85 9 0 20 0.00 M M 7.1 18 250 M M 1 8 24 240
29 97 67 82 5 0 17 0.00 M M 6.4 17 230 M M 1 23 220
30 94 67 81 4 0 16 0.00 M M 6.7 16 240 M M 1 8 23 270
================================================================================
SM 2753 1882 0 378 T M 201.0 M 70
================================================================================
AV 91.8 62.7 6.7 FASTST M M 2 MAX(MPH)
MISC ----> # 21 280 30 270
================================================================================
NOTES:
# LAST OF SEVERAL OCCURRENCES
COLUMN 17 PEAK WIND IN M.P.H.
PRELIMINARY LOCAL CLIMATOLOGICAL DATA (WS FORM: F-6) , PAGE 2
STATION: ONTARIO INTL AIRPORT CA
MONTH: JUNE
YEAR: 2022
LATITUDE: 34 2 N
LONGITUDE: 117 37 W
[TEMPERATURE DATA] [PRECIPITATION DATA] SYMBOLS USED IN COLUMN 16
AVERAGE MONTHLY: 77.3 TOTAL FOR MONTH: T 1 = FOG OR MIST
DPTR FM NORMAL: 4.1 DPTR FM NORMAL: -0.02 2 = FOG REDUCING VISIBILITY
HIGHEST: 103 ON 27 GRTST 24HR T ON 22-22 TO 1/4 MILE OR LESS
LOWEST: 56 ON 19 3 = THUNDER
SNOW, ICE PELLETS, HAIL 4 = ICE PELLETS
TOTAL MONTH: M 5 = HAIL
GRTST 24HR M ON M 6 = FREEZING RAIN OR DRIZZLE
GRTST DEPTH: M ON M 7 = DUSTSTORM OR SANDSTORM:
VSBY 1/2 MILE OR LESS
8 = SMOKE OR HAZE
[NO. OF DAYS WITH] [WEATHER - DAYS WITH] 9 = BLOWING SNOW
X = TORNADO
MAX 32 OR BELOW: 0 0.01 INCH OR MORE: 0
MAX 90 OR ABOVE: 18 0.10 INCH OR MORE: 0
MIN 32 OR BELOW: 0 0.50 INCH OR MORE: 0
MIN 0 OR BELOW: 0 1.00 INCH OR MORE: 0
[HDD (BASE 65) ]
TOTAL THIS MO. 0 CLEAR (SCALE 0-3) 21
DPTR FM NORMAL -4 PTCLDY (SCALE 4-7) 8
TOTAL FM JUL 1 1152 CLOUDY (SCALE 8-10) 1
DPTR FM NORMAL -136
[CDD (BASE 65) ]
TOTAL THIS MO. 378
DPTR FM NORMAL 128 [PRESSURE DATA]
TOTAL FM JAN 1 634 HIGHEST SLP 29.99 ON 30
DPTR FM NORMAL 170 LOWEST SLP 29.68 ON 16
[REMARKS]
#FINAL-06-22#