000
CXUS56 KSGX 011245
CF6ONT
PRELIMINARY LOCAL CLIMATOLOGICAL DATA (WS FORM: F-6)
STATION: ONTARIO INTL AIRPORT CA
MONTH: JUNE
YEAR: 2020
LATITUDE: 34 2 N
LONGITUDE: 117 37 W
TEMPERATURE IN F: :PCPN: SNOW: WIND :SUNSHINE: SKY :PK WND
================================================================================
1 2 3 4 5 6A 6B 7 8 9 10 11 12 13 14 15 16 17 18
12Z AVG MX 2MIN
DY MAX MIN AVG DEP HDD CDD WTR SNW DPTH SPD SPD DIR MIN PSBL S-S WX SPD DR
================================================================================
1 89 62 76 7 0 11 0.00 0.0 0 5.3140 260 M M 8 140 260
2 91 65 78 9 0 13 0.00 0.0 0 5.7 15 240 M M 9 21 240
3 102 69 86 16 0 21 0.00 0.0 0 8.7 21 270 M M 4 24 230
4 88 64 76 6 0 11 0.00 0.0 0 8.9 21 260 M M 2 25 270
5 73 62 68 -2 0 3 T 0.0 0 10.6 18 240 M M 10 18 23 240
6 75 60 68 -2 0 3 0.03 0.0 0 10.4 17 250 M M 8 1 23 270
7 80 58 69 -1 0 4 0.00 0.0 0 7.3 20 230 M M 5 27 250
8 87 55 71 1 0 6 0.00 0.0 0 14.3 35 40 M M 2 45 40
9 97 57 77 6 0 12 0.00 0.0 0 4.3 20 260 M M 0 24 190
10 102 66 84 13 0 19 0.00 0.0 0 6.2 20 260 M M 0 29 240
11 97 66 82 11 0 17 0.00 0.0 0 7.4 20 250 M M 1 27 260
12 88 60 74 3 0 9 0.00 0.0 0 8.1 22 250 M M 1 8 27 260
13 83 57 70 -2 0 5 0.00 0.0 0 8.4 18 270 M M 2 18 24 230
14 85 59 72 0 0 7 0.00 0.0 0 7.6 17 260 M M 1 23 270
15 87 63 75 3 0 10 0.00 0.0 0 9.0 20 250 M M 4 8 25 250
16 80 61 71 -1 0 6 0.00 0.0 0 8.7 18 250 M M 5 8 21 250
17 80 62 71 -1 0 6 T 0.0 0 7.2 14 260 M M 6 8 18 260
18 77 59 68 -5 0 3 T 0.0 0 7.5 15 270 M M 5 18 21 250
19 84 60 72 -1 0 7 0.00 0.0 0 8.0 17 230 M M 5 8 22 220
20 82 61 72 -1 0 7 0.00 0.0 0 6.7 15 270 M M 5 8 21 240
21 86 63 75 1 0 10 0.00 0.0 0 7.4 16 220 M M 4 8 21 250
22 91 60 76 2 0 11 0.00 0.0 0 6.6 16 270 M M 3 18 25 270
23 91 62 77 3 0 12 0.00 0.0 0 7.6 15 240 M M 5 18 20 230
24 92 63 78 4 0 13 0.00 0.0 0 7.4 18 270 M M 8 18 23 270
25 89 63 76 2 0 11 T 0.0 0 7.0 18 270 M M 8 18 23 260
26 92 61 77 2 0 12 T 0.0 0 7.2 16 240 M M 3 18 20 240
27 90 63 77 2 0 12 0.00 0.0 0 9.6 20 270 M M 1 26 280
28 78 63 71 -4 0 6 T 0.0 0 9.7 18 240 M M 8 1 24 270
29 80 61 71 -4 0 6 0.00 0.0 0 9.6 21 270 M M 5 28 270
30 86 60 73 -3 0 8 0.00 0.0 0 7.5 17 260 M M 3 25 240
================================================================================
SM 2602 1845 0 281 0.03 0.0 239.9 M 131
================================================================================
AV 86.7 61.5 8.0 FASTST M M 4 MAX(MPH)
MISC ----> #140 260 #140 260
================================================================================
NOTES:
# LAST OF SEVERAL OCCURRENCES
COLUMN 17 PEAK WIND IN M.P.H.
PRELIMINARY LOCAL CLIMATOLOGICAL DATA (WS FORM: F-6) , PAGE 2
STATION: ONTARIO INTL AIRPORT CA
MONTH: JUNE
YEAR: 2020
LATITUDE: 34 2 N
LONGITUDE: 117 37 W
[TEMPERATURE DATA] [PRECIPITATION DATA] SYMBOLS USED IN COLUMN 16
AVERAGE MONTHLY: 74.1 TOTAL FOR MONTH: 0.03 1 = FOG OR MIST
DPTR FM NORMAL: 1.8 DPTR FM NORMAL: -0.09 2 = FOG REDUCING VISIBILITY
HIGHEST: 102 ON 10, 3 GRTST 24HR 0.03 ON 6- 6 TO 1/4 MILE OR LESS
LOWEST: 55 ON 8 3 = THUNDER
SNOW, ICE PELLETS, HAIL 4 = ICE PELLETS
TOTAL MONTH: 0.0 INCH 5 = HAIL
GRTST 24HR 0.0 6 = FREEZING RAIN OR DRIZZLE
GRTST DEPTH: 0 7 = DUSTSTORM OR SANDSTORM:
VSBY 1/2 MILE OR LESS
8 = SMOKE OR HAZE
[NO. OF DAYS WITH] [WEATHER - DAYS WITH] 9 = BLOWING SNOW
X = TORNADO
MAX 32 OR BELOW: 0 0.01 INCH OR MORE: 1
MAX 90 OR ABOVE: 10 0.10 INCH OR MORE: 0
MIN 32 OR BELOW: 0 0.50 INCH OR MORE: 0
MIN 0 OR BELOW: 0 1.00 INCH OR MORE: 0
[HDD (BASE 65) ]
TOTAL THIS MO. 0 CLEAR (SCALE 0-3) 12
DPTR FM NORMAL -5 PTCLDY (SCALE 4-7) 16
TOTAL FM JUL 1 1249 CLOUDY (SCALE 8-10) 2
DPTR FM NORMAL -288
[CDD (BASE 65) ]
TOTAL THIS MO. 281
DPTR FM NORMAL 58 [PRESSURE DATA]
TOTAL FM JAN 1 618 HIGHEST SLP 30.01 ON 20
DPTR FM NORMAL 229 LOWEST SLP 29.72 ON 28
[REMARKS]
#FINAL-06-20#