000
CXUS54 KMRX 011130
CF6OQT
PRELIMINARY LOCAL CLIMATOLOGICAL DATA (WS FORM: F-6)
STATION: OAK RIDGE
MONTH: FEBRUARY
YEAR: 2024
LATITUDE: 36 1 N
LONGITUDE: 84 14 W
TEMPERATURE IN F: :PCPN: SNOW: WIND :SUNSHINE: SKY :PK WND
================================================================================
1 2 3 4 5 6A 6B 7 8 9 10 11 12 13 14 15 16 17 18
12Z AVG MX 2MIN
DY MAX MIN AVG DEP HDD CDD WTR SNW DPTH SPD SPD DIR MIN PSBL S-S WX SPD DR
================================================================================
1 56 27 42 2 23 0 0.00 M M 0.6 7 200 M M 1 12 11 220
2 66 35 51 11 14 0 0.00 M M 1.0 7 160 M M 0 8 12 90
3 62 36 49 9 16 0 0.00 M M 2.0 7 80 M M 0 11 80
4 59 31 45 4 20 0 T M M 2.2 10 70 M M 0 20 60
5 68 44 56 15 9 0 0.00 M M 4.4 13 70 M M M 19 80
6 62 M M M M M 0.00 M M 3.4 12 70 M M 0 18 70
7 63 31 47 6 18 0 0.00 M M 0.4 6 270 M M 0 8 200
8 61 36 49 8 16 0 0.00 M M 2.7 10 200 M M 0 18 220
9 51 45 48 6 17 0 1.07 M M 0.9 7 280 M M 10 1 M M
10 57 49 53 11 12 0 1.13 M M 0.3 7 80 M M 10 1 11 70
11 59 51 55 13 10 0 0.66 M M 2.5 9 70 M M 9 1 16 60
12 55 50 53 11 12 0 0.70 M M 2.2 12 260 M M 10 1 24 250
13 54 36 45 3 20 0 T M M 2.8 18 320 M M 2 37 320
14 62 30 46 3 19 0 0.00 M M 1.2 9 260 M M 0 14 240
15 66 33 50 7 15 0 0.00 M M 2.8 14 200 M M 2 27 190
16 59 41 50 7 15 0 0.17 M M 1.2 14 320 M M 3 1 23 320
17 46 29 38 -6 27 0 T M M 4.6 12 340 M M 6 22 10
18 49 22 36 -8 29 0 0.00 M M 1.2 8 160 M M 0 12 190
19 58 23 41 -3 24 0 0.00 M M 0.7 7 60 M M 0 10 70
20 61 27 44 0 21 0 0.00 M M 1.1 8 260 M M 0 13 260
21 65 29 47 3 18 0 0.00 M M 2.0 10 190 M M 0 17 280
22 66 44 55 10 10 0 0.16 M M 6.2 18 190 M M 6 1 33 210
23 64 49 57 12 8 0 0.40 M M 4.4 14 260 M M 5 1 27 250
24 53 32 43 -2 22 0 0.00 M M 3.5 16 290 M M 6 31 300
25 57 26 42 -4 23 0 0.00 M M 1.2 8 270 M M 3 13 260
26 73 45 59 13 6 0 T M M 4.2 14 190 M M 3 26 200
27 71 60 66 20 0 1 0.02 M M 5.9 14 200 M M 9 24 200
28 71 34 53 7 12 0 0.49 M M 7.7 20 190 M M 7 1 36 210
29 49 30 40 -7 25 0 0.00 M M 1.9 9 60 M M 0 18 70
================================================================================
SM 1743 1025 461 1 4.80 M 75.2 M 92
================================================================================
AV 60.1 36.6 2.6 FASTST M M 3 MAX(MPH)
MISC ----> 20 190 37 320
================================================================================
NOTES:
# LAST OF SEVERAL OCCURRENCES
COLUMN 17 PEAK WIND IN M.P.H.
PRELIMINARY LOCAL CLIMATOLOGICAL DATA (WS FORM: F-6) , PAGE 2
STATION: OAK RIDGE
MONTH: FEBRUARY
YEAR: 2024
LATITUDE: 36 1 N
LONGITUDE: 84 14 W
[TEMPERATURE DATA] [PRECIPITATION DATA] SYMBOLS USED IN COLUMN 16
AVERAGE MONTHLY: 48.4 TOTAL FOR MONTH: 4.80 1 = FOG OR MIST
DPTR FM NORMAL: 5.4 DPTR FM NORMAL: -0.79 2 = FOG REDUCING VISIBILITY
HIGHEST: 73 ON 26 GRTST 24HR 1.79 ON 10-11 TO 1/4 MILE OR LESS
LOWEST: 22 ON 18 3 = THUNDER
SNOW, ICE PELLETS, HAIL 4 = ICE PELLETS
TOTAL MONTH: M 5 = HAIL
GRTST 24HR M ON M 6 = FREEZING RAIN OR DRIZZLE
GRTST DEPTH: M ON M 7 = DUSTSTORM OR SANDSTORM:
VSBY 1/2 MILE OR LESS
8 = SMOKE OR HAZE
[NO. OF DAYS WITH] [WEATHER - DAYS WITH] 9 = BLOWING SNOW
X = TORNADO
MAX 32 OR BELOW: 0 0.01 INCH OR MORE: 9
MAX 90 OR ABOVE: 0 0.10 INCH OR MORE: 8
MIN 32 OR BELOW: 12 0.50 INCH OR MORE: 4
MIN 0 OR BELOW: 0 1.00 INCH OR MORE: 2
[HDD (BASE 65) ]
TOTAL THIS MO. 461 CLEAR (SCALE 0-3) 17
DPTR FM NORMAL -155 PTCLDY (SCALE 4-7) 6
TOTAL FM JUL 1 2526 CLOUDY (SCALE 8-10) 6
DPTR FM NORMAL -317
[CDD (BASE 65) ]
TOTAL THIS MO. 1
DPTR FM NORMAL 0 [PRESSURE DATA]
TOTAL FM JAN 1 1 HIGHEST SLP 30.57 ON 29
DPTR FM NORMAL 0 LOWEST SLP 29.43 ON 12
[REMARKS]
#FINAL-02-24#