000
CXUS54 KMRX 011130
CF6OQT
PRELIMINARY LOCAL CLIMATOLOGICAL DATA (WS FORM: F-6)
STATION: OAK RIDGE
MONTH: JANUARY
YEAR: 2024
LATITUDE: 36 1 N
LONGITUDE: 84 14 W
TEMPERATURE IN F: :PCPN: SNOW: WIND :SUNSHINE: SKY :PK WND
================================================================================
1 2 3 4 5 6A 6B 7 8 9 10 11 12 13 14 15 16 17 18
12Z AVG MX 2MIN
DY MAX MIN AVG DEP HDD CDD WTR SNW DPTH SPD SPD DIR MIN PSBL S-S WX SPD DR
================================================================================
1 45 35 40 0 25 0 0.00 M M 2.4 9 330 M M 9 17 80
2 46 29 38 -1 27 0 0.00 M M 1.3 13 80 M M 4 20 70
3 40 26 33 -6 32 0 0.00 M M 0.1 3 210 M M 4 12 6 220
4 43 28 36 -3 29 0 0.00 M M 1.9 10 70 M M 4 20 60
5 45 24 35 -4 30 0 0.00 M M 1.1 5 99 M M 0 M M
6 50 36 43 4 22 0 0.27 M M 3.0 9 250 M M 9 1 18 230
7 46 37 42 3 23 0 0.02 M M 4.3 15 280 M M 10 1 28 280
8 50 29 40 1 25 0 0.02 M M 0.6 9 90 M M 2 17 90
9 52 36 44 5 21 0 2.69 M M 5.5 18 250 M M 9 1 35 270
10 42 29 36 -3 29 0 T M M 5.0 14 250 M M 7 27 280
11 55 26 41 2 24 0 0.00 M M 1.0 9 250 M M 0 16 260
12 47 29 38 -1 27 0 0.56 M M 0.8 7 250 M M 5 1 17 250
13 46 31 39 0 26 0 0.00 M M 6.0 12 230 M M 4 1 37 240
14 42 27 35 -4 30 0 0.08 M M 3.2 7 99 M M 3 1 17 99
15 29 23 26 -13 39 0 1.10 M M 2.0 7 60 M M 10 126 12 60
16 24 16 20 -19 45 0 0.10 M M 2.7 7 99 M M 8 16 M M
17 25 -2 12 -27 53 0 0.00 M M 1.2 8 210 M M 0 18 13 220
18 32 6 19 -20 46 0 0.09 M M 0.5 4 200 M M 5 16 M M
19 35 15 25 -14 40 0 0.04 M M 4.9 14 290 M M 8 168 25 260
20 22 9 16 -23 49 0 0.00 M M 2.8 7 340 M M 2 12 20
21 30 6 18 -21 47 0 0.00 M M 2.3 9 60 M M 0 17 50
22 44 13 29 -10 36 0 0.00 M M 0.5 6 200 M M 1 8 180
23 49 29 39 0 26 0 T M M 0.0 5 20 M M 8 6 20
24 51 36 44 5 21 0 0.80 M M 0.3 5 200 M M 9 1 8 220
25 63 47 55 16 10 0 0.73 M M 0.7 7 220 M M 10 12 14 190
26 67 48 58 19 7 0 0.01 M M 1.1 7 270 M M 3 1 12 190
27 54 43 49 10 16 0 0.53 M M 1.8 10 90 M M 7 1 17 100
28 54 41 48 8 17 0 0.04 M M 6.2 16 260 M M 10 1 33 260
29 49 31 40 0 25 0 0.00 M M 2.3 9 340 M M 7 15 10
30 50 26 38 -2 27 0 0.10 M M 1.2 7 260 M M 7 12 13 270
31 46 32 39 -1 26 0 T M M 1.7 10 80 M M 9 1 18 10
================================================================================
SM 1373 841 900 0 7.18 M 68.5 M 174
================================================================================
AV 44.3 27.1 2.2 FASTST M M 6 MAX(MPH)
MISC ----> 18 250 37 240
================================================================================
NOTES:
# LAST OF SEVERAL OCCURRENCES
COLUMN 17 PEAK WIND IN M.P.H.
PRELIMINARY LOCAL CLIMATOLOGICAL DATA (WS FORM: F-6) , PAGE 2
STATION: OAK RIDGE
MONTH: JANUARY
YEAR: 2024
LATITUDE: 36 1 N
LONGITUDE: 84 14 W
[TEMPERATURE DATA] [PRECIPITATION DATA] SYMBOLS USED IN COLUMN 16
AVERAGE MONTHLY: 35.7 TOTAL FOR MONTH: 7.18 1 = FOG OR MIST
DPTR FM NORMAL: -3.4 DPTR FM NORMAL: 2.11 2 = FOG REDUCING VISIBILITY
HIGHEST: 67 ON 26 GRTST 24HR 2.70 ON 8- 9 TO 1/4 MILE OR LESS
LOWEST: -2 ON 17 3 = THUNDER
SNOW, ICE PELLETS, HAIL 4 = ICE PELLETS
TOTAL MONTH: M 5 = HAIL
GRTST 24HR M ON M 6 = FREEZING RAIN OR DRIZZLE
GRTST DEPTH: M ON M 7 = DUSTSTORM OR SANDSTORM:
VSBY 1/2 MILE OR LESS
8 = SMOKE OR HAZE
[NO. OF DAYS WITH] [WEATHER - DAYS WITH] 9 = BLOWING SNOW
X = TORNADO
MAX 32 OR BELOW: 6 0.01 INCH OR MORE: 16
MAX 90 OR ABOVE: 0 0.10 INCH OR MORE: 8
MIN 32 OR BELOW: 22 0.50 INCH OR MORE: 6
MIN 0 OR BELOW: 1 1.00 INCH OR MORE: 2
[HDD (BASE 65) ]
TOTAL THIS MO. 900 CLEAR (SCALE 0-3) 8
DPTR FM NORMAL 96 PTCLDY (SCALE 4-7) 13
TOTAL FM JUL 1 2065 CLOUDY (SCALE 8-10) 10
DPTR FM NORMAL -125
[CDD (BASE 65) ]
TOTAL THIS MO. 0
DPTR FM NORMAL 0 [PRESSURE DATA]
TOTAL FM JAN 1 0 HIGHEST SLP 30.80 ON 21
DPTR FM NORMAL 0 LOWEST SLP 29.23 ON 9
[REMARKS]
#FINAL-01-24#