000
CXUS51 KAKQ 010710
CF6ORF
PRELIMINARY LOCAL CLIMATOLOGICAL DATA (WS FORM: F-6)
STATION: NORFOLK VA
MONTH: APRIL
YEAR: 2021
LATITUDE: 36 54 N
LONGITUDE: 76 12 W
TEMPERATURE IN F: :PCPN: SNOW: WIND :SUNSHINE: SKY :PK WND
================================================================================
1 2 3 4 5 6A 6B 7 8 9 10 11 12 13 14 15 16 17 18
12Z AVG MX 2MIN
DY MAX MIN AVG DEP HDD CDD WTR SNW DPTH SPD SPD DIR MIN PSBL S-S WX SPD DR
================================================================================
1 65 42 54 0 11 0 0.10 0.0 0 12.7 29 350 M M 10 1 41 360
2 47 35 41 -13 24 0 0.00 0.0 0 10.7 20 350 M M 3 32 330
3 56 40 48 -7 17 0 0.00 0.0 0 6.1 12 360 M M 0 16 360
4 75 39 57 2 8 0 0.00 0.0 0 7.1 15 240 M M 1 21 230
5 73 49 61 6 4 0 0.00 0.0 0 7.0 18 350 M M 0 25 350
6 70 52 61 5 4 0 0.00 0.0 0 7.7 14 60 M M 1 8 18 60
7 78 52 65 9 0 0 0.00 0.0 0 5.8 12 110 M M 0 M M
8 69 58 64 8 1 0 0.00 0.0 0 10.5 18 90 M M 1 26 100
9 76 60 68 12 0 3 0.48 0.0 0 10.9 23 140 M M 5 13 28 130
10 75 56 66 9 0 1 0.00 0.0 0 6.2 10 140 M M 1 M M
11 81 63 72 15 0 7 0.32 0.0 0 8.8 16 200 M M 4 13 31 230
12 65 52 59 2 6 0 0.00 0.0 0 9.5 18 20 M M 7 21 10
13 62 48 55 -3 10 0 T 0.0 0 9.9 16 30 M M 6 M M
14 75 47 61 3 4 0 1.02 0.0 0 7.8 17 150 M M 3 13 23 150
15 65 55 60 2 5 0 0.14 0.0 0 6.9 23 350 M M 9 1 33 350
16 66 48 57 -1 8 0 0.00 0.0 0 8.3 20 10 M M 1 25 20
17 68 51 60 1 5 0 0.00 0.0 0 7.0 16 360 M M 3 21 350
18 68 54 61 2 4 0 0.00 0.0 0 6.0 13 100 M M 3 16 100
19 71 48 60 1 5 0 0.38 T 0 6.4 26 360 M M 4 13 34 10
20 75 46 61 1 4 0 0.00 0.0 0 9.6 22 210 M M 0 1 27 170
21 79 48 64 4 1 0 0.09 0.0 0 13.8 28 350 M M 4 3 37 290
22 57 43 50 -10 15 0 0.00 0.0 0 7.8 17 330 M M 2 26 340
23 66 43 55 -5 10 0 0.00 0.0 0 5.8 15 230 M M 1 19 240
24 69 45 57 -4 8 0 0.14 0.0 0 7.1 18 140 M M 4 1 27 120
25 68 57 63 2 2 0 0.01 0.0 0 8.3 20 350 M M 6 24 360
26 65 52 59 -2 6 0 0.00 0.0 0 7.7 20 360 M M 0 27 350
27 85 50 68 6 0 3 0.00 0.0 0 14.0 24 220 M M 0 31 210
28 88 67 78 16 0 13 0.00 0.0 0 15.2 22 220 M M 0 30 220
29 89 69 79 17 0 14 0.00 0.0 0 17.5 30 230 M M 1 39 220
30 79 59 69 7 0 4 T 0.0 0 11.2 26 350 M M 3 39 340
================================================================================
SM 2125 1528 162 45 2.68 T 273.3 M 83
================================================================================
AV 70.8 50.9 9.1 FASTST M M 3 MAX(MPH)
MISC ----> 30 230 41 360
================================================================================
NOTES:
# LAST OF SEVERAL OCCURRENCES
COLUMN 17 PEAK WIND IN M.P.H.
PRELIMINARY LOCAL CLIMATOLOGICAL DATA (WS FORM: F-6) , PAGE 2
STATION: NORFOLK VA
MONTH: APRIL
YEAR: 2021
LATITUDE: 36 54 N
LONGITUDE: 76 12 W
[TEMPERATURE DATA] [PRECIPITATION DATA] SYMBOLS USED IN COLUMN 16
AVERAGE MONTHLY: 60.9 TOTAL FOR MONTH: 2.68 1 = FOG OR MIST
DPTR FM NORMAL: 2.7 DPTR FM NORMAL: -0.73 2 = FOG REDUCING VISIBILITY
HIGHEST: 89 ON 29 GRTST 24HR 1.16 ON 14-15 TO 1/4 MILE OR LESS
LOWEST: 35 ON 2 3 = THUNDER
SNOW, ICE PELLETS, HAIL 4 = ICE PELLETS
TOTAL MONTH: T 5 = HAIL
GRTST 24HR T ON 19-19 6 = FREEZING RAIN OR DRIZZLE
GRTST DEPTH: 0 7 = DUSTSTORM OR SANDSTORM:
VSBY 1/2 MILE OR LESS
8 = SMOKE OR HAZE
[NO. OF DAYS WITH] [WEATHER - DAYS WITH] 9 = BLOWING SNOW
X = TORNADO
MAX 32 OR BELOW: 0 0.01 INCH OR MORE: 9
MAX 90 OR ABOVE: 0 0.10 INCH OR MORE: 7
MIN 32 OR BELOW: 0 0.50 INCH OR MORE: 1
MIN 0 OR BELOW: 0 1.00 INCH OR MORE: 1
[HDD (BASE 65) ]
TOTAL THIS MO. 162 CLEAR (SCALE 0-3) 19
DPTR FM NORMAL -77 PTCLDY (SCALE 4-7) 9
TOTAL FM JUL 1 2639 CLOUDY (SCALE 8-10) 2
DPTR FM NORMAL -661
[CDD (BASE 65) ]
TOTAL THIS MO. 45
DPTR FM NORMAL 8 [PRESSURE DATA]
TOTAL FM JAN 1 74 HIGHEST SLP M ON M
DPTR FM NORMAL 30 LOWEST SLP 29.59 ON 25
[REMARKS]
#FINAL-04-21#