000
CXUS53 KGRB 012122
CF6OSH
PRELIMINARY LOCAL CLIMATOLOGICAL DATA (WS FORM: F-6)
STATION: OSHKOSH WI
MONTH: APRIL
YEAR: 2021
LATITUDE: 44 0 N
LONGITUDE: 88 34 W
TEMPERATURE IN F: :PCPN: SNOW: WIND :SUNSHINE: SKY :PK WND
================================================================================
1 2 3 4 5 6A 6B 7 8 9 10 11 12 13 14 15 16 17 18
12Z AVG MX 2MIN
DY MAX MIN AVG DEP HDD CDD WTR SNW DPTH SPD SPD DIR MIN PSBL S-S WX SPD DR
================================================================================
1 39 21 30 -10 35 0 0.00 0.0 0 8.9 17 340 M M 0 25 360
2 50 23 37 -3 28 0 0.00 0.0 0 12.7 24 190 M M 0 33 190
3 67 37 52 12 13 0 0.00 0.0 0 6.8 20 180 M M 0 26 190
4 75 38 57 16 8 0 0.00 0.0 0 9.5 24 190 M M 0 31 180
5 77 45 61 20 4 0 0.00 0.0 0 9.8 24 190 M M 0 35 190
6 81 55 68 26 0 3 0.01 0.0 0 9.1 20 200 M M 1 30 200
7 80 51 66 24 0 1 0.52 0.0 0 7.8 20 180 M M 4 138 28 180
8 61 48 55 12 10 0 0.37 0.0 0 7.8 21 180 M M 9 1 30 170
9 58 48 53 10 12 0 0.02 0.0 0 8.6 17 190 M M 10 1 23 190
10 54 49 52 8 13 0 0.42 0.0 0 11.7 29 20 M M 10 1 39 20
11 57 46 52 8 13 0 0.20 0.0 0 6.0 28 20 M M 10 1 38 30
12 60 40 50 6 15 0 0.11 0.0 0 6.9 17 240 M M 8 1 31 240
13 44 36 40 -5 25 0 0.00 0.0 0 8.1 15 290 M M 9 24 220
14 42 32 37 -8 28 0 T T 0 8.9 16 290 M M 9 1 24 310
15 50 38 44 -2 21 0 0.00 0.0 0 10.5 20 350 M M 10 30 360
16 54 34 44 -2 21 0 0.00 0.0 0 6.7 12 100 M M 0 17 330
17 55 34 45 -2 20 0 0.00 0.0 0 6.6 12 60 M M 0 19 320
18 62 39 51 4 14 0 0.00 0.0 0 5.9 13 200 M M 7 19 230
19 50 34 42 -5 23 0 T T 0 13.5 23 300 M M 10 34 310
20 44 26 35 -13 30 0 0.00 0.0 0 6.0 15 350 M M 6 21 360
21 41 26 34 -14 31 0 0.02 T 0 5.0 18 310 M M 6 18 25 310
22 61 27 44 -4 21 0 0.00 0.0 0 5.5 15 310 M M 0 23 280
23 60 41 51 2 14 0 0.00 0.0 0 8.1 17 200 M M 4 31 210
24 58 37 48 -1 17 0 0.07 0.0 0 8.9 21 320 M M 10 1 31 320
25 48 31 40 -10 25 0 0.00 0.0 0 10.5 18 110 M M 3 26 120
26 58 38 48 -2 17 0 T 0.0 0 13.8 24 130 M M 7 31 120
27 59 44 52 2 13 0 0.00 0.0 0 13.0 23 30 M M 3 32 40
28 58 41 50 -1 15 0 0.09 0.0 0 8.3 18 360 M M 8 13 24 100
29 68 43 56 5 9 0 0.01 0.0 0 8.1 26 290 M M 6 1 51 280
30 59 37 48 -3 17 0 0.00 0.0 0 9.4 24 350 M M 3 35 360
================================================================================
SM 1730 1139 512 4 1.84 T 262.4 M 153
================================================================================
AV 57.7 38.0 8.7 FASTST M M 5 MAX(MPH)
MISC ----> 29 20 51 280
================================================================================
NOTES:
# LAST OF SEVERAL OCCURRENCES
COLUMN 17 PEAK WIND IN M.P.H.
PRELIMINARY LOCAL CLIMATOLOGICAL DATA (WS FORM: F-6) , PAGE 2
STATION: OSHKOSH WI
MONTH: APRIL
YEAR: 2021
LATITUDE: 44 0 N
LONGITUDE: 88 34 W
[TEMPERATURE DATA] [PRECIPITATION DATA] SYMBOLS USED IN COLUMN 16
AVERAGE MONTHLY: 47.8 TOTAL FOR MONTH: 1.84 1 = FOG OR MIST
DPTR FM NORMAL: 2.0 DPTR FM NORMAL: -0.88 2 = FOG REDUCING VISIBILITY
HIGHEST: 81 ON 6 GRTST 24HR 0.83 ON 7- 8 TO 1/4 MILE OR LESS
LOWEST: 21 ON 1 3 = THUNDER
SNOW, ICE PELLETS, HAIL 4 = ICE PELLETS
TOTAL MONTH: T 5 = HAIL
GRTST 24HR T ON 14-14 6 = FREEZING RAIN OR DRIZZLE
GRTST DEPTH: 0 7 = DUSTSTORM OR SANDSTORM:
VSBY 1/2 MILE OR LESS
8 = SMOKE OR HAZE
[NO. OF DAYS WITH] [WEATHER - DAYS WITH] 9 = BLOWING SNOW
X = TORNADO
MAX 32 OR BELOW: 0 0.01 INCH OR MORE: 11
MAX 90 OR ABOVE: 0 0.10 INCH OR MORE: 5
MIN 32 OR BELOW: 7 0.50 INCH OR MORE: 1
MIN 0 OR BELOW: 0 1.00 INCH OR MORE: 0
[HDD (BASE 65) ]
TOTAL THIS MO. 512 CLEAR (SCALE 0-3) 12
DPTR FM NORMAL -66 PTCLDY (SCALE 4-7) 9
TOTAL FM JUL 1 6707 CLOUDY (SCALE 8-10) 9
DPTR FM NORMAL -413
[CDD (BASE 65) ]
TOTAL THIS MO. 4
DPTR FM NORMAL 3 [PRESSURE DATA]
TOTAL FM JAN 1 4 HIGHEST SLP 30.59 ON 1
DPTR FM NORMAL 3 LOWEST SLP 29.28 ON 11
[REMARKS]
#FINAL-04-21#