000
CXUS53 KPAH 010730
CF6OWB
PRELIMINARY LOCAL CLIMATOLOGICAL DATA (WS FORM: F-6)
STATION: OWENSBORO KY
MONTH: OCTOBER
YEAR: 2023
LATITUDE: 37 45 N
LONGITUDE: 87 10 W
TEMPERATURE IN F: :PCPN: SNOW: WIND :SUNSHINE: SKY :PK WND
================================================================================
1 2 3 4 5 6A 6B 7 8 9 10 11 12 13 14 15 16 17 18
12Z AVG MX 2MIN
DY MAX MIN AVG DEP HDD CDD WTR SNW DPTH SPD SPD DIR MIN PSBL S-S WX SPD DR
================================================================================
1 86 62 74 8 0 9 0.00 M M 5.8 15 100 M M 0 18 80
2 87 59 73 8 0 8 0.00 M M 2.5 12 110 M M 0 16 130
3 89 59 74 9 0 9 0.00 M M 3.2 13 150 M M 1 15 150
4 85 62 74 9 0 9 0.00 M M 6.5 17 210 M M 0 23 210
5 69 63 66 2 0 1 0.43 M M 5.9 14 180 M M 9 18 16 190
6 75 49 62 -2 3 0 0.00 M M 8.3 22 340 M M 3 12 30 330
7 64 41 53 -11 12 0 0.00 M M 8.2 15 340 M M 1 20 340
8 67 40 54 -9 11 0 0.00 M M 5.2 18 280 M M 6 23 290
9 71 47 59 -4 6 0 0.00 M M 3.7 18 310 M M 3 24 310
10 69 39 54 -8 11 0 0.00 M M 3.5 17 280 M M 0 20 290
11 73 43 58 -4 7 0 0.00 M M 6.7 17 170 M M 1 20 180
12 80 53 67 5 0 2 0.00 M M 3.6 12 90 M M 0 1 14 90
13 77 56 67 5 0 2 0.04 M M 9.7 21 200 M M 7 18 25 200
14 66 53 60 -1 5 0 0.02 M M 11.7 16 290 M M 8 1 28 290
15 60 50 55 -6 10 0 T M M 10.5 21 330 M M 9 26 330
16 58 46 52 -9 13 0 T M M 8.4 16 330 M M 10 18 20 40
17 64 47 56 -4 9 0 0.00 M M 4.3 10 280 M M 8 13 220
18 66 54 60 0 5 0 0.00 M M 8.3 13 170 M M 0 8 15 170
19 73 56 65 5 0 0 0.02 M M 10.2 22 220 M M 8 25 240
20 68 46 57 -2 8 0 0.01 M M 9.5 29 300 M M 2 35 300
21 80 42 61 2 4 0 0.00 M M 10.0 26 270 M M 0 33 220
22 65 43 54 -5 11 0 0.00 M M 4.3 10 50 M M 0 8 14 350
23 77 42 60 2 5 0 0.00 M M 4.4 13 170 M M 0 1 17 110
24 77 53 65 7 0 0 0.00 M M 8.1 17 180 M M 0 20 170
25 80 60 70 12 0 5 0.00 M M 10.7 21 220 M M 1 26 220
26 82 61 72 15 0 7 T M M 10.6 21 190 M M 2 26 200
27 78 65 72 15 0 7 0.02 M M 11.2 18 190 M M 8 22 200
28 68 53 61 4 4 0 0.70 M M 5.8 18 320 M M 10 1 22 320
29 59 48 54 -2 11 0 0.90 M M 8.1 21 260 M M 10 1 32 250
30 48 34 41 -15 24 0 0.08 M M 10.3 20 330 M M 6 1 24 340
31 48 25 37 -19 28 0 0.00 M M 9.3 25 320 M M 3 30 320
================================================================================
SM 2209 1551 187 59 2.22 M 228.5 M 116
================================================================================
AV 71.3 50.0 7.4 FASTST M M 4 MAX(MPH)
MISC ----> 29 300 35 300
================================================================================
NOTES:
# LAST OF SEVERAL OCCURRENCES
COLUMN 17 PEAK WIND IN M.P.H.
PRELIMINARY LOCAL CLIMATOLOGICAL DATA (WS FORM: F-6) , PAGE 2
STATION: OWENSBORO KY
MONTH: OCTOBER
YEAR: 2023
LATITUDE: 37 45 N
LONGITUDE: 87 10 W
[TEMPERATURE DATA] [PRECIPITATION DATA] SYMBOLS USED IN COLUMN 16
AVERAGE MONTHLY: 60.6 TOTAL FOR MONTH: 2.22 1 = FOG OR MIST
DPTR FM NORMAL: -0.1 DPTR FM NORMAL: -1.24 2 = FOG REDUCING VISIBILITY
HIGHEST: 89 ON 3 GRTST 24HR 0.94 ON 28-29 TO 1/4 MILE OR LESS
LOWEST: 25 ON 31 3 = THUNDER
SNOW, ICE PELLETS, HAIL 4 = ICE PELLETS
TOTAL MONTH: M 5 = HAIL
GRTST 24HR M ON M 6 = FREEZING RAIN OR DRIZZLE
GRTST DEPTH: M ON M 7 = DUSTSTORM OR SANDSTORM:
VSBY 1/2 MILE OR LESS
8 = SMOKE OR HAZE
[NO. OF DAYS WITH] [WEATHER - DAYS WITH] 9 = BLOWING SNOW
X = TORNADO
MAX 32 OR BELOW: 0 0.01 INCH OR MORE: 9
MAX 90 OR ABOVE: 0 0.10 INCH OR MORE: 3
MIN 32 OR BELOW: 1 0.50 INCH OR MORE: 2
MIN 0 OR BELOW: 0 1.00 INCH OR MORE: 0
[HDD (BASE 65) ]
TOTAL THIS MO. 187 CLEAR (SCALE 0-3) 17
DPTR FM NORMAL 2 PTCLDY (SCALE 4-7) 8
TOTAL FM JUL 1 187 CLOUDY (SCALE 8-10) 6
DPTR FM NORMAL -25
[CDD (BASE 65) ]
TOTAL THIS MO. 59
DPTR FM NORMAL 8 [PRESSURE DATA]
TOTAL FM JAN 1 1457 HIGHEST SLP 30.39 ON 31
DPTR FM NORMAL -295 LOWEST SLP 29.66 ON 21
[REMARKS]
#FINAL-10-23#