000
CXUS56 KLOX 011155
CF6OXR
PRELIMINARY LOCAL CLIMATOLOGICAL DATA (WS FORM: F-6)
STATION: OXNARD AIRPORT CA
MONTH: JUNE
YEAR: 2022
LATITUDE: 34 12 N
LONGITUDE: 119 12 W
TEMPERATURE IN F: :PCPN: SNOW: WIND :SUNSHINE: SKY :PK WND
================================================================================
1 2 3 4 5 6A 6B 7 8 9 10 11 12 13 14 15 16 17 18
12Z AVG MX 2MIN
DY MAX MIN AVG DEP HDD CDD WTR SNW DPTH SPD SPD DIR MIN PSBL S-S WX SPD DR
================================================================================
1 71 52 62 0 3 0 0.00 M M 6.3 16 270 M M 0 1 21 250
2 68 56 62 0 3 0 0.00 M M 5.9 14 270 M M 4 18 21 280
3 68 59 64 2 1 0 0.00 M M 5.2 14 280 M M 7 1 19 280
4 68 58 63 1 2 0 0.00 M M 5.8 20 270 M M 5 25 260
5 69 55 62 -1 3 0 0.00 M M 6.4 15 250 M M 0 21 260
6 70 59 65 2 0 0 0.00 M M 4.9 13 260 M M 4 8 19 240
7 69 59 64 1 1 0 0.00 M M 4.5 13 250 M M 5 1 19 250
8 69 61 65 2 0 0 0.00 M M 4.3 12 250 M M 5 1 17 280
9 69 59 64 1 1 0 0.00 M M 4.8 14 270 M M 10 18 19 280
10 71 59 65 2 0 0 0.00 M M 4.6 10 260 M M 9 18 15 260
11 69 59 64 1 1 0 0.00 M M 4.8 12 280 M M 9 1 17 250
12 69 59 64 1 1 0 0.00 M M 5.2 14 270 M M 8 1 24 250
13 72 61 67 4 0 2 0.00 M M 8.0 17 280 M M 5 18 26 260
14 73 57 65 2 0 0 0.00 M M 5.9 13 270 M M 1 1 20 260
15 73 57 65 1 0 0 0.00 M M 6.4 15 270 M M 2 22 280
16 68 58 63 -1 2 0 0.00 M M 6.6 16 260 M M 8 18 21 270
17 71 58 65 1 0 0 0.00 M M 10.9 23 260 M M 4 1 29 260
18 70 53 62 -2 3 0 0.00 M M 6.0 15 260 M M 0 23 250
19 74 54 64 0 1 0 0.00 M M 6.5 18 270 M M 0 26 260
20 76 55 66 2 0 1 0.00 M M 7.5 16 260 M M 0 18 23 280
21 75 60 68 4 0 3 0.00 M M 5.6 15 180 M M 1 1 24 180
22 70 59 65 1 0 0 0.03 M M 6.9 15 270 M M 4 138 19 310
23 69 58 64 0 1 0 0.00 M M 9.3 18 270 M M 5 1 22 260
24 69 59 64 -1 1 0 0.00 M M 8.1 17 280 M M 7 1 23 290
25 70 59 65 0 0 0 0.00 M M 7.2 17 280 M M 4 1 23 260
26 70 58 64 -1 1 0 0.00 M M 6.2 17 270 M M 2 18 22 280
27 70 60 65 0 0 0 0.00 M M 6.8 14 270 M M 3 1 20 270
28 72 60 66 1 0 1 0.00 M M 5.6 12 260 M M 3 18 18 290
29 74 61 68 3 0 3 0.00 M M 6.7 18 270 M M 5 18 22 280
30 71 61 66 1 0 1 0.00 M M 7.9 18 270 M M 5 18 22 270
================================================================================
SM 2117 1743 25 11 0.03 M 190.8 M 125
================================================================================
AV 70.6 58.1 6.4 FASTST M M 4 MAX(MPH)
MISC ----> 23 260 29 260
================================================================================
NOTES:
# LAST OF SEVERAL OCCURRENCES
COLUMN 17 PEAK WIND IN M.P.H.
PRELIMINARY LOCAL CLIMATOLOGICAL DATA (WS FORM: F-6) , PAGE 2
STATION: OXNARD AIRPORT CA
MONTH: JUNE
YEAR: 2022
LATITUDE: 34 12 N
LONGITUDE: 119 12 W
[TEMPERATURE DATA] [PRECIPITATION DATA] SYMBOLS USED IN COLUMN 16
AVERAGE MONTHLY: 64.3 TOTAL FOR MONTH: 0.03 1 = FOG OR MIST
DPTR FM NORMAL: 0.6 DPTR FM NORMAL: -0.03 2 = FOG REDUCING VISIBILITY
HIGHEST: 76 ON 20 GRTST 24HR 0.03 ON 22-22 TO 1/4 MILE OR LESS
LOWEST: 52 ON 1 3 = THUNDER
SNOW, ICE PELLETS, HAIL 4 = ICE PELLETS
TOTAL MONTH: M 5 = HAIL
GRTST 24HR M ON M 6 = FREEZING RAIN OR DRIZZLE
GRTST DEPTH: M ON M 7 = DUSTSTORM OR SANDSTORM:
VSBY 1/2 MILE OR LESS
8 = SMOKE OR HAZE
[NO. OF DAYS WITH] [WEATHER - DAYS WITH] 9 = BLOWING SNOW
X = TORNADO
MAX 32 OR BELOW: 0 0.01 INCH OR MORE: 1
MAX 90 OR ABOVE: 0 0.10 INCH OR MORE: 0
MIN 32 OR BELOW: 0 0.50 INCH OR MORE: 0
MIN 0 OR BELOW: 0 1.00 INCH OR MORE: 0
[HDD (BASE 65) ]
TOTAL THIS MO. 25 CLEAR (SCALE 0-3) 9
DPTR FM NORMAL -26 PTCLDY (SCALE 4-7) 17
TOTAL FM JUL 1 1774 CLOUDY (SCALE 8-10) 4
DPTR FM NORMAL 82
[CDD (BASE 65) ]
TOTAL THIS MO. 11
DPTR FM NORMAL -1 [PRESSURE DATA]
TOTAL FM JAN 1 54 HIGHEST SLP 30.04 ON 30
DPTR FM NORMAL 17 LOWEST SLP 29.73 ON 8
[REMARKS]
#FINAL-06-22#