000
CXUS53 KDDC 011445
CF6P28
PRELIMINARY LOCAL CLIMATOLOGICAL DATA (WS FORM: F-6)
STATION: MEDICINE LODGE KS
MONTH: MARCH
YEAR: 2024
LATITUDE: 37 17 N
LONGITUDE: 98 35 W
TEMPERATURE IN F: :PCPN: SNOW: WIND :SUNSHINE: SKY :PK WND
================================================================================
1 2 3 4 5 6A 6B 7 8 9 10 11 12 13 14 15 16 17 18
12Z AVG MX 2MIN
DY MAX MIN AVG DEP HDD CDD WTR SNW DPTH SPD SPD DIR MIN PSBL S-S WX SPD DR
================================================================================
1 43 35 39 -3 26 0 0.00 0.0 0 8.1 14 170 M M 0 22 190
2 83 35 59 17 6 0 0.00 0.0 0 10.0 23 160 M M 0 38 160
3 83 48 66 23 0 1 0.00 0.0 0 10.1 22 220 M M 0 30 220
4 68 39 54 11 11 0 0.00 0.0 0 9.4 23 360 M M 0 31 360
5 64 34 49 6 16 0 0.00 0.0 0 10.1 22 20 M M 0 32 10
6 53 30 42 -2 23 0 0.00 0.0 0 5.0 13 130 M M 0 19 130
7 67 44 56 12 9 0 0.00 0.0 0 10.4 21 10 M M 0 29 40
8 49 35 42 -2 23 0 0.00 0.0 0 18.1 28 360 M M 0 41 340
9 60 30 45 0 20 0 0.00 0.0 0 7.7 16 340 M M 0 23 340
10 73 24 49 4 16 0 0.00 0.0 0 7.4 21 180 M M 0 29 180
11 76 40 58 12 7 0 0.00 0.0 0 11.2 26 170 M M 0 39 190
12 79 46 63 17 2 0 0.00 0.0 0 10.0 21 240 M M 0 26 290
13 85 41 63 17 2 0 0.00 0.0 0 8.5 22 230 M M 0 32 160
14 72 46 59 12 6 0 0.00 0.0 0 13.9 25 360 M M 0 37 10
15 67 44 56 9 9 0 0.00 0.0 0 11.6 26 10 M M 0 35 20
16 70 38 54 6 11 0 0.00 0.0 0 6.6 21 30 M M 0 30 20
17 63 38 51 3 14 0 0.00 0.0 0 9.2 25 360 M M 0 34 340
18 59 26 43 -5 22 0 0.00 0.0 0 7.2 16 310 M M 0 23 310
19 82 33 58 9 7 0 0.00 0.0 0 9.2 22 240 M M 0 31 280
20 76 38 57 8 8 0 0.00 0.0 0 9.2 21 60 M M 0 28 60
21 72 40 56 7 9 0 0.00 0.0 0 6.3 13 80 M M 0 19 70
22 62 37 50 0 15 0 0.00 0.0 0 11.7 35 10 M M 0 46 10
23 57 28 43 -7 22 0 0.00 0.0 0 6.9 18 140 M M 0 29 160
24 59 50 55 5 10 0 0.03 0.0 0 13.8 29 160 M M 0 45 170
25 57 30 44 -7 21 0 0.00 0.0 0 14.9 28 320 M M 0 40 310
26 50 26 38 -13 27 0 0.00 0.0 0 12.1 24 340 M M 0 36 330
27 55 20 38 -13 27 0 0.00 0.0 0 5.0 14 190 M M 0 21 170
28 72 29 51 -1 14 0 0.00 0.0 0 10.0 24 190 M M 0 38 180
29 74 49 62 10 3 0 0.00 0.0 0 12.1 28 180 M M 0 37 170
30 66 43 55 3 10 0 0.00 0.0 0 8.6 21 30 M M 0 30 40
31 86 52 69 16 0 4 0.00 0.0 0 10.9 23 180 M M 0 33 170
================================================================================
SM 2082 1148 396 5 0.03 0.0 305.2 M 0
================================================================================
AV 67.2 37.0 9.8 FASTST M M 0 MAX(MPH)
MISC ----> 35 10 46 10
================================================================================
NOTES:
# LAST OF SEVERAL OCCURRENCES
COLUMN 17 PEAK WIND IN M.P.H.
PRELIMINARY LOCAL CLIMATOLOGICAL DATA (WS FORM: F-6) , PAGE 2
STATION: MEDICINE LODGE KS
MONTH: MARCH
YEAR: 2024
LATITUDE: 37 17 N
LONGITUDE: 98 35 W
[TEMPERATURE DATA] [PRECIPITATION DATA] SYMBOLS USED IN COLUMN 16
AVERAGE MONTHLY: 52.1 TOTAL FOR MONTH: 0.03 1 = FOG OR MIST
DPTR FM NORMAL: 4.6 DPTR FM NORMAL: -2.00 2 = FOG REDUCING VISIBILITY
HIGHEST: 86 ON 31 GRTST 24HR 0.03 ON 24-24 TO 1/4 MILE OR LESS
LOWEST: 20 ON 27 3 = THUNDER
SNOW, ICE PELLETS, HAIL 4 = ICE PELLETS
TOTAL MONTH: 0.0 INCH 5 = HAIL
GRTST 24HR 0.0 6 = FREEZING RAIN OR DRIZZLE
GRTST DEPTH: 0 7 = DUSTSTORM OR SANDSTORM:
VSBY 1/2 MILE OR LESS
8 = SMOKE OR HAZE
[NO. OF DAYS WITH] [WEATHER - DAYS WITH] 9 = BLOWING SNOW
X = TORNADO
MAX 32 OR BELOW: 0 0.01 INCH OR MORE: 1
MAX 90 OR ABOVE: 0 0.10 INCH OR MORE: 0
MIN 32 OR BELOW: 9 0.50 INCH OR MORE: 0
MIN 0 OR BELOW: 0 1.00 INCH OR MORE: 0
[HDD (BASE 65) ]
TOTAL THIS MO. 396
DPTR FM NORMAL -153
TOTAL FM JUL 1 3239
DPTR FM NORMAL -795
[CDD (BASE 65) ]
TOTAL THIS MO. 5
DPTR FM NORMAL 1 [PRESSURE DATA]
TOTAL FM JAN 1 5 HIGHEST SLP 30.44 ON 18
DPTR FM NORMAL 1 LOWEST SLP 29.21 ON 25
[REMARKS]
#FINAL-03-24#