513
CXUS53 KDDC 041922
CF6P28
PRELIMINARY LOCAL CLIMATOLOGICAL DATA (WS FORM: F-6)
STATION: MEDICINE LODGE KS
MONTH: NOVEMBER
YEAR: 2020
LATITUDE: 37 17 N
LONGITUDE: 98 35 W
TEMPERATURE IN F: :PCPN: SNOW: WIND :SUNSHINE: SKY :PK WND
================================================================================
1 2 3 4 5 6A 6B 7 8 9 10 11 12 13 14 15 16 17 18
12Z AVG MX 2MIN
DY MAX MIN AVG DEP HDD CDD WTR SNW DPTH SPD SPD DIR MIN PSBL S-S WX SPD DR
================================================================================
1 59 35 47 -5 18 0 0.00 0.0 0 5.4 12 140 M M 0 16 60
2 75 34 55 3 10 0 0.00 0.0 0 5.9 15 220 M M 0 21 210
3 76 38 57 6 8 0 0.00 0.0 0 6.9 20 180 M M 0 27 180
4 73 45 59 8 6 0 0.00 0.0 0 7.5 16 170 M M 0 25 170
5 79 38 59 9 6 0 0.00 0.0 0 4.0 14 340 M M 0 19 340
6 73 37 55 5 10 0 0.00 0.0 0 7.8 21 170 M M 0 29 150
7 75 52 64 15 1 0 0.00 0.0 0 13.7 24 180 M M 0 35 180
8 75 53 64 15 1 0 0.00 0.0 0 15.2 31 170 M M 0 47 200
9 71 39 55 7 10 0 0.04 0.0 0 14.5 40 290 M M 0 61 300
10 51 32 42 -6 23 0 0.18 0.0 0 10.8 23 290 M M 0 32 290
11 55 26 41 -7 24 0 0.00 0.0 0 4.8 10 140 M M 0 17 160
12 59 30 45 -2 20 0 0.00 0.0 0 8.8 25 360 M M 0 33 10
13 44 24 34 -13 31 0 0.00 0.0 0 4.4 13 150 M M 0 21 150
14 76 36 56 10 9 0 0.00 0.0 0 14.4 35 330 M M 0 52 350
15 59 31 45 -1 20 0 0.00 0.0 0 7.9 17 310 M M 0 30 330
16 74 28 51 6 14 0 0.00 0.0 0 2.9 14 20 M M 0 19 20
17 69 32 51 6 14 0 0.00 0.0 0 9.2 22 180 M M 0 32 190
18 74 44 59 15 6 0 0.00 0.0 0 13.4 31 190 M M 0 45 200
19 82 53 68 24 0 3 0.00 0.0 0 10.7 21 180 M M 0 37 190
20 66 45 56 13 9 0 0.00 0.0 0 12.8 26 30 M M 0 36 30
21 54 41 48 5 17 0 0.09 0.0 0 8.1 14 30 M M 0 18 40
22 57 29 43 1 22 0 0.00 0.0 0 7.0 16 10 M M 0 22 360
23 50 29 40 -2 25 0 0.00 0.0 0 11.3 22 170 M M 0 35 170
24 55 33 44 3 21 0 0.52 0.0 0 14.7 38 360 M M 0 54 360
25 53 33 43 2 22 0 0.15 0.0 0 10.2 28 340 M M 0 41 330
26 54 34 44 4 21 0 0.00 0.0 0 6.8 14 350 M M 0 22 350
27 55 31 43 3 22 0 0.00 0.0 0 9.0 18 30 M M 0 25 30
28 53 24 39 -1 26 0 0.00 0.0 0 4.5 15 190 M M 0 20 180
29 M M M M M M 0.01 0.0 0 M M M M M 0 M M
30 50 M M M M M 0.00 0.0 0 M M M M M 0 M M
================================================================================
SM 1846 1006 416 3 0.99 0.0 252.6 M 0
================================================================================
AV 63.7 35.9 9.0 FASTST M M 0 MAX(MPH)
MISC ----> 40 290 61 300
================================================================================
NOTES:
# LAST OF SEVERAL OCCURRENCES
COLUMN 17 PEAK WIND IN M.P.H.
PRELIMINARY LOCAL CLIMATOLOGICAL DATA (WS FORM: F-6) , PAGE 2
STATION: MEDICINE LODGE KS
MONTH: NOVEMBER
YEAR: 2020
LATITUDE: 37 17 N
LONGITUDE: 98 35 W
[TEMPERATURE DATA] [PRECIPITATION DATA] SYMBOLS USED IN COLUMN 16
AVERAGE MONTHLY: 49.8 TOTAL FOR MONTH: 0.99 1 = FOG OR MIST
DPTR FM NORMAL: 4.4 DPTR FM NORMAL: 0.06 2 = FOG REDUCING VISIBILITY
HIGHEST: 82 ON 19 GRTST 24HR 0.67 ON 24-25 TO 1/4 MILE OR LESS
LOWEST: 24 ON 28,13 3 = THUNDER
SNOW, ICE PELLETS, HAIL 4 = ICE PELLETS
TOTAL MONTH: 0.0 INCH 5 = HAIL
GRTST 24HR 0.0 6 = FREEZING RAIN OR DRIZZLE
GRTST DEPTH: 0 7 = DUSTSTORM OR SANDSTORM:
VSBY 1/2 MILE OR LESS
8 = SMOKE OR HAZE
[NO. OF DAYS WITH] [WEATHER - DAYS WITH] 9 = BLOWING SNOW
X = TORNADO
MAX 32 OR BELOW: 0 0.01 INCH OR MORE: 5
MAX 90 OR ABOVE: 0 0.10 INCH OR MORE: 3
MIN 32 OR BELOW: 11 0.50 INCH OR MORE: 1
MIN 0 OR BELOW: 0 1.00 INCH OR MORE: 0
[HDD (BASE 65) ]
TOTAL THIS MO. 416 CLEAR (SCALE 0-3) 29
DPTR FM NORMAL -145 PTCLDY (SCALE 4-7) 0
TOTAL FM JUL 1 836 CLOUDY (SCALE 8-10) 0
DPTR FM NORMAL 6
[CDD (BASE 65) ]
TOTAL THIS MO. 3
DPTR FM NORMAL 3 [PRESSURE DATA]
TOTAL FM JAN 1 1667 HIGHEST SLP M ON M
DPTR FM NORMAL -102 LOWEST SLP 29.45 ON 14
[REMARKS]
#FINAL-11-20#