000
CXUS53 KPAH 021459
CLMPAH
CLIMATE REPORT
NATIONAL WEATHER SERVICE PADUCAH KY
959 AM CDT THU NOV 02 2023
...................................
...THE PADUCAH KY CLIMATE SUMMARY FOR THE MONTH OF OCTOBER 2023...
CLIMATE NORMAL PERIOD 1991 TO 2020
CLIMATE RECORD PERIOD 1937 TO 2023
WEATHER OBSERVED NORMAL DEPART LAST YEAR`S
VALUE DATE(S) VALUE FROM VALUE DATE(S)
NORMAL
................................................................
TEMPERATURE (F)
RECORD
HIGH 96 10/02/2019
LOW 22 10/24/1981
HIGHEST 89 10/02 84 10/06
10/03
LOWEST 26 10/31 26 10/19
AVG. MAXIMUM 73.3 71.8 1.5 73.2
AVG. MINIMUM 49.5 47.6 1.9 44.2
MEAN 61.4 59.7 1.7 58.7
DAYS MAX >= 90 0 0.4 -0.4 0
DAYS MAX <= 32 0 0.0 0.0 0
DAYS MIN <= 32 2 1.7 0.3 3
DAYS MIN <= 0 0 0.0 0.0 0
PRECIPITATION (INCHES)
RECORD
MAXIMUM 10.55 2009
MINIMUM T 1964
TOTALS 3.47 3.99 -0.52 1.90
DAILY AVG. 0.11 0.13 -0.02 0.06
DAYS >= .01 8 8.0 0.0 5
DAYS >= .10 3 5.6 -2.6 4
DAYS >= .50 3 2.4 0.6 1
DAYS >= 1.00 2 1.2 0.8 1
GREATEST
24 HR. TOTAL 1.57 10/28 TO 10/29
SNOWFALL (INCHES)
RECORDS
TOTAL 2.2 1993
TOTALS 0.0 0.1 -0.1 0.0
SINCE 7/1 0.0 0.1 -0.1 MM
SNOWDEPTH AVG. 0 0
DAYS >= TRACE 0
DAYS >= 1.0 0 0.0 0.0 0
GREATEST
SNOW DEPTH 0 0 MM
24 HR TOTAL MM
STORM TOTAL 0.0
(MM/DD(HH))
DEGREE DAYS
HEATING TOTAL 173 213 -40 213
SINCE 7/1 173 242 -69 MM
COOLING TOTAL 68 49 19 27
SINCE 1/1 1657 1678 -21 MM
FREEZE DATES
EARLIEST 10/30 MM
LATEST 03/29
................................................................
WIND (MPH)
AVERAGE WIND SPEED 4.2
HIGHEST WIND SPEED/DIRECTION 20/350 DATE 10/06
20/360 10/15
HIGHEST GUST SPEED/DIRECTION 33/010 DATE 10/15
SKY COVER
POSSIBLE SUNSHINE (PERCENT) MM
AVERAGE SKY COVER 0.29
NUMBER OF DAYS FAIR 21
NUMBER OF DAYS PC 6
NUMBER OF DAYS CLOUDY 4
AVERAGE RH (PERCENT) 68
WEATHER CONDITIONS. NUMBER OF DAYS WITH
THUNDERSTORM 0 MIXED PRECIP 0
HEAVY RAIN 3 RAIN 4
LIGHT RAIN 11 FREEZING RAIN 0
LT FREEZING RAIN 0 HAIL 0
HEAVY SNOW 0 SNOW 0
LIGHT SNOW 0 SLEET 0
FOG 16 FOG W/VIS <= 1/4 MILE 3
HAZE 2
- INDICATES NEGATIVE NUMBERS.
R INDICATES RECORD WAS SET OR TIED.
MM INDICATES DATA IS MISSING.
T INDICATES TRACE AMOUNT.
$$