000
CXUS54 KLZK 011230
CF6PBF
PRELIMINARY LOCAL CLIMATOLOGICAL DATA (WS FORM: F-6)
STATION: PINE BLUFF
MONTH: MAY
YEAR: 2023
LATITUDE: 34 10 N
LONGITUDE: 91 56 W
TEMPERATURE IN F: :PCPN: SNOW: WIND :SUNSHINE: SKY :PK WND
================================================================================
1 2 3 4 5 6A 6B 7 8 9 10 11 12 13 14 15 16 17 18
12Z AVG MX 2MIN
DY MAX MIN AVG DEP HDD CDD WTR SNW DPTH SPD SPD DIR MIN PSBL S-S WX SPD DR
================================================================================
1 74 49 62 -5 3 0 0.00 0.0 0 9.3 20 270 M M 0 25 310
2 79 51 65 -3 0 0 0.00 0.0 0 7.5 21 300 M M 0 29 300
3 77 47 62 -6 3 0 0.00 0.0 0 3.4 10 30 M M 0 14 330
4 80 52 66 -2 0 1 T 0.0 0 5.2 12 100 M M 1 17 160
5 75 60 68 0 0 3 0.12 0.0 0 9.1 18 140 M M 10 22 140
6 88 68 78 9 0 13 0.00 0.0 0 10.7 17 170 M M 6 23 160
7 87 71 79 10 0 14 0.56 0.0 0 9.7 23 190 M M 3 13 28 180
8 88 68 78 9 0 13 0.00 0.0 0 8.1 17 210 M M 4 1 22 200
9 91 65 78 8 0 13 0.00 0.0 0 4.3 14 170 M M 0 3 19 170
10 78 69 74 4 0 9 0.23 0.0 0 8.0 18 130 M M 5 38 23 140
11 76 69 73 3 0 8 1.59 0.0 0 8.2 26 160 M M 8 13 33 150
12 80 68 74 4 0 9 1.36 0.0 0 7.1 20 130 M M 5 13 33 120
13 90 69 80 9 0 15 0.00 0.0 0 6.1 14 200 M M 3 18 180
14 91 70 81 10 0 16 0.00 0.0 0 4.0 13 110 M M 0 1 18 170
15 91 71 81 10 0 16 0.00 0.0 0 4.5 14 200 M M 0 23 220
16 88 71 80 8 0 15 0.23 0.0 0 5.8 18 210 M M 3 3 23 210
17 78 70 74 2 0 9 0.00 0.0 0 7.9 16 10 M M 10 19 10
18 86 65 76 4 0 11 0.00 0.0 0 3.3 9 40 M M 2 18 12 330
19 89 67 78 6 0 13 0.08 0.0 0 4.0 14 210 M M 1 3 18 220
20 77 63 70 -3 0 5 0.04 0.0 0 8.4 18 10 M M 6 138 25 10
21 76 60 68 -5 0 3 0.00 0.0 0 5.8 14 40 M M 0 1 20 20
22 84 60 72 -1 0 7 0.00 0.0 0 4.2 12 20 M M 0 16 40
23 87 61 74 0 0 9 0.00 0.0 0 6.7 15 90 M M 1 24 80
24 84 65 75 1 0 10 0.00 0.0 0 7.0 17 50 M M 0 8 21 90
25 89 65 77 3 0 12 0.00 0.0 0 6.0 16 60 M M 1 1 30 40
26 86 63 75 1 0 10 0.00 0.0 0 8.4 16 20 M M 0 8 21 10
27 85 60 73 -2 0 8 0.00 0.0 0 6.2 14 70 M M 1 18 50
28 87 61 74 -1 0 9 0.00 0.0 0 1.5 9 50 M M 1 18 14 50
29 88 62 75 0 0 10 0.00 0.0 0 2.0 9 50 M M 0 18 13 60
30 90 63 77 1 0 12 0.00 0.0 0 2.6 12 60 M M 1 18 16 90
31 91 65 78 2 0 13 0.00 0.0 0 3.7 12 60 M M 1 1 15 90
================================================================================
SM 2610 1968 6 286 4.21 0.0 188.7 M 73
================================================================================
AV 84.2 63.5 6.1 FASTST M M 2 MAX(MPH)
MISC ----> 26 160 # 33 150
================================================================================
NOTES:
# LAST OF SEVERAL OCCURRENCES
COLUMN 17 PEAK WIND IN M.P.H.
PRELIMINARY LOCAL CLIMATOLOGICAL DATA (WS FORM: F-6) , PAGE 2
STATION: PINE BLUFF
MONTH: MAY
YEAR: 2023
LATITUDE: 34 10 N
LONGITUDE: 91 56 W
[TEMPERATURE DATA] [PRECIPITATION DATA] SYMBOLS USED IN COLUMN 16
AVERAGE MONTHLY: 73.8 TOTAL FOR MONTH: 4.21 1 = FOG OR MIST
DPTR FM NORMAL: 2.2 DPTR FM NORMAL: -0.59 2 = FOG REDUCING VISIBILITY
HIGHEST: 91 ON 31,15 GRTST 24HR 2.91 ON 11-12 TO 1/4 MILE OR LESS
LOWEST: 47 ON 3 3 = THUNDER
SNOW, ICE PELLETS, HAIL 4 = ICE PELLETS
TOTAL MONTH: 0.0 INCH 5 = HAIL
GRTST 24HR 0.0 6 = FREEZING RAIN OR DRIZZLE
GRTST DEPTH: 0 7 = DUSTSTORM OR SANDSTORM:
VSBY 1/2 MILE OR LESS
8 = SMOKE OR HAZE
[NO. OF DAYS WITH] [WEATHER - DAYS WITH] 9 = BLOWING SNOW
X = TORNADO
MAX 32 OR BELOW: 0 0.01 INCH OR MORE: 8
MAX 90 OR ABOVE: 6 0.10 INCH OR MORE: 6
MIN 32 OR BELOW: 0 0.50 INCH OR MORE: 3
MIN 0 OR BELOW: 0 1.00 INCH OR MORE: 2
[HDD (BASE 65) ]
TOTAL THIS MO. 6 CLEAR (SCALE 0-3) 23
DPTR FM NORMAL -13 PTCLDY (SCALE 4-7) 6
TOTAL FM JUL 1 2188 CLOUDY (SCALE 8-10) 2
DPTR FM NORMAL -643
[CDD (BASE 65) ]
TOTAL THIS MO. 286
DPTR FM NORMAL 62 [PRESSURE DATA]
TOTAL FM JAN 1 402 HIGHEST SLP 30.18 ON 15
DPTR FM NORMAL 86 LOWEST SLP 29.81 ON 16
[REMARKS]
#FINAL-05-23#