000
CXUS54 KLZK 021154
CLMPBF
CLIMATE REPORT
NATIONAL WEATHER SERVICE LITTLE ROCK AR
654 AM CDT TUE MAY 02 2023
...................................
...THE PINE BLUFF CLIMATE SUMMARY FOR THE MONTH OF APRIL 2023...
CLIMATE NORMAL PERIOD 1991 TO 2020
CLIMATE RECORD PERIOD 1883 TO 2023
WEATHER OBSERVED NORMAL DEPART LAST YEAR`S
VALUE DATE(S) VALUE FROM VALUE DATE(S)
NORMAL
................................................................
TEMPERATURE (F)
RECORD
HIGH 96 04/23/1905
LOW 26 04/05/1996
HIGHEST 87 04/04 74 13 85 04/22
04/24
04/29
LOWEST 42 04/24 51 -9 36 04/01
AVG. MAXIMUM 73.4 73.8 -0.4 74.8
AVG. MINIMUM 53.3 52.5 0.8 53.2
MEAN 63.4 63.1 0.3 64.0
DAYS MAX >= 90 0 0.1 -0.1 0
DAYS MAX <= 32 0 0.0 0.0 0
DAYS MIN <= 32 0 0.1 -0.1 0
DAYS MIN <= 0 0 0.0 0.0 0
PRECIPITATION (INCHES)
RECORD
MAXIMUM 14.69 1966
MINIMUM 0.54 1930
TOTALS 7.17 5.35 1.82 4.13
DAILY AVG. 0.24 0.18 0.06 0.14
DAYS >= .01 12 9.4 2.6 9
DAYS >= .10 9 7
DAYS >= .50 7 3
DAYS >= 1.00 3 1.7 1.3 1
GREATEST
24 HR. TOTAL 2.36 04/05 TO 04/06
STORM TOTAL 1.44
(MM/DD(HH))
SNOWFALL (INCHES)
RECORDS
TOTAL 2.5 1886
24 HR TOTAL 2.5 04/05/1886 TO 04/05/1886
SNOW DEPTH MM MM
TOTALS 0.0 0.0 0.0 0.0
LIQUID EQUIV 0.00 0.00 0.00 0.00
SINCE 7/1 T 2.5 -2.5 MM
LIQUID 7/1 -0.10 0.20 -0.30 MM
SNOWDEPTH AVG. 0
DAYS >= TRACE 0 MM MM 0
DAYS >= 1.0 0 0
GREATEST
SNOW DEPTH 0
24 HR TOTAL MM MM 0.0
DEGREE DAYS
HEATING TOTAL 93 124 -31 107
SINCE 7/1 2182 2815 -633 MM
COOLING TOTAL 52 69 -17 87
SINCE 1/1 116 92 24 MM
FREEZE DATES
RECORD
EARLIEST 10/10/2000
LATEST 04/25/1910
EARLIEST 10/19
LATEST 03/13
................................................................
WIND (MPH)
AVERAGE WIND SPEED 8.2
HIGHEST WIND SPEED/DIRECTION 31/290 DATE 04/05
HIGHEST GUST SPEED/DIRECTION MM DATE MM
SKY COVER
POSSIBLE SUNSHINE (PERCENT) MM
AVERAGE SKY COVER 0.45
NUMBER OF DAYS FAIR 13
NUMBER OF DAYS PC 10
NUMBER OF DAYS CLOUDY 7
WEATHER CONDITIONS. NUMBER OF DAYS WITH
THUNDERSTORM 7 MIXED PRECIP 0
HEAVY RAIN 7 RAIN 9
LIGHT RAIN 15 FREEZING RAIN 0
LT FREEZING RAIN 0 HAIL 0
HEAVY SNOW 0 SLEET 0
FOG 14 FOG W/VIS <= 1/4 MILE 0
HAZE 1
- INDICATES NEGATIVE NUMBERS.
R INDICATES RECORD WAS SET OR TIED.
MM INDICATES DATA IS MISSING.
T INDICATES TRACE AMOUNT.
$$