000
CXUS52 KMFL 011130
CF6PBI
PRELIMINARY LOCAL CLIMATOLOGICAL DATA (WS FORM: F-6)
STATION: WEST PALM BEACH
MONTH: FEBRUARY
YEAR: 2021
LATITUDE: 26 40 N
LONGITUDE: 80 7 W
TEMPERATURE IN F: :PCPN: SNOW: WIND :SUNSHINE: SKY :PK WND
================================================================================
1 2 3 4 5 6A 6B 7 8 9 10 11 12 13 14 15 16 17 18
12Z AVG MX 2MIN
DY MAX MIN AVG DEP HDD CDD WTR SNW DPTH SPD SPD DIR MIN PSBL S-S WX SPD DR
================================================================================
1 74 53 64 -2 1 0 0.09 0.0 M 16.4 31 280 M M 5 1 41 290
2 63 49 56 -11 9 0 0.00 0.0 0 19.1 29 280 M M 5 36 290
3 66 43 55 -12 10 0 0.00 M 0 9.2 21 310 M M 0 25 300
4 71 39 55 -12 10 0 0.00 0.0 M 4.8 15 130 M M 3 19 140
5 81 51 66 -1 0 1 0.00 0.0 M 6.9 18 210 M M 2 29 270
6 85 61 73 6 0 8 0.54 0.0 M 8.1 23 170 M M 6 13 30 180
7 86 70 78 11 0 13 0.14 0.0 M 9.9 24 230 M M 7 13 31 230
8 83 70 77 10 0 12 0.20 M M 7.9 16 130 M M 7 123 19 100
9 85 69 77 10 0 12 0.00 M M 6.5 16 150 M M 3 1 22 150
10 84 67 76 9 0 11 0.00 M M 5.1 15 140 M M 5 1 19 130
11 84 68 76 8 0 11 0.00 0.0 M 8.1 20 140 M M 4 25 140
12 85 66 76 8 0 11 0.02 M M 7.4 21 140 M M 4 1 24 130
13 86 75 81 13 0 16 0.00 M M 13.0 24 150 M M 5 31 150
14 87 75 81 13 0 16 0.06 M M 11.5 22 150 M M 6 1 26 160
15 88 75 82 14 0 17 0.00 M M 11.7 24 140 M M 5 29 150
16 87 71 79 11 0 14 1.02 0.0 0 10.8 23 200 M M 8 13 29 220
17 84 72 78 10 0 13 0.46 0.0 0 9.5 22 150 M M 7 1 34 100
18 86 76 81 13 0 16 T 0.0 M 13.3 22 160 M M 4 8 27 150
19 89 69 79 11 0 14 T 0.0 M 11.4 24 210 M M 7 3 33 270
20 75 59 67 -1 0 2 0.00 0.0 M 15.1 24 350 M M 6 31 350
21 76 69 73 5 0 8 T 0.0 M 18.4 25 90 M M 7 32 80
22 83 70 77 9 0 12 0.01 0.0 M 13.6 21 160 M M 6 27 140
23 83 69 76 7 0 11 0.07 0.0 M 8.6 17 40 M M 5 1 22 30
24 81 71 76 7 0 11 T 0.0 0 9.9 17 110 M M 6 22 100
25 84 65 75 6 0 10 0.00 0.0 0 6.1 16 50 M M 3 12 21 50
26 83 63 73 4 0 8 T 0.0 0 7.2 18 120 M M 3 22 120
27 85 74 80 11 0 15 T 0.0 0 12.7 22 130 M M 4 27 120
28 85 75 80 11 0 15 0.01 0.0 0 15.2 23 130 M M 5 30 150
================================================================================
SM 2289 1834 30 277 2.62 0.0 297.4 M 138
================================================================================
AV 81.8 65.5 10.6 FASTST M M 5 MAX(MPH)
MISC ----> 31 280 41 290
================================================================================
NOTES:
# LAST OF SEVERAL OCCURRENCES
COLUMN 17 PEAK WIND IN M.P.H.
PRELIMINARY LOCAL CLIMATOLOGICAL DATA (WS FORM: F-6) , PAGE 2
STATION: WEST PALM BEACH
MONTH: FEBRUARY
YEAR: 2021
LATITUDE: 26 40 N
LONGITUDE: 80 7 W
[TEMPERATURE DATA] [PRECIPITATION DATA] SYMBOLS USED IN COLUMN 16
AVERAGE MONTHLY: 73.6 TOTAL FOR MONTH: 2.62 1 = FOG OR MIST
DPTR FM NORMAL: 5.8 DPTR FM NORMAL: -0.20 2 = FOG REDUCING VISIBILITY
HIGHEST: 89 ON 19 GRTST 24HR 1.27 ON 16-17 TO 1/4 MILE OR LESS
LOWEST: 39 ON 4 3 = THUNDER
SNOW, ICE PELLETS, HAIL 4 = ICE PELLETS
TOTAL MONTH: 0.0 INCH 5 = HAIL
GRTST 24HR 0.0 6 = FREEZING RAIN OR DRIZZLE
GRTST DEPTH: 0 7 = DUSTSTORM OR SANDSTORM:
VSBY 1/2 MILE OR LESS
8 = SMOKE OR HAZE
[NO. OF DAYS WITH] [WEATHER - DAYS WITH] 9 = BLOWING SNOW
X = TORNADO
MAX 32 OR BELOW: 0 0.01 INCH OR MORE: 11
MAX 90 OR ABOVE: 0 0.10 INCH OR MORE: 5
MIN 32 OR BELOW: 0 0.50 INCH OR MORE: 2
MIN 0 OR BELOW: 0 1.00 INCH OR MORE: 1
[HDD (BASE 65) ]
TOTAL THIS MO. 30 CLEAR (SCALE 0-3) 5
DPTR FM NORMAL -18 PTCLDY (SCALE 4-7) 23
TOTAL FM JUL 1 143 CLOUDY (SCALE 8-10) 0
DPTR FM NORMAL -62
[CDD (BASE 65) ]
TOTAL THIS MO. 277
DPTR FM NORMAL 150 [PRESSURE DATA]
TOTAL FM JAN 1 382 HIGHEST SLP 30.31 ON 21
DPTR FM NORMAL 146 LOWEST SLP 29.77 ON 1
[REMARKS]
#FINAL-02-21#