000
CXUS52 KFFC 011110
CF6PDK
PRELIMINARY LOCAL CLIMATOLOGICAL DATA (WS FORM: F-6)
STATION: DEKALB PEACHTREE AIRPORT
MONTH: FEBRUARY
YEAR: 2024
LATITUDE: 33 52 N
LONGITUDE: 84 18 W
TEMPERATURE IN F: :PCPN: SNOW: WIND :SUNSHINE: SKY :PK WND
================================================================================
1 2 3 4 5 6A 6B 7 8 9 10 11 12 13 14 15 16 17 18
12Z AVG MX 2MIN
DY MAX MIN AVG DEP HDD CDD WTR SNW DPTH SPD SPD DIR MIN PSBL S-S WX SPD DR
================================================================================
1 60 28 44 1 21 0 0.00 M M 3.2 10 270 M M 0 16 270
2 68 36 52 8 13 0 0.00 M M 4.4 14 340 M M 0 19 330
3 60 39 50 6 15 0 0.00 M M 5.1 12 110 M M 0 21 50
4 48 40 44 0 21 0 0.43 M M 7.5 16 50 M M 8 1 33 40
5 61 37 49 5 16 0 0.02 M M 5.3 15 60 M M 7 1 28 90
6 63 30 47 3 18 0 0.00 M M 1.3 10 50 M M 0 17 80
7 59 32 46 2 19 0 0.00 M M 1.2 10 110 M M 0 20 120
8 56 33 45 0 20 0 0.00 M M 1.8 12 170 M M 0 17 130
9 63 44 54 9 11 0 0.00 M M 2.0 9 170 M M 2 13 160
10 65 47 56 11 9 0 0.05 M M 3.5 15 230 M M 7 18 21 230
11 65 59 62 17 3 0 0.75 M M 6.3 16 190 M M 9 1 26 190
12 60 48 54 8 11 0 2.02 M M 8.7 26 270 M M 9 13 41 290
13 54 38 46 0 19 0 T M M 13.2 24 300 M M 4 1 39 270
14 64 33 49 3 16 0 0.00 M M 3.2 9 360 M M 0 15 350
15 67 32 50 4 15 0 0.00 M M 3.7 17 270 M M 0 24 230
16 63 43 53 7 12 0 0.00 M M 5.2 16 210 M M 0 23 200
17 56 35 46 -1 19 0 0.01 M M 13.2 22 310 M M 3 1 32 320
18 51 29 40 -7 25 0 0.00 M M 6.3 15 340 M M 0 21 330
19 60 33 47 0 18 0 0.00 M M 3.2 9 320 M M 1 13 310
20 61 28 45 -2 20 0 0.00 M M 1.0 9 320 M M 1 15 330
21 65 30 48 0 17 0 0.00 M M 2.9 12 190 M M 0 19 200
22 70 37 54 6 11 0 0.00 M M 7.1 22 210 M M 2 29 220
23 65 52 59 11 6 0 0.30 M M 11.4 23 330 M M 5 1 32 340
24 63 39 51 3 14 0 0.00 M M 10.2 29 270 M M 1 40 290
25 61 29 45 -3 20 0 0.00 M M 1.9 9 330 M M 0 13 330
26 72 35 54 5 11 0 0.00 M M 6.7 18 210 M M 0 25 210
27 71 56 64 15 1 0 T M M 10.0 21 200 M M 6 33 190
28 74 41 58 9 7 0 0.28 M M 16.9 39 260 M M 8 138 63 260
29 53 36 45 -4 20 0 0.00 M M 4.7 14 330 M M 2 19 320
================================================================================
SM 1798 1099 428 0 3.86 M 171.1 M 75
================================================================================
AV 62.0 37.9 5.9 FASTST M M 3 MAX(MPH)
MISC ----> 39 260 63 260
================================================================================
NOTES:
# LAST OF SEVERAL OCCURRENCES
COLUMN 17 PEAK WIND IN M.P.H.
PRELIMINARY LOCAL CLIMATOLOGICAL DATA (WS FORM: F-6) , PAGE 2
STATION: DEKALB PEACHTREE AIRPORT
MONTH: FEBRUARY
YEAR: 2024
LATITUDE: 33 52 N
LONGITUDE: 84 18 W
[TEMPERATURE DATA] [PRECIPITATION DATA] SYMBOLS USED IN COLUMN 16
AVERAGE MONTHLY: 49.9 TOTAL FOR MONTH: 3.86 1 = FOG OR MIST
DPTR FM NORMAL: 3.8 DPTR FM NORMAL: -0.61 2 = FOG REDUCING VISIBILITY
HIGHEST: 74 ON 28 GRTST 24HR 2.59 ON 11-12 TO 1/4 MILE OR LESS
LOWEST: 28 ON 20, 1 3 = THUNDER
SNOW, ICE PELLETS, HAIL 4 = ICE PELLETS
TOTAL MONTH: M 5 = HAIL
GRTST 24HR M ON M 6 = FREEZING RAIN OR DRIZZLE
GRTST DEPTH: M ON M 7 = DUSTSTORM OR SANDSTORM:
VSBY 1/2 MILE OR LESS
8 = SMOKE OR HAZE
[NO. OF DAYS WITH] [WEATHER - DAYS WITH] 9 = BLOWING SNOW
X = TORNADO
MAX 32 OR BELOW: 0 0.01 INCH OR MORE: 8
MAX 90 OR ABOVE: 0 0.10 INCH OR MORE: 5
MIN 32 OR BELOW: 8 0.50 INCH OR MORE: 2
MIN 0 OR BELOW: 0 1.00 INCH OR MORE: 1
[HDD (BASE 65) ]
TOTAL THIS MO. 428 CLEAR (SCALE 0-3) 19
DPTR FM NORMAL -100 PTCLDY (SCALE 4-7) 6
TOTAL FM JUL 1 2171 CLOUDY (SCALE 8-10) 4
DPTR FM NORMAL -277
[CDD (BASE 65) ]
TOTAL THIS MO. 0
DPTR FM NORMAL -1 [PRESSURE DATA]
TOTAL FM JAN 1 1 HIGHEST SLP 30.46 ON 29
DPTR FM NORMAL 0 LOWEST SLP 29.56 ON 23
[REMARKS]
#FINAL-02-24#