000
CXUS56 KPQR 011155
CF6PDX
PRELIMINARY LOCAL CLIMATOLOGICAL DATA (WS FORM: F-6)
STATION: PORTLAND OR
MONTH: APRIL
YEAR: 2021
LATITUDE: 45 35 N
LONGITUDE: 122 36 W
TEMPERATURE IN F: :PCPN: SNOW: WIND :SUNSHINE: SKY :PK WND
================================================================================
1 2 3 4 5 6A 6B 7 8 9 10 11 12 13 14 15 16 17 18
12Z AVG MX 2MIN
DY MAX MIN AVG DEP HDD CDD WTR SNW DPTH SPD SPD DIR MIN PSBL S-S WX SPD DR
================================================================================
1 68 46 57 7 8 0 0.00 0.0 0 6.9 16 320 M M 6 22 320
2 65 40 53 3 12 0 0.00 0.0 0 3.9 10 310 M M 6 12 310
3 70 42 56 6 9 0 0.00 0.0 0 4.6 14 330 M M 7 19 320
4 59 42 51 0 14 0 0.00 0.0 0 9.9 22 310 M M 6 28 300
5 62 36 49 -2 16 0 0.00 0.0 0 5.8 14 270 M M 1 18 320
6 65 38 52 1 13 0 0.00 0.0 0 4.6 12 280 M M 0 14 280
7 52 42 47 -4 18 0 T 0.0 0 7.0 16 200 M M 8 21 210
8 57 41 49 -2 16 0 0.04 0.0 0 7.6 17 270 M M 7 23 280
9 60 35 48 -3 17 0 T 0.0 0 6.3 20 260 M M 4 24 210
10 53 40 47 -4 18 0 0.05 0.0 0 10.4 25 310 M M 6 33 320
11 60 32 46 -5 19 0 0.00 0.0 0 6.6 18 320 M M 1 23 310
12 66 36 51 -1 14 0 0.00 0.0 0 11.0 26 70 M M 2 34 80
13 67 38 53 1 12 0 0.00 0.0 0 10.5 25 120 M M 1 30 110
14 71 45 58 6 7 0 0.00 0.0 0 5.9 15 310 M M 1 17 330
15 76 42 59 7 6 0 0.00 0.0 0 4.6 14 310 M M 1 17 280
16 79 45 62 10 3 0 0.00 0.0 0 7.0 24 100 M M 0 31 100
17 84 45 65 13 0 0 0.00 0.0 0 4.9 10 310 M M 0 13 280
18 83 47 65 13 0 0 0.00 0.0 0 4.1 14 330 M M 1 20 360
19 73 45 59 6 6 0 0.00 0.0 0 8.0 21 80 M M 4 25 70
20 75 45 60 7 5 0 0.00 0.0 0 5.2 15 120 M M 2 20 120
21 78 47 63 10 2 0 0.00 0.0 0 5.0 15 350 M M 3 22 330
22 66 45 56 3 9 0 0.00 0.0 0 4.6 13 160 M M 6 19 340
23 63 47 55 2 10 0 0.00 0.0 0 5.9 13 210 M M 8 17 220
24 56 48 52 -2 13 0 0.17 0.0 0 8.6 21 190 M M 10 26 210
25 62 48 55 1 10 0 0.03 0.0 0 5.4 17 270 M M 9 8 19 270
26 59 46 53 -1 12 0 0.03 0.0 0 4.0 10 310 M M 7 13 260
27 66 43 55 1 10 0 0.00 0.0 0 4.2 13 310 M M 7 16 300
28 72 46 59 5 6 0 0.00 0.0 0 1.8 8 310 M M 6 8 9 300
29 81 49 65 10 0 0 0.00 0.0 0 4.0 18 270 M M 6 25 260
30 70 50 60 5 5 0 0.07 0.0 0 5.4 12 320 M M 8 1 15 320
================================================================================
SM 2018 1291 290 0 0.39 0.0 183.7 M 134
================================================================================
AV 67.3 43.0 6.1 FASTST M M 4 MAX(MPH)
MISC ----> 26 70 34 80
================================================================================
NOTES:
# LAST OF SEVERAL OCCURRENCES
COLUMN 17 PEAK WIND IN M.P.H.
PRELIMINARY LOCAL CLIMATOLOGICAL DATA (WS FORM: F-6) , PAGE 2
STATION: PORTLAND OR
MONTH: APRIL
YEAR: 2021
LATITUDE: 45 35 N
LONGITUDE: 122 36 W
[TEMPERATURE DATA] [PRECIPITATION DATA] SYMBOLS USED IN COLUMN 16
AVERAGE MONTHLY: 55.2 TOTAL FOR MONTH: 0.39 1 = FOG OR MIST
DPTR FM NORMAL: 2.9 DPTR FM NORMAL: -2.34 2 = FOG REDUCING VISIBILITY
HIGHEST: 84 ON 17 GRTST 24HR 0.17 ON 24-24 TO 1/4 MILE OR LESS
LOWEST: 32 ON 11 3 = THUNDER
SNOW, ICE PELLETS, HAIL 4 = ICE PELLETS
TOTAL MONTH: 0.0 INCH 5 = HAIL
GRTST 24HR 0.0 6 = FREEZING RAIN OR DRIZZLE
GRTST DEPTH: 0 7 = DUSTSTORM OR SANDSTORM:
VSBY 1/2 MILE OR LESS
8 = SMOKE OR HAZE
[NO. OF DAYS WITH] [WEATHER - DAYS WITH] 9 = BLOWING SNOW
X = TORNADO
MAX 32 OR BELOW: 0 0.01 INCH OR MORE: 6
MAX 90 OR ABOVE: 0 0.10 INCH OR MORE: 1
MIN 32 OR BELOW: 1 0.50 INCH OR MORE: 0
MIN 0 OR BELOW: 0 1.00 INCH OR MORE: 0
[HDD (BASE 65) ]
TOTAL THIS MO. 290 CLEAR (SCALE 0-3) 12
DPTR FM NORMAL -93 PTCLDY (SCALE 4-7) 14
TOTAL FM JUL 1 3616 CLOUDY (SCALE 8-10) 4
DPTR FM NORMAL -348
[CDD (BASE 65) ]
TOTAL THIS MO. 0
DPTR FM NORMAL -1 [PRESSURE DATA]
TOTAL FM JAN 1 0 HIGHEST SLP 30.38 ON 11
DPTR FM NORMAL -1 LOWEST SLP 29.71 ON 25
[REMARKS]
#FINAL-04-21#