000
CXUS54 KMAF 011110
CF6PEQ
PRELIMINARY LOCAL CLIMATOLOGICAL DATA (WS FORM: F-6)
STATION: PECOS MUNICIPAL AIRPORT
MONTH: APRIL
YEAR: 2023
LATITUDE: 31 22 N
LONGITUDE: 103 31 W
TEMPERATURE IN F: :PCPN: SNOW: WIND :SUNSHINE: SKY :PK WND
================================================================================
1 2 3 4 5 6A 6B 7 8 9 10 11 12 13 14 15 16 17 18
12Z AVG MX 2MIN
DY MAX MIN AVG DEP HDD CDD WTR SNW DPTH SPD SPD DIR MIN PSBL S-S WX SPD DR
================================================================================
1 82 36 59 M 6 0 M M M 5.4 15 110 M M 0 20 90
2 86 46 66 M 0 1 M M M 9.7 30 250 M M 0 38 250
3 91 45 68 M 0 3 M M M 8.8 23 230 M M 0 31 230
4 89 55 72 M 0 7 M M M 14.6 33 260 M M 0 44 240
5 67 38 53 M 12 0 M M M 4.8 22 270 M M 0 29 270
6 71 45 58 M 7 0 M M M 10.1 17 90 M M 0 24 80
7 69 43 56 M 9 0 M M M 3.3 12 70 M M 4 17 70
8 77 42 60 M 5 0 M M M 3.9 14 60 M M 0 21 80
9 82 51 67 M 0 2 M M M 6.4 15 100 M M 0 21 90
10 84 64 74 M 0 9 M M M 3.2 13 70 M M 0 17 110
11 87 51 69 M 0 4 M M M 5.1 14 90 M M 0 20 120
12 90 53 72 M 0 7 M M M 7.3 22 110 M M 0 25 110
13 91 56 74 M 0 9 M M M 5.1 22 110 M M 0 29 110
14 87 55 71 M 0 6 M M M 9.2 22 250 M M 0 31 260
15 83 52 68 M 0 3 M M M 3.9 17 280 M M 0 26 280
16 76 49 63 M 2 0 M M M 10.2 17 60 M M 0 25 60
17 85 53 69 M 0 4 M M M 13.1 26 90 M M 0 35 90
18 91 50 71 M 0 6 M M M 10.5 26 250 M M 0 36 250
19 92 48 70 M 0 5 M M M 7.4 22 240 M M 0 31 240
20 84 56 70 M 0 5 M M M 4.9 15 360 M M 0 25 360
21 80 49 65 M 0 0 M M M 5.1 17 310 M M 0 26 290
22 83 44 64 M 1 0 M M M 9.4 29 50 M M 1 8 35 50
23 54 45 50 M 15 0 M M M 6.8 13 10 M M 10 21 20
24 75 48 62 M 3 0 M M M 7.2 21 90 M M 5 25 90
25 89 45 67 M 0 2 M M M 3.6 14 110 M M 0 1 22 0
26 85 55 70 M 0 5 M M M 9.4 20 290 M M 0 29 0
27 86 43 65 M 0 0 M M M 1.5 9 260 M M 0 30 140
28 71 47 59 M 6 0 M M M 13.4 25 340 M M 2 33 340
29 79 40 60 M 5 0 M M M 2.3 10 280 M M 0 16 350
30 97 42 70 M 0 5 M M M 5.0 17 260 M M 0 25 260
================================================================================
SM 2463 1446 71 83 M M 210.5 M 22
================================================================================
AV 82.1 48.2 7.0 FASTST M M 1 MAX(MPH)
MISC ----> 33 260 44 240
================================================================================
NOTES:
# LAST OF SEVERAL OCCURRENCES
COLUMN 17 PEAK WIND IN M.P.H.
PRELIMINARY LOCAL CLIMATOLOGICAL DATA (WS FORM: F-6) , PAGE 2
STATION: PECOS MUNICIPAL AIRPORT
MONTH: APRIL
YEAR: 2023
LATITUDE: 31 22 N
LONGITUDE: 103 31 W
[TEMPERATURE DATA] [PRECIPITATION DATA] SYMBOLS USED IN COLUMN 16
AVERAGE MONTHLY: 65.2 TOTAL FOR MONTH: M 1 = FOG OR MIST
DPTR FM NORMAL: 0.0 DPTR FM NORMAL: M 2 = FOG REDUCING VISIBILITY
HIGHEST: 97 ON 30 GRTST 24HR M ON M TO 1/4 MILE OR LESS
LOWEST: 36 ON 1 3 = THUNDER
SNOW, ICE PELLETS, HAIL 4 = ICE PELLETS
TOTAL MONTH: M 5 = HAIL
GRTST 24HR M ON M 6 = FREEZING RAIN OR DRIZZLE
GRTST DEPTH: M ON M 7 = DUSTSTORM OR SANDSTORM:
VSBY 1/2 MILE OR LESS
8 = SMOKE OR HAZE
[NO. OF DAYS WITH] [WEATHER - DAYS WITH] 9 = BLOWING SNOW
X = TORNADO
MAX 32 OR BELOW: 0 0.01 INCH OR MORE: 0
MAX 90 OR ABOVE: 6 0.10 INCH OR MORE: 0
MIN 32 OR BELOW: 0 0.50 INCH OR MORE: 0
MIN 0 OR BELOW: 0 1.00 INCH OR MORE: 0
[HDD (BASE 65) ]
TOTAL THIS MO. 71 CLEAR (SCALE 0-3) 27
DPTR FM NORMAL M PTCLDY (SCALE 4-7) 2
TOTAL FM JUL 1 2199 CLOUDY (SCALE 8-10) 1
DPTR FM NORMAL M
[CDD (BASE 65) ]
TOTAL THIS MO. 83
DPTR FM NORMAL M [PRESSURE DATA]
TOTAL FM JAN 1 112 HIGHEST SLP M ON M
DPTR FM NORMAL M LOWEST SLP M ON M
[REMARKS]
#FINAL-04-23#