952
CXUS56 KFGZ 010900
CF6PGA
PRELIMINARY LOCAL CLIMATOLOGICAL DATA (WS FORM: F-6)
STATION: PAGE AZ AIRPORT
MONTH: MAY
YEAR: 2020
LATITUDE: 36 55 N
LONGITUDE: 111 27 W
TEMPERATURE IN F: :PCPN: SNOW: WIND :SUNSHINE: SKY :PK WND
================================================================================
1 2 3 4 5 6A 6B 7 8 9 10 11 12 13 14 15 16 17 18
12Z AVG MX 2MIN
DY MAX MIN AVG DEP HDD CDD WTR SNW DPTH SPD SPD DIR MIN PSBL S-S WX SPD DR
================================================================================
1 92 61 77 14 0 12 0.00 0.0 0 5.8 18 190 M M 0 28 190
2 88 62 75 12 0 10 0.00 M M 7.4 16 200 M M 0 26 210
3 87 59 73 10 0 8 0.00 M M 6.8 21 280 M M 0 31 270
4 82 63 73 9 0 8 0.00 M M 6.7 16 30 M M 0 21 40
5 83 53 68 4 0 3 0.00 0.0 0 3.3 14 20 M M 0 18 20
6 90 56 73 8 0 8 0.00 0.0 0 4.6 16 300 M M 0 27 280
7 89 64 77 12 0 12 0.00 M M 6.7 17 330 M M 0 24 340
8 83 53 68 3 0 3 0.00 M M 2.8 10 10 M M 0 15 280
9 88 58 73 7 0 8 0.00 M M 5.0 15 20 M M 0 19 20
10 86 59 73 7 0 8 T M M 7.1 28 190 M M 1 8 42 190
11 80 63 72 6 0 7 0.16 M M 7.1 17 190 M M 3 25 240
12 84 59 72 5 0 7 0.00 M M 9.6 21 210 M M 0 40 200
13 83 57 70 3 0 5 0.00 M M 6.9 16 280 M M 0 25 280
14 83 58 71 3 0 6 0.00 M M 5.3 12 20 M M 1 20 270
15 84 58 71 3 0 6 0.00 M M 4.4 15 110 M M 0 20 300
16 88 61 75 7 0 10 0.00 M M 4.6 15 20 M M 0 19 50
17 91 63 77 8 0 12 0.00 M M 7.1 15 230 M M 0 23 220
18 90 62 76 7 0 11 0.00 M M 9.2 20 200 M M 0 33 220
19 85 60 73 4 0 8 0.00 M M 13.8 33 180 M M 0 47 180
20 74 52 63 -7 2 0 0.00 M M 7.0 17 320 M M 1 25 320
21 80 50 65 -5 0 0 0.00 M M 4.2 15 10 M M 0 24 20
22 85 54 70 0 0 5 0.00 M M 7.4 21 200 M M 0 29 190
23 80 60 70 -1 0 5 0.00 M M 10.2 21 280 M M 0 31 290
24 77 54 66 -5 0 1 0.00 M M 6.2 17 350 M M 0 8 23 280
25 81 57 69 -2 0 4 0.00 M M 5.2 14 70 M M 0 19 340
26 90 58 74 2 0 9 0.00 M M 3.6 10 20 M M 0 13 340
27 98 65 82 10 0 17 0.00 M M 4.6 20 350 M M 0 28 280
28 101 68 85 13 0 20 0.00 M M 5.1 17 360 M M 0 21 10
29 101 70 86 13 0 21 0.00 M M 4.6 16 170 M M 0 20 160
30 97 75 86 13 0 21 0.06 M M 6.9 40 160 M M 0 8 53 160
31 96 71 84 11 0 19 0.00 0.0 0 9.1 25 160 M M 0 34 170
================================================================================
SM 2696 1863 2 274 0.22 0.0 198.3 M 6
================================================================================
AV 87.0 60.1 6.4 FASTST M M 0 MAX(MPH)
MISC ----> # 40 160 # 53 160
================================================================================
NOTES:
# LAST OF SEVERAL OCCURRENCES
COLUMN 17 PEAK WIND IN M.P.H.
PRELIMINARY LOCAL CLIMATOLOGICAL DATA (WS FORM: F-6) , PAGE 2
STATION: PAGE AZ AIRPORT
MONTH: MAY
YEAR: 2020
LATITUDE: 36 55 N
LONGITUDE: 111 27 W
[TEMPERATURE DATA] [PRECIPITATION DATA] SYMBOLS USED IN COLUMN 16
AVERAGE MONTHLY: 73.5 TOTAL FOR MONTH: 0.22 1 = FOG OR MIST
DPTR FM NORMAL: 5.4 DPTR FM NORMAL: -0.21 2 = FOG REDUCING VISIBILITY
HIGHEST: 101 ON 29,28 GRTST 24HR 0.16 ON 11-11 TO 1/4 MILE OR LESS
LOWEST: 50 ON 21 3 = THUNDER
SNOW, ICE PELLETS, HAIL 4 = ICE PELLETS
TOTAL MONTH: 0.0 INCH 5 = HAIL
GRTST 24HR 0.0 6 = FREEZING RAIN OR DRIZZLE
GRTST DEPTH: 0 7 = DUSTSTORM OR SANDSTORM:
VSBY 1/2 MILE OR LESS
8 = SMOKE OR HAZE
[NO. OF DAYS WITH] [WEATHER - DAYS WITH] 9 = BLOWING SNOW
X = TORNADO
MAX 32 OR BELOW: 0 0.01 INCH OR MORE: 2
MAX 90 OR ABOVE: 10 0.10 INCH OR MORE: 1
MIN 32 OR BELOW: 0 0.50 INCH OR MORE: 0
MIN 0 OR BELOW: 0 1.00 INCH OR MORE: 0
[HDD (BASE 65) ]
TOTAL THIS MO. 2 CLEAR (SCALE 0-3) 31
DPTR FM NORMAL -57 PTCLDY (SCALE 4-7) 0
TOTAL FM JUL 1 3682 CLOUDY (SCALE 8-10) 0
DPTR FM NORMAL -262
[CDD (BASE 65) ]
TOTAL THIS MO. 274
DPTR FM NORMAL 122 [PRESSURE DATA]
TOTAL FM JAN 1 329 HIGHEST SLP M ON M
DPTR FM NORMAL 164 LOWEST SLP 29.72 ON M
[REMARKS]
#FINAL-05-20#