000
CXUS53 KILX 010900
CF6PIA
PRELIMINARY LOCAL CLIMATOLOGICAL DATA (WS FORM: F-6)
STATION: PEORIA IL
MONTH: MAY
YEAR: 2021
LATITUDE: 40 40 N
LONGITUDE: 89 41 W
TEMPERATURE IN F: :PCPN: SNOW: WIND :SUNSHINE: SKY :PK WND
================================================================================
1 2 3 4 5 6A 6B 7 8 9 10 11 12 13 14 15 16 17 18
12Z AVG MX 2MIN
DY MAX MIN AVG DEP HDD CDD WTR SNW DPTH SPD SPD DIR MIN PSBL S-S WX SPD DR
================================================================================
1 83 48 66 8 0 1 0.00 0.0 M 15.9 29 240 M M 1 39 230
2 79 57 68 9 0 3 0.00 0.0 0 13.7 25 200 M M 2 34 180
3 71 59 65 6 0 0 0.41 0.0 0 6.9 15 170 M M 9 1 22 180
4 61 47 54 -6 11 0 0.00 0.0 0 5.0 14 360 M M 6 1 22 360
5 66 47 57 -3 8 0 0.00 0.0 0 3.8 14 70 M M 3 20 70
6 61 49 55 -5 10 0 T 0.0 0 6.2 17 340 M M 7 30 10
7 66 41 54 -6 11 0 T 0.0 0 8.5 20 310 M M 2 33 350
8 60 38 49 -12 16 0 0.73 0.0 0 8.0 23 60 M M 4 1 31 80
9 57 39 48 -13 17 0 1.61 0.0 0 11.5 28 70 M M 7 13 40 50
10 65 37 51 -11 14 0 T 0.0 0 6.7 16 80 M M 5 23 260
11 60 40 50 -12 15 0 0.00 0.0 0 8.1 18 80 M M 3 25 90
12 63 37 50 -12 15 0 0.00 0.0 0 6.3 20 70 M M 0 26 30
13 68 37 53 -9 12 0 0.00 0.0 0 1.7 15 80 M M 1 19 80
14 70 41 56 -7 9 0 0.00 0.0 0 5.0 15 200 M M 1 24 160
15 60 51 56 -7 9 0 0.22 0.0 0 5.6 13 200 M M 10 1 17 190
16 71 52 62 -2 3 0 0.06 0.0 0 4.5 12 160 M M 7 16 140
17 63 59 61 -3 4 0 0.75 0.0 0 8.8 17 100 M M 10 1 23 100
18 67 60 64 0 1 0 1.96 0.0 0 10.6 23 170 M M 10 1 34 170
19 79 65 72 8 0 7 T 0.0 0 11.6 22 180 M M 7 31 180
20 83 69 76 11 0 11 0.00 0.0 0 12.5 23 170 M M 3 31 190
21 82 67 75 10 0 10 0.00 0.0 0 7.8 16 180 M M 3 24 180
22 83 67 75 9 0 10 0.00 0.0 0 6.1 17 230 M M 3 22 230
23 84 66 75 9 0 10 0.00 0.0 0 3.6 13 240 M M 3 18 230
24 87 64 76 10 0 11 0.00 0.0 0 5.0 17 190 M M 1 23 190
25 83 68 76 10 0 11 0.02 0.0 0 11.3 24 220 M M 6 8 33 210
26 84 62 73 6 0 8 T 0.0 0 5.7 17 290 M M 2 25 300
27 76 55 66 -1 0 1 0.22 0.0 0 9.8 20 200 M M 4 13 26 180
28 55 46 51 -17 14 0 0.30 0.0 0 8.1 16 40 M M 10 18 27 30
29 65 42 54 -14 11 0 0.00 0.0 0 7.4 16 50 M M 1 26 80
30 70 41 56 -12 9 0 0.00 0.0 0 1.6 9 180 M M 0 12 170
31 67 53 60 -8 5 0 0.07 0.0 0 2.3 10 190 M M 5 1 14 180
================================================================================
SM 2189 1604 194 83 6.35 0.0 229.6 M 136
================================================================================
AV 70.6 51.7 7.4 FASTST M M 4 MAX(MPH)
MISC ----> 29 240 40 50
================================================================================
NOTES:
# LAST OF SEVERAL OCCURRENCES
COLUMN 17 PEAK WIND IN M.P.H.
PRELIMINARY LOCAL CLIMATOLOGICAL DATA (WS FORM: F-6) , PAGE 2
STATION: PEORIA IL
MONTH: MAY
YEAR: 2021
LATITUDE: 40 40 N
LONGITUDE: 89 41 W
[TEMPERATURE DATA] [PRECIPITATION DATA] SYMBOLS USED IN COLUMN 16
AVERAGE MONTHLY: 61.2 TOTAL FOR MONTH: 6.35 1 = FOG OR MIST
DPTR FM NORMAL: -2.3 DPTR FM NORMAL: 1.66 2 = FOG REDUCING VISIBILITY
HIGHEST: 87 ON 24 GRTST 24HR 2.34 ON 8- 9 TO 1/4 MILE OR LESS
LOWEST: 37 ON 13,12 3 = THUNDER
SNOW, ICE PELLETS, HAIL 4 = ICE PELLETS
TOTAL MONTH: 0.0 INCH 5 = HAIL
GRTST 24HR 0.0 6 = FREEZING RAIN OR DRIZZLE
GRTST DEPTH: 0 7 = DUSTSTORM OR SANDSTORM:
VSBY 1/2 MILE OR LESS
8 = SMOKE OR HAZE
[NO. OF DAYS WITH] [WEATHER - DAYS WITH] 9 = BLOWING SNOW
X = TORNADO
MAX 32 OR BELOW: 0 0.01 INCH OR MORE: 11
MAX 90 OR ABOVE: 0 0.10 INCH OR MORE: 8
MIN 32 OR BELOW: 0 0.50 INCH OR MORE: 4
MIN 0 OR BELOW: 0 1.00 INCH OR MORE: 2
[HDD (BASE 65) ]
TOTAL THIS MO. 194 CLEAR (SCALE 0-3) 15
DPTR FM NORMAL 59 PTCLDY (SCALE 4-7) 11
TOTAL FM JUL 1 5592 CLOUDY (SCALE 8-10) 5
DPTR FM NORMAL -9
[CDD (BASE 65) ]
TOTAL THIS MO. 83
DPTR FM NORMAL -5 [PRESSURE DATA]
TOTAL FM JAN 1 95 HIGHEST SLP 30.50 ON 12
DPTR FM NORMAL -7 LOWEST SLP 29.56 ON 3
[REMARKS]
#FINAL-05-21#