000
CXUS55 KPIH 011206
CF6PIH
PRELIMINARY LOCAL CLIMATOLOGICAL DATA (WS FORM: F-6)
STATION: POCATELLO ID
MONTH: JULY
YEAR: 2020
LATITUDE: 42 55 N
LONGITUDE: 112 36 W
TEMPERATURE IN F: :PCPN: SNOW: WIND :SUNSHINE: SKY :PK WND
================================================================================
1 2 3 4 5 6A 6B 7 8 9 10 11 12 13 14 15 16 17 18
12Z AVG MX 2MIN
DY MAX MIN AVG DEP HDD CDD WTR SNW DPTH SPD SPD DIR MIN PSBL S-S WX SPD DR
================================================================================
1 76 44 60 -7 5 0 T 0.0 0 8.1 24 260 M M 2 30 260
2 80 53 67 0 0 2 T 0.0 0 6.7 29 210 M M 4 3 43 230
3 90 54 72 5 0 7 0.00 0.0 0 6.1 22 180 M M 2 28 170
4 89 48 69 1 0 4 0.00 0.0 0 6.4 14 250 M M 1 18 290
5 87 51 69 1 0 4 0.00 0.0 0 8.1 15 280 M M 1 20 280
6 90 45 68 0 0 3 0.00 0.0 0 4.7 12 320 M M 0 16 300
7 81 52 67 -1 0 2 0.00 0.0 0 17.7 35 250 M M 1 43 240
8 79 50 65 -4 0 0 0.00 0.0 0 11.8 20 240 M M 0 26 260
9 88 45 67 -2 0 2 0.00 0.0 0 5.4 13 260 M M 1 16 260
10 85 51 68 -1 0 3 0.00 0.0 0 13.8 26 230 M M 0 32 240
11 94 46 70 1 0 5 0.00 0.0 0 5.6 12 340 M M 0 16 310
12 89 53 71 1 0 6 0.00 0.0 0 12.5 28 240 M M 0 35 250
13 82 56 69 -1 0 4 0.00 0.0 0 18.0 30 240 M M 0 35 240
14 82 49 66 -4 0 1 0.00 0.0 0 8.8 17 240 M M 0 21 240
15 84 51 68 -2 0 3 0.00 0.0 0 8.0 15 300 M M 0 20 290
16 89 42 66 -4 0 1 0.00 0.0 0 6.5 17 280 M M 0 21 270
17 97 48 73 3 0 8 0.00 0.0 0 8.4 24 240 M M 0 29 240
18 88 59 74 3 0 9 0.00 0.0 0 13.8 23 250 M M 0 28 250
19 89 51 70 -1 0 5 0.00 0.0 0 11.6 22 230 M M 0 29 230
20 90 56 73 2 0 8 0.00 0.0 0 8.8 15 230 M M 0 21 250
21 93 45 69 -2 0 4 0.00 0.0 0 6.4 16 260 M M 0 22 270
22 85 52 69 -2 0 4 T 0.0 0 9.2 21 190 M M 4 8 27 180
23 91 55 73 2 0 8 0.10 0.0 0 6.9 38 250 M M 2 38 50 260
24 88 50 69 -2 0 4 0.00 0.0 0 7.5 25 180 M M 1 32 180
25 91 47 69 -2 0 4 0.00 0.0 0 7.9 20 280 M M 1 8 24 250
26 92 47 70 -1 0 5 0.00 0.0 0 4.3 9 100 M M 0 14 300
27 96 49 73 2 0 8 0.00 0.0 0 5.8 23 250 M M 2 29 240
28 80 57 69 -2 0 4 0.11 0.0 0 8.5 22 130 M M 6 1 29 190
29 90 50 70 -1 0 5 0.00 0.0 0 6.5 24 60 M M 1 31 60
30 97 48 73 2 0 8 0.00 0.0 0 6.5 14 30 M M 1 21 360
31 104 56 80 9 0 15 0.00 0.0 0 8.8 26 120 M M 1 35 120
================================================================================
SM 2736 1560 5 146 0.21 0.0 269.1 M 31
================================================================================
AV 88.3 50.3 8.7 FASTST M M 1 MAX(MPH)
MISC ----> # 38 250 # 50 260
================================================================================
NOTES:
# LAST OF SEVERAL OCCURRENCES
SNOWFALL/DEPTH ALWAYS AUGMENTED BY WFO POCATELLO
COLUMN 17 PEAK WIND IN M.P.H.
PRELIMINARY LOCAL CLIMATOLOGICAL DATA (WS FORM: F-6) , PAGE 2
STATION: POCATELLO ID
MONTH: JULY
YEAR: 2020
LATITUDE: 42 55 N
LONGITUDE: 112 36 W
[TEMPERATURE DATA] [PRECIPITATION DATA] SYMBOLS USED IN COLUMN 16
AVERAGE MONTHLY: 69.3 TOTAL FOR MONTH: 0.21 1 = FOG OR MIST
DPTR FM NORMAL: -0.6 DPTR FM NORMAL: -0.43 2 = FOG REDUCING VISIBILITY
HIGHEST: 104 ON 31 GRTST 24HR 0.11 ON 28-28 TO 1/4 MILE OR LESS
LOWEST: 42 ON 16 3 = THUNDER
SNOW, ICE PELLETS, HAIL 4 = ICE PELLETS
TOTAL MONTH: 0.0 INCH 5 = HAIL
GRTST 24HR 0.0 6 = FREEZING RAIN OR DRIZZLE
GRTST DEPTH: 0 7 = DUSTSTORM OR SANDSTORM:
VSBY 1/2 MILE OR LESS
8 = SMOKE OR HAZE
[NO. OF DAYS WITH] [WEATHER - DAYS WITH] 9 = BLOWING SNOW
X = TORNADO
MAX 32 OR BELOW: 0 0.01 INCH OR MORE: 2
MAX 90 OR ABOVE: 13 0.10 INCH OR MORE: 2
MIN 32 OR BELOW: 0 0.50 INCH OR MORE: 0
MIN 0 OR BELOW: 0 1.00 INCH OR MORE: 0
[HDD (BASE 65) ]
TOTAL THIS MO. 5 CLEAR (SCALE 0-3) 28
DPTR FM NORMAL -15 PTCLDY (SCALE 4-7) 3
TOTAL FM JUL 1 5 CLOUDY (SCALE 8-10) 0
DPTR FM NORMAL -15
[CDD (BASE 65) ]
TOTAL THIS MO. 146
DPTR FM NORMAL -26 [PRESSURE DATA]
TOTAL FM JAN 1 224 HIGHEST SLP 30.14 ON 11
DPTR FM NORMAL 1 LOWEST SLP 25.52 ON 31
[REMARKS]
31ST: HIGH OF 104 BREAKS OLD RECORD OF 103 SET IN 2000 AND
TIES ALL TIME RECORD SET IN 2000, 1990, AND 1969.
#FINAL-07-20#