000
CXUS54 KBRO 010800
CF6PIL
PRELIMINARY LOCAL CLIMATOLOGICAL DATA (WS FORM: F-6)
STATION: BAYVIEW
MONTH: AUGUST
YEAR: 2021
LATITUDE: 26 10 N
LONGITUDE: 97 20 W
TEMPERATURE IN F: :PCPN: SNOW: WIND :SUNSHINE: SKY :PK WND
================================================================================
1 2 3 4 5 6A 6B 7 8 9 10 11 12 13 14 15 16 17 18
12Z AVG MX 2MIN
DY MAX MIN AVG DEP HDD CDD WTR SNW DPTH SPD SPD DIR MIN PSBL S-S WX SPD DR
================================================================================
1 93 79 86 0 0 21 M 0.0 0 11.0 24 130 M M 1 18 33 150
2 94 79 87 1 0 22 M 0.0 0 11.0 21 130 M M 1 32 130
3 96 79 88 2 0 23 M 0.0 0 7.3 21 150 M M 1 1 29 160
4 93 79 86 0 0 21 0.00 0.0 0 8.1 20 130 M M 1 1 26 120
5 93 79 86 0 0 21 T 0.0 0 8.7 20 100 M M 1 3 25 110
6 91 77 84 -2 0 19 0.07 0.0 0 8.7 21 100 M M 1 138 28 90
7 93 77 85 -1 0 20 0.00 0.0 0 12.2 22 160 M M 1 1 30 140
8 93 80 87 1 0 22 0.01 0.0 0 14.9 26 160 M M 2 37 150
9 93 80 87 1 0 22 0.00 0.0 0 14.7 25 130 M M 1 34 140
10 93 79 86 0 0 21 0.00 0.0 0 13.0 22 140 M M 2 29 140
11 92 78 85 -1 0 20 0.00 0.0 0 10.9 22 110 M M 1 28 130
12 91 78 85 -1 0 20 0.03 0.0 0 10.3 21 120 M M 1 26 130
13 92 78 85 -1 0 20 0.00 0.0 0 10.5 21 100 M M 0 27 100
14 91 77 84 -2 0 19 0.00 0.0 0 6.8 15 100 M M 0 1 21 100
15 91 76 84 -2 0 19 0.00 0.0 0 8.0 17 90 M M 1 24 60
16 91 76 84 -2 0 19 0.00 0.0 0 7.9 17 110 M M 1 24 90
17 94 79 87 1 0 22 0.00 0.0 0 11.5 22 130 M M 1 30 130
18 96 83 90 4 0 25 T 0.0 0 16.0 26 160 M M 1 8 41 150
19 94 82 88 3 0 23 0.00 0.0 0 14.1 23 130 M M 1 31 120
20 93 80 87 2 0 22 0.00 0.0 0 11.8 20 110 M M 2 27 80
21 93 78 86 1 0 21 0.59 0.0 0 10.3 26 140 M M 3 138 35 140
22 91 76 84 -1 0 19 0.00 0.0 0 7.9 16 100 M M 2 23 110
23 92 75 84 -1 0 19 0.00 0.0 0 10.0 20 110 M M 1 26 120
24 92 76 84 -1 0 19 0.00 0.0 0 9.8 20 110 M M 1 26 120
25 92 79 86 1 0 21 0.00 0.0 0 9.1 20 100 M M 1 3 26 120
26 91 77 84 -1 0 19 0.00 0.0 0 7.0 16 90 M M 1 22 70
27 90 76 83 -2 0 18 0.00 0.0 0 7.6 18 80 M M 1 25 90
28 91 76 84 -1 0 19 0.00 0.0 0 6.9 17 120 M M 0 24 120
29 92 77 85 0 0 20 0.00 0.0 0 7.4 18 110 M M 1 24 100
30 93 74 84 0 0 19 0.00 0.0 0 9.0 20 140 M M 0 1 27 140
31 96 77 87 3 0 22 T 0.0 M 11.6 24 130 M M 1 18 30 130
================================================================================
SM 2870 2416 0 637 0.70 0.0 314.0 M 33
================================================================================
AV 92.6 77.9 10.1 FASTST M M 1 MAX(MPH)
MISC ----> # 26 160 41 150
================================================================================
NOTES:
# LAST OF SEVERAL OCCURRENCES
COLUMN 17 PEAK WIND IN M.P.H.
PRELIMINARY LOCAL CLIMATOLOGICAL DATA (WS FORM: F-6) , PAGE 2
STATION: BAYVIEW
MONTH: AUGUST
YEAR: 2021
LATITUDE: 26 10 N
LONGITUDE: 97 20 W
[TEMPERATURE DATA] [PRECIPITATION DATA] SYMBOLS USED IN COLUMN 16
AVERAGE MONTHLY: 85.3 TOTAL FOR MONTH: 0.70 1 = FOG OR MIST
DPTR FM NORMAL: -0.1 DPTR FM NORMAL: -0.63 2 = FOG REDUCING VISIBILITY
HIGHEST: 96 ON 31,18 GRTST 24HR 0.59 ON 21-22 TO 1/4 MILE OR LESS
LOWEST: 74 ON 30 3 = THUNDER
SNOW, ICE PELLETS, HAIL 4 = ICE PELLETS
TOTAL MONTH: 0.0 INCH 5 = HAIL
GRTST 24HR 0.0 6 = FREEZING RAIN OR DRIZZLE
GRTST DEPTH: 0 7 = DUSTSTORM OR SANDSTORM:
VSBY 1/2 MILE OR LESS
8 = SMOKE OR HAZE
[NO. OF DAYS WITH] [WEATHER - DAYS WITH] 9 = BLOWING SNOW
X = TORNADO
MAX 32 OR BELOW: 0 0.01 INCH OR MORE: 4
MAX 90 OR ABOVE: 31 0.10 INCH OR MORE: 1
MIN 32 OR BELOW: 0 0.50 INCH OR MORE: 1
MIN 0 OR BELOW: 0 1.00 INCH OR MORE: 0
[HDD (BASE 65) ]
TOTAL THIS MO. 0 CLEAR (SCALE 0-3) 31
DPTR FM NORMAL 0 PTCLDY (SCALE 4-7) 0
TOTAL FM JUL 1 0 CLOUDY (SCALE 8-10) 0
DPTR FM NORMAL 0
[CDD (BASE 65) ]
TOTAL THIS MO. 637
DPTR FM NORMAL 5 [PRESSURE DATA]
TOTAL FM JAN 1 2804 HIGHEST SLP M ON M
DPTR FM NORMAL -166 LOWEST SLP 29.71 ON 31
[REMARKS]
#FINAL-08-21#